-- https://www.phpmyadmin.net/
--
-- Client :  localhost:3306
-- Généré le :  Lun 17 Mai 2021 à 20:20
-- Version du serveur :  10.1.48-MariaDB-0+deb9u2
-- Version de PHP :  7.3.27-9+0~20210227.82+debian9~1.gbpa4a3d6




--
-- Base de données :  `croismentsa_db`
--

-- --------------------------------------------------------

--
-- Structure de la table `affectation`
--

CREATE TABLE `affectation` (
  `id` bigint(20) NOT NULL,
  `type` int(1) DEFAULT NULL,
  `postegarde` bigint(20) DEFAULT NULL,
  `zone` bigint(20) DEFAULT NULL,
  `date` varchar(100) DEFAULT NULL,
  `commentaire` text
) ENGINE=InnoDB DEFAULT CHARSET=latin1;

-- --------------------------------------------------------

--
-- Structure de la table `affectation_agent`
--

CREATE TABLE `affectation_agent` (
  `id` bigint(20) NOT NULL,
  `affectation` bigint(20) NOT NULL,
  `agent` bigint(20) NOT NULL,
  `libelle` varchar(255) DEFAULT NULL
) ENGINE=InnoDB DEFAULT CHARSET=latin1;

-- --------------------------------------------------------

--
-- Structure de la table `affectation_responsable`
--

CREATE TABLE `affectation_responsable` (
  `id` bigint(20) NOT NULL,
  `affectation` bigint(20) NOT NULL,
  `agent` bigint(20) NOT NULL
) ENGINE=InnoDB DEFAULT CHARSET=latin1;

-- --------------------------------------------------------

--
-- Structure de la table `affectation_site`
--

CREATE TABLE `affectation_site` (
  `id` bigint(20) NOT NULL,
  `affectation` bigint(20) NOT NULL,
  `site` bigint(20) NOT NULL,
  `libelle` varchar(255) DEFAULT NULL
) ENGINE=InnoDB DEFAULT CHARSET=latin1;

-- --------------------------------------------------------

--
-- Structure de la table `agent`
--

CREATE TABLE `agent` (
  `id` bigint(20) NOT NULL,
  `postegarde` bigint(20) NOT NULL,
  `grade` bigint(20) NOT NULL,
  `nom` varchar(255) NOT NULL,
  `matricule` varchar(100) NOT NULL,
  `prefixematricule` varchar(10) NOT NULL DEFAULT 'BBS03',
  `prenoms` varchar(255) NOT NULL,
  `salairefixe` varchar(100) DEFAULT NULL,
  `primes` varchar(100) DEFAULT NULL,
  `charge` double NOT NULL,
  `cotisation` double DEFAULT '0',
  `numeroemploye` varchar(50) DEFAULT NULL,
  `typesalairie` int(1) DEFAULT '0',
  `datenaissance` date DEFAULT NULL,
  `photo` varchar(255) DEFAULT NULL,
  `lieunaissance` varchar(100) DEFAULT NULL,
  `nationalite` varchar(100) DEFAULT NULL,
  `referencecarteidentite` varchar(100) DEFAULT NULL,
  `dateetablissementcarteidentite` date DEFAULT NULL,
  `telephone` varchar(100) DEFAULT NULL,
  `portable` varchar(100) DEFAULT NULL,
  `email` varchar(100) DEFAULT NULL,
  `dateexpirationcarteidentite` date DEFAULT NULL,
  `datedebutcontrat` date DEFAULT NULL,
  `datefincontrat` date DEFAULT NULL,
  `datefintraitementsalarial` date DEFAULT NULL,
  `lieuetablissementcarteidentite` varchar(100) DEFAULT NULL,
  `autoriteetablissementcarteidentite` varchar(100) DEFAULT NULL,
  `notes` text,
  `niveauetude` varchar(100) DEFAULT NULL,
  `dernierdiplome` varchar(100) DEFAULT NULL,
  `anneeobtentiondiplome` varchar(100) DEFAULT NULL,
  `lieuobtentiondiplome` varchar(100) DEFAULT NULL,
  `datecreation` date DEFAULT NULL,
  `documentidentite` int(11) DEFAULT NULL,
  `adresse` text,
  `sexe` int(11) DEFAULT NULL,
  `actif` int(1) NOT NULL DEFAULT '1',
  `anpe` double NOT NULL DEFAULT '0',
  `nomprenomspere` varchar(150) DEFAULT NULL,
  `nomprenomsmere` varchar(150) DEFAULT NULL,
  `situationmatrimoniale` varchar(50) DEFAULT NULL,
  `referencesextraitnais` varchar(50) DEFAULT NULL,
  `referencescasierjudiciaire` varchar(50) DEFAULT NULL,
  `referencesenquetemoralite` varchar(50) DEFAULT NULL,
  `referencespromotion` varchar(50) DEFAULT NULL,
  `nompersonneaprevenir1` varchar(150) DEFAULT NULL,
  `telpersonneaprevenir1` varchar(50) DEFAULT NULL,
  `nompersonneaprevenir2` varchar(150) DEFAULT NULL,
  `telpersonneaprevenir2` varchar(50) DEFAULT NULL,
  `formecontrat` varchar(50) DEFAULT 'ESSAI',
  `autreprime` double DEFAULT '0',
  `banque` bigint(20) DEFAULT NULL,
  `codeguichet` varchar(150) DEFAULT NULL,
  `comptebancaire` varchar(150) DEFAULT NULL,
  `modepaiement` varchar(50) DEFAULT NULL
) ENGINE=InnoDB DEFAULT CHARSET=latin1;

--
-- Contenu de la table `agent`
--

INSERT INTO `agent` (`id`, `postegarde`, `grade`, `nom`, `matricule`, `prefixematricule`, `prenoms`, `salairefixe`, `primes`, `charge`, `cotisation`, `numeroemploye`, `typesalairie`, `datenaissance`, `photo`, `lieunaissance`, `nationalite`, `referencecarteidentite`, `dateetablissementcarteidentite`, `telephone`, `portable`, `email`, `dateexpirationcarteidentite`, `datedebutcontrat`, `datefincontrat`, `datefintraitementsalarial`, `lieuetablissementcarteidentite`, `autoriteetablissementcarteidentite`, `notes`, `niveauetude`, `dernierdiplome`, `anneeobtentiondiplome`, `lieuobtentiondiplome`, `datecreation`, `documentidentite`, `adresse`, `sexe`, `actif`, `anpe`, `nomprenomspere`, `nomprenomsmere`, `situationmatrimoniale`, `referencesextraitnais`, `referencescasierjudiciaire`, `referencesenquetemoralite`, `referencespromotion`, `nompersonneaprevenir1`, `telpersonneaprevenir1`, `nompersonneaprevenir2`, `telpersonneaprevenir2`, `formecontrat`, `autreprime`, `banque`, `codeguichet`, `comptebancaire`, `modepaiement`) VALUES
(3421, 1507, 1, 'NAMBOKENINA', 'CS01-00001', 'CS01', 'Japhet Ben Oni', '34000', NULL, 2, 0, '', 1, '1996-04-22', '', 'Begoua', '1', '', NULL, '', '72 65 42 96', '', NULL, '2021-03-22', NULL, NULL, '', '', '', 'BAC+3', '5', '2019', 'Bangui', '2021-04-28', 1, 'Quartier Kaimba', 1, 1, 0, 'NAMBOKENINA Louis Patrick', 'TOUADANGA Helene', 'CELIBATAIRE', '', '', '', '2021', '', '', '', '', 'ESSAI', 0, 17, '', '', 'VIREMENT'),
(3423, 1510, 1, 'MANDIGBOU', 'CS01-00002', 'CS01', 'PARFAIT DIEU-BENI', '34000', NULL, 3, 0, '', 0, '1989-12-05', '', 'BANGUI', '1', '', NULL, '+236 72297020', '+236 75441935', '', NULL, '2021-04-28', NULL, NULL, '', '', '', 'Seconde', '2', '', '', '2021-04-28', 1, 'Ouango, 7e arrondissement', 1, 1, 0, 'MANDIGBOU Maurice', 'DOUCHEMO Alphonsine', 'CELIBATAIRE', '', '', '', '2019', 'ZONAITA Alphonse', '+236 75203120', '', '', 'CDD', 0, 17, '', '', 'VIREMENT'),
(3425, 1503, 1, 'MBANDAKETTE', 'CS01-00003', 'CS01', 'Agneau Claude', '34000', NULL, 10, 0, '', 0, '1973-11-17', '', 'Bangui', '6', '1117301002121028', NULL, '+236 72729156', '+236 75753906', 'agneauclaudembandakette@gmail.com', NULL, '2018-05-31', NULL, NULL, 'Bangui/RCA', 'Bangui/RCA', '', 'Terminal', '3', '', '', '2021-04-28', 1, 'Ouango, 7e arrondissemnt', 1, 1, 0, 'MBANDAKETTE', 'SIAKA Catherine', 'CELIBATAIRE', '', '', '', '', '', '', '', '', 'CDD', 0, 17, '', '', 'VIREMENT'),
(3426, 1510, 1, 'LIMBONZO', 'CS01-00004', 'CS01', 'Jean Maurice', '34000', NULL, 6, 0, '', 0, '1976-06-16', '', 'BANGUI', '1', '', NULL, '+236 72428408', '+236 75179691', '', NULL, '2021-04-28', NULL, NULL, '', '', '', '6e', '1', '', '', '2021-04-28', 1, 'Guitangola', 1, 1, 0, 'LIMBONZO BERNARD', 'YABONDO CLEMENCE', 'MARIE(E)', '', '', '', '2019', 'LIMBONZO NATACHA', '+236 75133197', '', '', 'CDD', 0, 17, '', '', 'VIREMENT'),
(3427, 1503, 1, 'KOTANGBA LAKOSSO', 'CS01-00005', 'CS01', 'Cynthia Nenette', '34000', NULL, 3, 0, '', 0, '1986-06-24', '', 'Bangui', '6', '', NULL, '+236 72115765', '+236 75623173', '', NULL, '2017-07-30', NULL, NULL, '', '', '', 'Seconde', '2', '', '', '2021-04-29', 1, 'Ouango', 2, 1, 0, 'KOTANGBA Henri', 'YAMIANGO Françoise', 'CELIBATAIRE', '', '', '', '', 'KONTAGBA Henri', '+236 75508307', '', '', 'CDD', 0, 17, '', '', 'VIREMENT'),
(3428, 1695, 1, 'GBADA MBALANGA', 'CS01-00006', 'CS01', 'Nadege Rose', '34000', NULL, 4, 0, '', 0, '1988-07-24', '', 'Bangui', '6', '2078801001766050', NULL, '+236 72486904', '+236 75434389', '', NULL, '2017-07-30', NULL, NULL, 'Bangui/ RCA', 'Bangui/ RCA', '', 'Terminale ', '2', '', '', '2021-04-29', 1, 'Fatima 6e arrondissement', 2, 1, 0, 'GBADA Justin', 'KPABOU Angeline', 'CELIBATAIRE', '', '', '', '', 'GBADA Hermelland', '+236 75036308', '', '', 'CDD', 0, 17, '', '', 'VIREMENT'),
(3429, 1503, 1, 'MAMOKO', 'CS01-00007', 'CS01', 'Parfait', '34000', NULL, 0, 0, '', 0, '1994-01-01', '', 'MBAIKI', '6', '', NULL, '', '+236 75566090', '', NULL, '2017-07-27', NULL, NULL, '', '', '', 'CM1', '0', '', '', '2021-04-29', 1, 'Catin 6e arrondissement', 2, 1, 0, 'MAMOKO Jacques', 'TOMBOLO Marie Christine', 'CELIBATAIRE', '', '', '', '', 'MAMOKO Wilfried', '+236 75100408', '', '', 'CDD', 0, 17, '', '', 'VIREMENT'),
(3430, 1510, 1, 'LEMBE', 'CS01-00008', 'CS01', 'STANISLAS DEROUX', '34000', NULL, 0, 0, '', 1, '1994-11-07', '', 'Baoro', '1', '', NULL, '', '+236 72313593', 'derouxstanislaslembe@gmail.com', NULL, '2020-12-07', NULL, NULL, '', '', '', '3e annee', '5', '', '', '2021-04-29', 4, 'Galabadja 3', 1, 1, 0, 'LEMBE PATRIO', 'LEMBE JEANNINE', 'CELIBATAIRE', '', '', '', '', 'LEMBE S. BERTIN', '+236 72333365', '', '', 'CDD', 0, 17, '', '', 'VIREMENT'),
(3431, 1510, 1, 'DEGALO OBAWA', 'CS01-00009', 'CS01', 'SAINT CYR TRESOR', '34000', NULL, 4, 0, '', 0, '1992-07-12', '', 'BANGUI', '1', '', NULL, '+236 72375913', '+236 75057383', '', NULL, '2020-02-06', NULL, NULL, '', '', '', '1ere', '2', '', '', '2021-04-29', 4, '92 LOGEMENT', 1, 1, 0, 'DEGALO', 'DONDONOU', 'CELIBATAIRE', '', '', '', '', '', '+236 75057383', '', '', 'CDD', 0, 17, '', '', 'VIREMENT'),
(3432, 1503, 1, 'KOYANGOUALO', 'CS01-00010', 'CS01', 'Junior Fiacre', '34000', NULL, 3, 0, '', 0, '1991-08-29', '', 'Bangui', '6', '000174661', NULL, '+236 72419452', '+236 75246811', '', NULL, '2017-12-31', NULL, NULL, 'Bangui', 'Bangui', '', '6e', '1', '', '', '2021-04-29', 1, '', 1, 1, 0, 'KOYANGOALO Pierre', 'KOH Blandine', 'CELIBATAIRE', '', '', '', '', 'KOYANGOUALO Pierre', '+236 75055016', '', '', 'CDD', 0, 17, '', '', 'VIREMENT'),
(3433, 1615, 1, 'GBIABA TE LENZO', 'CS01-00011', 'CS01', 'Junior Louis Francis', '34000', NULL, 5, 0, '', 0, '1999-11-23', '', 'Bangui', '6', '', NULL, '+236 70091199', '+236 75568115', '', NULL, '2020-02-06', NULL, NULL, '', '', '', '1ere annee en logistique et transport', '3', '', '', '2021-04-29', 1, 'Kpetene, 6e arrondissement', 1, 1, 0, 'GBIABA Michel', 'HENGO Suzanne', 'CELIBATAIRE', '', '', '', '', 'KILA José', '+236 75130023', '', '', 'CDD', 0, 17, '', '', 'VIREMENT'),
(3434, 1503, 1, 'BOKALI', 'CS01-00012', 'CS01', 'Pepin', '34000', NULL, 9, 0, '', 0, '1969-06-03', '', 'Bangui', '6', '', NULL, '+236 72645248', '+236 75707179', '', NULL, '2019-06-05', NULL, NULL, '', '', '', '3e', '2', '', '', '2021-04-29', 1, 'Ouango 7e arrondissement', 1, 1, 0, 'BAKALI Casimir', 'WEÏ KETTE Therese', 'CELIBATAIRE', '', '', '', '', 'YANGUE Pascaline', '+236 75216274', '', '', 'CDD', 0, 17, '', '', 'VIREMENT'),
(3435, 1503, 1, 'KOSSIMBA SIMISSI', 'CS01-00013', 'CS01', 'Baudouin', '34000', NULL, 6, 0, '', 0, '1985-11-20', '', 'Bangui', '6', '4988', NULL, '+236 72233383', '+236 75543283', '', NULL, '2019-06-16', NULL, NULL, 'Bangui/RCA', 'Bangui/RCA', '', '3e ANNEE', '5', '', '', '2021-04-29', 4, 'Kpetene 6e arrondissement', 1, 1, 0, 'SIMISSI Joseph', 'KAIMBA Clemence', 'MARIE(E)', '', '', '', '', 'NEKOTALA Augustin', '+236 75383968', '', '', 'CDD', 0, 17, '', '', 'VIREMENT'),
(3436, 1510, 1, 'KOYAMGBATI', 'CS01-00014', 'CS01', 'GOALBERT', '34000', NULL, 8, 0, '', 0, '1968-01-19', '', 'BANGUI', '1', '', NULL, '', '+236 75333585', '', NULL, '2017-07-30', NULL, NULL, '', '', '', '', NULL, '', '', '2021-04-29', 4, '7e arrondissement', 1, 1, 0, 'KASSA JOCK', 'VOMI SECILLE', 'CELIBATAIRE', '', '', '', '', 'KOYAMGBATI', '', '', '', 'CDD', 0, 17, '', '', 'VIREMENT'),
(3437, 1614, 1, 'MOUSSA GAZAYO', 'CS01-00015', 'CS01', 'Emmanuel', '34000', NULL, 2, 0, '', 0, '1999-12-25', '', 'Bangui', '6', '', NULL, '+236 72217389', '+236 75493149', 'emoussa@org.com', NULL, '2017-07-31', NULL, NULL, '', '', '', 'TERMINALE', '3', '', '', '2021-04-29', 1, 'Galabadjia, 8e arrondissement', 1, 1, 0, 'MOUSSA Antoine', 'NGAMADJI Rachel', 'CELIBATAIRE', '', '', '', '', '%OUSSA Stella', '+236 75106065 / 72334481', '', '', 'CDD', 0, 17, '', '', 'VIREMENT'),
(3438, 1614, 1, 'KELLO TI NVENI', 'CS01-00016', 'CS01', 'Jose Benedict Gabriel', '34000', NULL, 2, 0, '', 0, '1999-10-24', '', 'Mbata', '6', '', NULL, '+236 72026064', '+236 75302168', '', NULL, '2020-11-23', NULL, NULL, '', '', '', '2e annee', '3', '', '', '2021-04-29', 1, 'Kpetene', 1, 1, 0, 'KELLO Gabriel', 'NZALOMBO Florence', 'CELIBATAIRE', '', '', '', '', 'KELLO Rebbeca', '+236 75511695', '', '', 'CDD', 0, 17, '', '', 'VIREMENT'),
(3439, 1614, 1, 'BISSELKE', 'CS01-00017', 'CS01', 'Rufin Roland', '34000', NULL, 1, 0, '', 0, '1993-08-13', '', 'Bozoum', '6', '705895864592604', NULL, '', '+236 72205741', '', NULL, '2018-07-31', NULL, NULL, 'Bangui', 'Bangui', '', 'Terminale', '3', '', '', '2021-04-29', 1, 'Galabadjia', 1, 1, 0, 'BISELKE Alexis', 'MBANZARITOU Egenie', 'CELIBATAIRE', '', '', '', '', 'PEOU Jean', '+236 75016986', '', '', 'CDD', 0, 17, '', '', 'VIREMENT'),
(3440, 1695, 1, 'NGOUADE', 'CS01-00018', 'CS01', 'Sulamite La Reine', '34000', NULL, 4, 0, '', 0, '1992-09-24', '', 'Bangui', '6', '000175299', NULL, '+236 75947882', '+236072016262', '', NULL, '2017-08-01', NULL, NULL, '', '', '', 'Seconde', '2', '', '', '2021-04-29', 1, 'Saidou, 2e arrondissement', 2, 1, 0, 'NGOUANDE Joseph', 'NGOUADE Josephine', 'CELIBATAIRE', '', '', '', '', 'NGOUAD BABA Rufin', '+236 75508227', '', '', 'CDD', 0, 17, '', '', 'VIREMENT'),
(3441, 113, 1, 'LAVOU', 'CS01-00019', 'CS01', 'EZECKIEL', '34000', NULL, 3, 0, '', 0, '1996-11-09', '', 'BANGUI', '6', '', NULL, '', '75783915', '', NULL, '2021-07-29', NULL, NULL, '', '', '', '', '2', '', '', '2021-04-29', 4, 'OUANGO', 1, 1, 0, 'LAVOU CASIMIR', 'YAMENE PHILOMENE', 'CELIBATAIRE', '', '', '', '', 'LAVOU EZECKIEL', '', '', '', 'CDD', 0, 17, '', '', 'VIREMENT'),
(3442, 1695, 1, 'GREKOÏ', 'CS01-00020', 'CS01', 'Teddy', '34000', NULL, 3, 0, '', 0, '1990-10-11', '', 'Bangui', '6', '0126948202269150', NULL, '+236 75612441', '+236 75062086', '', NULL, '2017-07-31', NULL, NULL, 'Bangui / RCA', 'Bangui / RCA', '', '1ere annee', '3', '', '', '2021-04-29', 1, 'Ngaragba,7e arrondissement', 1, 1, 0, 'GRAKOÏ Antoine', 'MONGBETENE Henriette', 'CELIBATAIRE', '01045', '', '', '', 'GREKOÏ Liliane', '+236 75370135 / 75011747', '', '', 'CDD', 0, 17, '', '', 'VIREMENT'),
(3443, 1614, 1, 'ZAMNET', 'CS01-00021', 'CS01', 'Gerry Michael', '34000', NULL, 2, 0, '', 0, '1992-09-09', '', 'Bangui', '6', '106695687327239', NULL, '', '+236 72652730', '', NULL, '2017-12-01', NULL, NULL, 'Bangui/RCA', 'Bangui/RCA', '', '1ere', '2', '', '', '2021-04-29', 1, 'Guitangola, Source', 1, 1, 0, 'ZAMNET Ethienne', 'NGUELE Margueritte', 'CELIBATAIRE', '', '', '', '', 'ZAMNET Christelle', '+236 72532260', '', '', 'CDD', 0, 17, '', '', 'VIREMENT'),
(3444, 1614, 1, 'VOYEMAWA', 'CS01-00022', 'CS01', 'Scholastique', '34000', NULL, 3, 0, '', 0, '1994-11-17', '', 'Bangui', '6', '101794903642350', NULL, '', '+236 72123479', '', NULL, '2017-07-31', NULL, NULL, 'Bangui/RCA', 'Bangui/RCA', '', '1ere', '2', '', '', '2021-04-29', 1, 'Bimbo', 2, 1, 0, 'MAKOLO MOSSO JP', 'BEKOUA Valencia', 'CELIBATAIRE', '', '', '', '', 'BEKOUA Valencia', '+236 72591551', '', '', 'CDD', 0, 17, '', '', 'VIREMENT'),
(3445, 1614, 1, 'DENAMGUERE', 'CS01-00023', 'CS01', 'Constance', '34000', NULL, 5, 0, '', 0, '1989-07-26', '', 'Bangui', '1', '', NULL, '+236 75274082', '+236 72767903', '', NULL, '2017-07-31', NULL, NULL, '', '', '', 'Seconde', '2', '', '', '2021-05-01', 1, 'Mandaba', 2, 1, 0, 'YASSIKOUSSOU Michael', 'YASSIKOUSSOU Catherine ', 'CELIBATAIRE', '', '', '', '', 'HARNOUNE Awa', '+236 75274082', '', '', 'CDD', 0, 17, '', '', 'VIREMENT'),
(3446, 1695, 1, 'MBAYA', 'CS01-00024', 'CS01', 'Sandrine', '34000', NULL, 3, 0, '', 0, '1990-12-25', '', 'Bangui', '1', '', NULL, '', '+236 72060020', '', NULL, '2018-06-15', NULL, NULL, '', '', '', 'Premiere annee', '3', '', '', '2021-05-01', 1, 'Ouango, 7e arrondissement ', 2, 1, 0, 'MBAYA Patrice', 'YANGBA Annastasie', 'CELIBATAIRE', '', '', '', '', 'NAMBATE Jean Pierre', '+236 75616662', '', '', 'CDD', 0, 17, '', '', 'VIREMENT'),
(3447, 1614, 1, 'KOHOTE-LINET ', 'CS01-00025', 'CS01', 'Annita', '34000', NULL, 1, 0, '', 0, '1990-03-12', '', 'Bangui', '1', '', NULL, '+236 72729477', '+236 75186635', '', NULL, '2019-08-18', NULL, NULL, '', '', '', 'Seconde', '3', '', '', '2021-05-01', 1, 'Gbakongja', 2, 1, 0, 'KOHOTE-LINET Jean de Dieu', 'GBAMODO Brigitte', 'CELIBATAIRE', '', '', '', '', 'KOHOTE-LINET Jean de Dieu ', '+236 75441915', '', '', 'CDD', 0, 17, '', '', 'VIREMENT'),
(3448, 1614, 1, 'KASSA', 'CS01-00026', 'CS01', 'Clement', '34000', NULL, 4, 0, '', 0, '1987-07-13', '', 'Bangui', '1', '', NULL, '+236 75707718', '+236 72031706', '', NULL, '2017-07-31', NULL, NULL, '', '', '', 'Seconde', '2', '', '', '2021-05-01', 1, 'Sapeke 1', 1, 1, 0, 'BANGA G. Jean', 'YANGANAOWE Celestine ', 'CELIBATAIRE', '', '', '', '', 'BANGA G Jean', '+236 75766621 / 72227464', '', '', 'CDD', 0, 17, '', '', 'VIREMENT'),
(3449, 1614, 1, 'KONDOUANGA', 'CS01-00027', 'CS01', 'Francois', '34000', NULL, 6, 0, '', 0, '1981-12-22', '', 'Bangui', '1', '', NULL, '', '+236 75320984', '', NULL, '2021-03-07', NULL, NULL, '', '', '', 'Seconde', '2', '', '', '2021-05-01', 1, 'Bruxelle', 1, 1, 0, 'KOVEKPE Andre', 'YANGOUNDE Resine', 'CELIBATAIRE', '', '', '', '', 'GUERE KONDOUANGA Faustin', '+236 75828190', '', '', 'CDD', 0, 17, '', '', 'VIREMENT'),
(3450, 1614, 1, 'MBAFOLO', 'CS01-00028', 'CS01', 'Rufin Severin', '34000', NULL, 2, 0, '', 0, '1995-09-13', '', 'Bangui', '1', '', NULL, '+236 75263094 / 72657791', '', '', NULL, '2017-07-31', NULL, NULL, '', '', '', '5e', '1', '', '', '2021-05-01', 1, 'Vie espoir', 1, 1, 0, 'MBAFOLO Germain', 'YABOBO Pierette', 'CELIBATAIRE', '', '', '', '', 'KONGBO Elodie', '+236 75605116 / 72657791', '', '', 'CDD', 0, 17, '', '', 'VIREMENT'),
(3451, 1614, 1, 'NDEGUINAM', 'CS01-00029', 'CS01', 'Polygrand', '34000', NULL, 3, 0, '', 0, '1999-12-07', '', 'Bangui', '1', '013295155304984', NULL, '+236 75001537', '+236 72536273', 'ndeguinampolygrand@gmail.com', NULL, '2017-04-30', NULL, NULL, 'Bangui/RCA', 'Bangui/RCA', '', 'Premiere annee ', '3', '', '', '2021-05-01', 1, 'Miskine', 1, 1, 0, 'NDEGUINAM Cyrille', 'NAMSONAN Henriette', 'CELIBATAIRE', '', '', '', '', 'NDEGUINAM Stella ', '+236 72645349 / 75046671', '', '', 'CDD', 0, 17, '', '', 'VIREMENT'),
(3452, 1614, 1, 'BISSEGUIA', 'CS01-00030', 'CS01', 'Flora Rachel ', '34000', NULL, 2, 0, '', 0, '1988-05-17', '', 'Bossembele', '1', '', NULL, '+236 72782864', '+236 75854440', '', NULL, '2018-08-31', NULL, NULL, '', '', '', 'Seconde', '2', '', '', '2021-05-01', 1, 'Galabadja', 2, 1, 0, 'BISSEGUIA Jean-Louis', 'BISSEGUIA Lais', 'CELIBATAIRE', '', '', '', '', 'BOUNGUENDE Gauthier', '+236 72363947 / 75847306', '', '', 'CDD', 0, 17, '', '', 'VIREMENT'),
(3453, 1614, 1, 'BONDABOGON', 'CS01-00031', 'CS01', 'Simon Pierre', '34000', NULL, 2, 0, '', 0, '1994-12-07', '', 'Kaga-Bandoro', '1', '', NULL, '+236 72053600', '+236 75477955', 'spbondabogon@gmail.com', NULL, '2018-06-27', NULL, NULL, '', '', '', 'Premiere annee ', '3', '', '', '2021-05-01', 1, 'Plateau', 1, 1, 0, 'BONDABOGON', 'WASSA WASSA', 'CELIBATAIRE', '', '', '', '', 'BODABOGON Christian', '+236 75822119', '', '', 'CDD', 0, 17, '', '', 'VIREMENT'),
(3454, 1510, 1, 'ZANGOULI', 'CS01-00032', 'CS01', 'Hervé Jospin', '34000', NULL, 3, 0, '', 0, '1994-01-01', '', 'Bangui', '1', '', NULL, '+236 75927510', '', '', NULL, '2019-06-25', NULL, NULL, '', '', '', 'Premiere annee ', '3', '', '', '2021-05-01', 1, 'Miskine', 1, 1, 0, 'ZANGOULI Sylvestre', 'POUTOU Philomaine', 'CELIBATAIRE', '', '', '', '', 'ZANGOULI Bangui ', '+237 75232330 / 72267357', '', '', 'CDD', 0, 17, '', '', 'VIREMENT'),
(3455, 1614, 1, 'GUERENI', 'CS01-00033', 'CS01', 'Tonton-Brice', '34000', NULL, 4, 0, '', 0, '1985-05-10', '', 'Bangui', '1', '', NULL, '+236 72705778 / 70505180', '+236 75467613', '', NULL, '2020-06-26', NULL, NULL, '', '', '', ' Premiere annee ', '3', '', '', '2021-05-02', 1, 'Husaca, Cité Atib', 1, 1, 0, 'GUERENI Antoine Jude', 'YOMONGBRO Christine', 'CELIBATAIRE', '', '', '', '', 'GUERENI Ruth Manuella', '+236 75565633', '', '', 'CDD', 0, 17, '', '', 'VIREMENT'),
(3456, 1614, 1, 'GOGA', 'CS01-00034', 'CS01', 'Rose Patricia', '34000', NULL, 3, 0, '', 0, '1999-08-23', '', 'Bangui', '1', '', NULL, '', '+236 75328963', '', NULL, '2020-10-27', NULL, NULL, '', '', '', 'Premiere annee ', '3', '', '', '2021-05-02', 1, 'Bangui', 2, 1, 0, 'GOGA Dieudonne', 'NZENGA Rachel', 'CELIBATAIRE', '', '', '', '', 'NZENGA Rachel', '+236 75753865', '', '', 'CDD', 0, 17, '', '', 'VIREMENT'),
(3457, 1614, 1, 'NDEMBOKADA', 'CS01-00035', 'CS01', 'Teddy Arsene', '34000', NULL, 3, 0, '', 0, '1988-03-19', '', 'Bangui', '1', '', NULL, '+236 75571506', '+236 72239366', 'teddy.ndemokada@gmail.com', NULL, '2020-10-27', NULL, NULL, '', '', '', 'Premiere annee ', '3', '', '', '2021-05-02', 1, 'Benz-vi', 1, 1, 0, 'NDEMBOKADA J Maxime', 'YAYAOULI Louise', 'CELIBATAIRE', '', '', '', '', 'BARAMOTHO NDEMBOKADA Cyril', '+236 75619214 / 72401163', '', '', 'CDD', 0, 17, '', '', 'VIREMENT'),
(3458, 1614, 1, 'PAYIWA', 'CS01-00036', 'CS01', 'Ornella', '34000', NULL, 1, 0, '', 0, '2021-12-19', '', 'Bouar', '1', '', NULL, '', '+236 75151284', '', NULL, '2020-06-28', NULL, NULL, '', '', '', 'Seconde', '2', '', '', '2021-05-02', 1, '92 logements ', 2, 1, 0, 'BONOKO Blandin', 'SEPENDE Lydie', 'CELIBATAIRE', '', '', '', '', 'BONOKO Blandin', '+236 75256836', '', '', 'CDD', 0, 17, '', '', 'VIREMENT'),
(3459, 1614, 1, 'LAGUERET', 'CS01-00037', 'CS01', 'Victoire Christiane ', '34000', NULL, 4, 0, '', 0, '1985-11-12', '', 'Bambari', '1', '', NULL, '', '+236 75130405', '', NULL, '2017-07-27', NULL, NULL, '', '', '', 'Seconde ', '2', '', '', '2021-05-02', 1, 'Sapeke', 2, 1, 0, 'LAGUERET Raymond', 'DELITO Marie-Therese', 'CELIBATAIRE', '', '', '', '', 'LAGUERET Benoite', '+236 75546743', '', '', 'CDD', 0, 17, '', '', 'VIREMENT'),
(3460, 1614, 1, 'KOYAGBEBONDI', 'CS01-00038', 'CS01', 'Alain', '34000', NULL, 5, 0, '', 0, '1978-02-10', '', 'Bangui', '1', '10270011000212', NULL, '', '+236 75319897', '', NULL, '2020-07-11', NULL, NULL, 'Bangui ', 'Bangui ', '', 'Seconde', '2', '', '', '2021-05-02', 1, 'Bangui ', 1, 1, 0, 'NGBANGO Casimir', 'YAMOUNZOU Philomene', 'CELIBATAIRE', '', '', '', '', 'KOTENDONI Theophil', '+236 75611171 / 75643154', '', '', 'CDD', 0, 17, '', '', 'VIREMENT'),
(3461, 1614, 1, 'KOYANDI', 'CS01-00039', 'CS01', 'Guy-Max', '34000', NULL, 2, 0, '', 0, '1990-05-25', '', 'Kembe', '1', '', NULL, '', '+236 75825973', '', NULL, '2018-09-08', NULL, NULL, '', '', '', 'Deuxieme annee', '3', '', '', '2021-05-02', 1, 'Yakamokala', 1, 1, 0, 'KOYANDI Theophile', 'YANZEGOZO Therese', 'CELIBATAIRE', '', '', '', '', 'MBENGUIA Tresor', '+236 75117579', '', '', 'CDD', 0, 17, '', '', 'VIREMENT'),
(3462, 1614, 1, 'TAMBALA', 'CS01-00040', 'CS01', 'Lily', '34000', NULL, 3, 0, '', 0, '1992-11-19', '', 'Bangui', '1', '', NULL, '+236 72652132', '+236 75824483', '', NULL, '2017-07-31', NULL, NULL, '', '', '', 'Premiere ', NULL, '', '', '2021-05-02', 1, 'Saidou, 2e arrondissement ', 2, 1, 0, 'TAMBALA Leonard', 'DONGBENE Alphonsine', 'MARIE(E)', '', '', '', '', 'BALEGAMIRE Marina', '+236 72386016', '', '', 'CDD', 0, 17, '', '', 'VIREMENT'),
(3463, 1614, 1, 'NGOUYAGRE SESSEWA', 'CS01-00041', 'CS01', 'Regine J', '34000', NULL, 5, 0, '', 0, '1989-01-01', '', 'Bangui', '1', '', NULL, '', '+236 75070624', '', NULL, '2017-08-31', NULL, NULL, '', '', '', 'Seconde ', '2', '', '', '2021-05-02', 1, 'Yapele', 2, 1, 0, 'NGOUYAGRE Dieudonne', '', 'CELIBATAIRE', '', '', '', '', 'YAMAKA Mimi', '+236 72437569', '', '', 'CDD', 0, 17, '', '', 'VIREMENT'),
(3464, 1614, 1, 'BISSA', 'CS01-00042', 'CS01', 'Gael Constantin ', '34000', NULL, 2, 0, '', 0, '1989-06-21', '', 'Mbaiki', '1', '106890110019', NULL, '', '+236 72656448', '', NULL, NULL, NULL, NULL, 'Bangui/RCA', 'Bangui/RCA', '', 'Premiere annee ', '3', '', '', '2021-05-02', 1, 'Pk12', 1, 1, 0, 'BISSA Georges Brice', 'BABEINA', 'CELIBATAIRE', '', '', '', '', 'SEKENDE Christophy', '+236 72840027', '', '', 'CDD', 0, 17, '', '', 'VIREMENT'),
(3465, 1614, 1, 'FIBALA', 'CS01-00043', 'CS01', 'Guy Serge', '34000', NULL, 5, 0, '', 0, '1984-05-06', '', 'Kaga-Bandoro', '1', '', NULL, '+236 75110159', '+236 72593085', '', NULL, '2019-06-25', NULL, NULL, '', '', '', 'Deuxieme annee', '3', '', '', '2021-05-02', 1, 'Cite Jean XXIII ', 1, 1, 0, 'FIBALA Rigobert', 'FIBALA Antoinette ', 'CELIBATAIRE', '', '', '', '', 'FIBALA Antoinette ', '+236 72202581', '', '', 'CDD', 0, 17, '', '', 'VIREMENT'),
(3466, 1614, 1, 'SEREFIO', 'CS01-00044', 'CS01', 'Elsa Reine', '34000', NULL, 2, 0, '', 0, '1998-10-31', '', 'Bangui', '1', '', NULL, '+236 75093569', '+236 72817322', '', NULL, '2020-12-07', NULL, NULL, '', '', '', 'Seconde ', '2', '', '', '2021-05-02', 1, 'Benz-vi', 2, 1, 0, 'SEREFIO Theodor', 'OUANDJIASSENGUE Sylvie', 'CELIBATAIRE', '', '', '', '', 'OUANDJIASSENGUE Sylvie', '+236 72435864', '', '', 'CDD', 0, 17, '', '', 'VIREMENT'),
(3467, 1614, 1, 'MOKOME', 'CS01-00045', 'CS01', 'Augustin ', '34000', NULL, 3, 0, '', 0, '1990-03-02', '', 'Bimbo', '1', '', NULL, '', '+236 75687691', '', NULL, '2017-07-30', NULL, NULL, '', '', '', 'Premiere annee ', '3', '', '', '2021-05-02', 1, 'Orchidée ', 1, 1, 0, 'MOKOME Robert ', 'NGOMBE Sophie', 'CELIBATAIRE', '', '', '', '', 'SABA Isabelle ', '+236 75500148 / 75807079', 'DJIMS', '+236 75651126', 'CDD', 0, 17, '', '', 'VIREMENT'),
(3468, 1614, 1, 'DOUI', 'CS01-00046', 'CS01', 'Achile Firmin', '34000', NULL, 1, 0, '', 0, '1993-07-06', '', 'Bangui', '1', '', NULL, '', '+236 75496462', '', NULL, '2020-07-29', NULL, NULL, '', '', '', 'Seconde', '2', '', '', '2021-05-02', 1, 'Yassara', 1, 1, 0, 'DOUI Philipe', 'KOENA Marthe', 'CELIBATAIRE', '', '', '', '', 'DOUI Wilfried', '+236 75809008', '', '', 'CDD', 0, 17, '', '', 'VIREMENT'),
(3469, 1614, 1, 'BEKPA', 'CS01-00047', 'CS01', 'Michel', '34000', NULL, 7, 0, '', 0, '1990-04-04', '', 'Bangui', '1', '', NULL, '', '+236 75003166', '', NULL, '2020-09-14', NULL, NULL, '', '', '', 'Seconde', '2', '', '', '2021-05-02', 1, 'Mpoko Bac', 1, 1, 0, 'NGUINZE Leon', 'GBOWALI Therese', 'CELIBATAIRE', '', '', '', '', 'GALLO Boniface', '+236 75503003', '', '', 'CDD', 0, 17, '', '', 'VIREMENT'),
(3470, 1614, 1, 'KOBALO', 'CS01-00048', 'CS01', 'Junior', '34000', NULL, 2, 0, '', 0, '1989-06-03', '', 'Bangui', '1', '', NULL, '+236 72148948', '+236 75531446', 'kobalojunior@gmail.com', NULL, '2020-09-14', NULL, NULL, '', '', '', 'Premiere annee ', '3', '', '', '2021-05-02', 1, 'Kpetene', 1, 1, 0, 'ZEGBE Philipe', 'YAGASSOLOMA Viviane ', 'CELIBATAIRE', '', '', '', '', 'TAMBOULA Louis', '+236 75053551', '', '', 'CDD', 0, 17, '', '', 'VIREMENT'),
(3471, 1614, 1, 'DAMBONA', 'CS01-00049', 'CS01', 'Freddy Arsene', '34000', NULL, 2, 0, '', 0, '1990-03-06', '', 'Bouar', '1', '103903000074588', NULL, '+236 75242606', '+236 72579550', 'dambonafreddy@gmail.com', NULL, '2020-12-08', NULL, NULL, 'Bangui', 'Bangui', '', '3e annee', '5', '', '', '2021-05-02', 1, 'Damala', 1, 1, 0, 'DAMBONA Jonas', 'KONGOE Ruth', 'CELIBATAIRE', 'N°210', '', '', '', 'BELLA Moldavie', '+236 72680279', '', '', 'CDD', 0, 17, '', '', 'VIREMENT'),
(3472, 1614, 1, 'YAKPAKO', 'CS01-00050', 'CS01', 'Sonia', '34000', NULL, 3, 0, '', 0, '1987-04-03', '', 'Bangui', '1', '', NULL, '+236 72368319', '+236 75605201', '', NULL, '2020-06-11', NULL, NULL, '', '', '', 'Seconde', '2', '', '', '2021-05-02', 1, 'Ngaragba', 2, 1, 0, 'VICKOS Joseph', 'YASSORO Elisabeth', 'CELIBATAIRE', '', '', '', '', 'TINOR Victorine', '+236 75127031', '', '', 'CDD', 0, 17, '', '', 'VIREMENT'),
(3473, 1614, 1, 'KOUANGA', 'CS01-00051', 'CS01', 'Brillant Chanel', '34000', NULL, 2, 0, '', 0, '1999-10-08', '', 'Bangui', '1', '', NULL, '+236 72365011', '+236 75643977', '', NULL, '2020-12-07', NULL, NULL, '', '', '', 'Premiere', '2', '', '', '2021-05-02', 1, 'Bimbo', 1, 1, 0, 'KOUANGA Paul Herve', 'KOLINGA Veronique', 'MARIE(E)', '', '', '', '', 'YAGRESOINNI Gertrude', '+236 75778454', '', '', 'CDD', 0, 17, '', '', 'VIREMENT'),
(3474, 1614, 1, 'NZAPALALI-TEXEIRA', 'CS01-00052', 'CS01', 'Aymard De Bonheur ', '34000', NULL, 2, 0, '', 0, '1995-04-04', '', 'Bangui', '1', '', NULL, '+236 72557832', '+236 75098096', '', NULL, '2020-10-27', NULL, NULL, '', '', '', '2e annee', '3', '', '', '2021-05-02', 1, 'Kpetene', 1, 1, 0, 'NZAPALALI J C', 'ONGUITE Helene', 'CELIBATAIRE', '', '', '', '', 'NZAPALALI Jean-Claude ', '+236 75177227', '', '', 'CDD', 0, 17, '', '', 'VIREMENT'),
(3475, 1614, 1, 'KINGA MALOTOKO', 'CS01-00053', 'CS01', 'Liliane', '34000', NULL, 5, 0, '', 0, '1981-09-03', '', 'Bangui', '1', '', NULL, '', '+236 75707792', '', NULL, '2020-06-11', NULL, NULL, '', '', '', 'Seconde ', '2', '', '', '2021-05-02', 1, 'Sapeke, 6e arrondissement ', 2, 1, 0, 'KINGA Claude', 'KINGA Christine', 'CELIBATAIRE', '', '', '', '', 'KINGA Gustave', '+236 75766332', '', '', 'CDD', 0, 17, '', '', 'VIREMENT'),
(3476, 1614, 1, 'BONDABOGON', 'CS01-00054', 'CS01', 'Raymond Serge', '34000', NULL, 3, 0, '', 1, '1987-01-07', '', 'BANGUI', '1', '', NULL, '+23670006277', '+23675113623', '', NULL, '2021-05-03', NULL, NULL, '', '', '', '', '3', '', '', '2021-05-03', 1, 'KPETENNE 1', 1, 1, 0, 'BONOABOGON ', 'WASSA WASSA Juliette', 'CELIBATAIRE', 'N°65', '', '', '', 'BONOABOGON Christian', '+23675822119', '', '', 'CDD', 0, 17, '', '', 'VIREMENT'),
(3477, 1614, 1, 'KONZIAVO', 'CS01-00055', 'CS01', 'Maxime Aristide', '34000', NULL, 6, 0, '', 1, '1994-08-13', '', 'BANGUI', '1', '', NULL, '+23672712577', '+23675018588', '', NULL, '2017-01-16', NULL, NULL, '', '', '', '', '3', '', '', '2021-05-03', 4, 'BIMBO', 1, 1, 0, 'KONZIAVO Josephe', 'INGIA Rose', 'CELIBATAIRE', '', '', '', '', 'KONZIAVO Vivianne', '+23675047968', '', '', 'CDI', 0, 17, '', '', 'VIREMENT'),
(3478, 1614, 1, 'OUNGBANGA', 'CS01-00056', 'CS01', 'John Francis', '34000', NULL, 1, 0, '', 1, '1999-07-27', '', 'BANGUI', '1', '', NULL, '+23675721312', '+23672683971', '', NULL, '2021-05-03', NULL, NULL, '', '', '', 'L 1', '3', '', '', '2021-05-03', 4, 'MODOUA', 1, 1, 0, 'OUNGBANGA Martin', 'YANGBA Thérèse ', 'CELIBATAIRE', '', '', '', '', 'SANGOU Donatien', '+23675194034', '', '', 'CDD', 0, 17, '', '', 'VIREMENT'),
(3479, 1614, 1, 'BENGAI', 'CS01-00057', 'CS01', 'Teddy Achille ', '34000', NULL, 2, 0, '', 1, '1997-07-07', '', 'KAGA BANDORO', '1', '', NULL, '+23675575362', '+23672758948', '', NULL, '2020-12-06', NULL, NULL, '', '', '', '', '5', '', '', '2021-05-03', 4, 'GOBONGO II', 1, 1, 0, 'BENGAI Alexis', 'BOUTOUNGARA Justine ', 'CELIBATAIRE', 'N°57', '', '', '', 'BOUTOUNGARA Achab Ruben', '', '', '', 'CDD', 0, 17, '', '', 'VIREMENT'),
(3480, 1614, 1, 'KONDO', 'CS01-00058', 'CS01', 'Eric - Junior', '34000', NULL, 2, 0, '', 1, '1991-07-22', '', 'BANGASSAN', '1', '', NULL, '+23672410933', '+23675317114', '', NULL, '2020-12-06', NULL, NULL, '', '', '', '', '5', '', '', '2021-05-03', 4, 'WALINGBA ', 1, 1, 0, 'BOY KANGUE ', 'ABESSEBDE Rose', 'CELIBATAIRE', '', '', '', '', 'NAGUILI Elie', '+23672508074', '', '', 'CDD', 0, 17, '', '', 'VIREMENT'),
(3481, 1614, 1, 'SEDANGARE', 'CS01-00059', 'CS01', 'Jean Claude', '34000', NULL, 6, 0, '', 0, '1977-01-20', '', 'Bangui ', '1', '', NULL, '+236 72310042', '+236 75337527', '', NULL, NULL, NULL, NULL, '', '', '', '3e annee', '3', '', '', '2021-05-03', 1, 'Ngaragba Sana 5, 7e arrondissement ', 1, 1, 0, 'SEDANGARE Paul', 'WAPI Madeleine', 'CELIBATAIRE', '', '', '', '', 'NDARATA Amelie Josiane', '+236 75104843', '', '', 'CDD', 0, 17, '', '', 'VIREMENT'),
(3482, 1614, 1, 'GAMBOLIPA', 'CS01-00060', 'CS01', 'Omer', '34000', NULL, 2, 0, '', 0, '1987-02-26', '', 'Bangui', '1', '', NULL, '', '+236 75081985', '', NULL, NULL, NULL, NULL, '', '', '', '5e', '1', '', '', '2021-05-03', 1, 'Fhou, 4e arrondissement ', 1, 1, 0, 'GAMBOLIPA Jean-Pierre', 'LOUTENE Isabelle ', 'CELIBATAIRE', '', '', '', '', 'Patrick ', '+236 75068734', '', '', 'CDD', 0, 17, '', '', 'VIREMENT'),
(3483, 1614, 1, 'KOUNGBAFI', 'CS01-00061', 'CS01', 'Aristide', '34000', NULL, 2, 0, '', 0, '1988-08-24', '', 'Bangui', '1', '', NULL, '+236 75601145', '+236 72650901', '', NULL, '2016-08-31', NULL, NULL, '', '', '', '6e', '1', '', '', '2021-05-03', 1, 'Galabadjia IV', 1, 1, 0, 'KOUNGBAFI', 'YADINGO Elene', 'CELIBATAIRE', '', '', '', '', 'POUSSOU Glawdis', '+236 72449054', '', '', 'CDD', 0, 17, '', '', 'VIREMENT'),
(3484, 1614, 1, 'KOTTO-KOYANGBO', 'CS01-00062', 'CS01', 'Thierry ', '34000', NULL, 1, 0, '', 0, '1996-07-09', '', 'Ouango-Bangassou', '1', '1079612001286909', NULL, '', '+236 72043503', '', NULL, '2021-03-08', NULL, NULL, 'Bangui', 'Bangui', '', '3e annee', '5', '', '', '2021-05-03', 1, '', 1, 1, 0, 'KOTTO-NGBOKOLI Joseph', 'YATOULA Solange', 'CELIBATAIRE', 'N°309', '', '', '', 'KOTTO-OUASSO Carine', '+236 72033903', '', '', 'ESSAI', 0, 17, '', '', 'VIREMENT'),
(3485, 1614, 1, 'AGBA HOTABO', 'CS01-00063', 'CS01', 'Medard', '34000', NULL, 2, 0, '', 0, '1997-05-15', '', 'Bangui', '1', '', NULL, '+236 72127950', '+236 75114941', '', NULL, '2017-11-30', NULL, NULL, '', '', '', 'Seconde', '2', '', '', '2021-05-03', 1, 'Nzangoya', 1, 1, 0, 'AGBA François ', 'YAGUELA Martine', 'CELIBATAIRE', '', '', '', '', 'AGBA Rufin', '+236 72266971 / 72331600', '', '', 'CDD', 0, 17, '', '', 'VIREMENT'),
(3486, 1614, 1, 'MBERE', 'CS01-00064', 'CS01', 'Maxime', '34000', NULL, 1, 0, '', 0, '1997-10-08', '', 'Bema, Ouango-Bangassou', '1', '', NULL, '+236 75176742', '+236 72556755', 'maximembere@gmail.com', NULL, '2019-06-25', NULL, NULL, '', '', '', '2e annee', '3', '', '', '2021-05-03', 1, 'Bimbo', 1, 1, 0, 'WOGNON Marcel', 'YALEGA Salai', 'CELIBATAIRE', '', '', '', '', 'KOHAUTTO Hamat', '+236 72714704', '', '', 'CDD', 0, 17, '', '', 'VIREMENT'),
(3487, 1614, 1, 'BALOUMO', 'CS01-00065', 'CS01', 'Grace De Dieu', '34000', NULL, 1, 0, '', 0, '1998-01-01', '', 'Madabazouma', '1', '', NULL, '+236 75959392', '+236 72142345', '', NULL, '2021-03-08', NULL, NULL, '', '', '', 'Terminale', '2', '', '', '2021-05-03', 1, '', 1, 1, 0, 'BOUNGOUA Jules', 'BALOUMO Edwige', 'CELIBATAIRE', '', '', '', '', 'ITOUNGOU Cheryl', '+236 72673032', '', '', 'CDD', 0, 17, '', '', 'VIREMENT'),
(3488, 1614, 1, 'AGON-AKPESSOUA', 'CS01-00066', 'CS01', 'Herman Baudouin', '34000', NULL, 2, 0, '', 0, '1995-09-27', '', 'Bimbo', '1', '', NULL, '+236 72460906', '+236 75342334', 'agonakpessouaherman@gmail.com', NULL, '2017-12-14', NULL, NULL, '', '', '', 'Premiere annee ', '3', '', '', '2021-05-03', 1, 'Bimbo', 1, 1, 0, 'YOZIDE Nestor', 'KONDJIAKPI Blandine', 'CELIBATAIRE', '', '', '', '', 'MOKOMBANGO Everson', '+236 75926092 / 75907633', '', '', 'CDD', 0, 17, '', '', 'VIREMENT'),
(3489, 1614, 1, 'REDJIPOU-BIRO', 'CS01-00067', 'CS01', 'Julia', '34000', NULL, 2, 0, '', 0, '1997-04-29', '', 'Damara', '1', '', NULL, '+236 75961280', '+236 72239847', '', NULL, NULL, NULL, NULL, '', '', '', 'Seconde', '2', '', '', '2021-05-03', 1, 'Boy-Rabe', 2, 1, 0, 'BIRO Patrick ', 'KOBIRO Colette', 'CELIBATAIRE', '', '', '', '', '', '', '', '', 'CDD', 0, 17, '', '', 'VIREMENT'),
(3490, 1567, 1, 'NGAKOUYA', 'CS01-00068', 'C0', 'ANICET.VINCENT', '34000', NULL, 5, 0, '', 1, '1996-06-13', '', 'SOUS,PREFECTURE,DEKOA', '1', '1069605010116587', NULL, '72 57 23 57', '', '', NULL, '2017-12-02', NULL, NULL, '', '', '', 'T,A (Terminal &)', '3', '', '', '2021-05-03', 3, 'PK-12', 1, 1, 0, 'NGAKOUYA ISSA.RENEE', 'BOUKARE AMINATA.JEANINE', 'CELIBATAIRE', 'N°1304', '', '', '', 'NGAKOUYA FRED,AIRARD', '72 46 36 75', '', '', 'CDD', 0, 0, '', '', 'ESPECES'),
(3491, 1567, 1, 'NADJILEM', 'CS01-00069', 'C0766', 'GRACE A DIEU', '34000', NULL, 0, 0, '', 1, '1999-09-15', '', 'BEDOUA (PAOUA)', '1', '1019990600103617', NULL, '72 66 56 04/75 95 62 58', '', '', NULL, '2021-05-03', NULL, NULL, '', '', '', 'TERMINAL A4', '3', '', '', '2021-05-03', 3, 'BOY-RABE (4 eme ARRONDISSEMENT', 1, 1, 0, 'BARA-ALEXIS', 'BEDOUA (paoua)', 'CELIBATAIRE', '', '', '', '', 'MIABE SINCYR', '72 77 77 79', '', '', 'CDD', 0, 0, '', '', 'VIREMENT'),
(3492, 1578, 1, 'MALOT', 'CC03-00070', 'CC03', 'CONSTANT-CESAR', '75000', NULL, 5, 0, '', 0, '1972-11-13', '', 'BANGUI', '1', '', NULL, '722 81 10 62', '', '', NULL, '2021-05-23', NULL, NULL, '', '', '', '6ème', '1', '', '', '2021-05-03', 3, 'BANGUI', 1, 1, 0, 'MALOT JEAN-LOUISE', 'YASSAMBE YANDO-YVONNE', 'CELIBATAIRE', 'N°3559', '', '', '', 'MALOT FLAVIEN', '750424 23', '', '', 'ESSAI', 0, 0, '', '', ''),
(3493, 1576, 1, 'MAZOUREN9JI', 'CS01-00070', 'CO828', 'ARLETTE-GABRICHA', '34000', NULL, 0, 0, '', 1, '1986-09-06', '', 'BAMBARI', '1', '', NULL, '72 27 72 54/75 20 60 55', '', '', NULL, '2020-02-07', NULL, NULL, '', '', '', '3eme', '2', '', '', '2021-05-03', 3, 'BANGUI', 2, 1, 0, 'MAZOUREN9JI JOSEPH', 'M\'VROWON9JI', 'CELIBATAIRE', 'N°549', '', '', '', 'MALINKANGA TANGUI', '72111329', '', '', 'CDD', 0, 17, '', '', 'VIREMENT'),
(3494, 1576, 1, 'NGOMBE', 'CS01-00072', 'CS01', 'BLAISE ROMEO', '', NULL, 4, 0, '', 0, '1996-02-03', '', 'BEGOUA', '1', '2908', NULL, '72 43 10 41/75 08 11 57', '', '', NULL, '2021-05-03', NULL, NULL, '', '', '', 'TERMINAL ', '3', '', '', '2021-05-03', 3, 'BAMGUI', 1, 1, 0, 'NGOMBE PIERRE', 'YAKPELA JULIENE', 'CELIBATAIRE', 'N°128', '', '', '', 'NGOMBE BRICE', '75 06 15 51', '', '', 'ESSAI', 0, 0, '', '', ''),
(3495, 1576, 1, 'KONDOUROU', 'CS01-00073', 'CS01', 'ODILON ', '', NULL, 2, 0, '', 0, '1997-01-04', '', 'BANGASSOU', '1', '', NULL, '(00236)72 61 58 65/75 86 80 21', '', '', NULL, '2020-02-07', NULL, NULL, '', '', '', 'LICENCE', '5', '', '', '2021-05-03', 3, '92 LOGRMENT', 1, 1, 0, 'KONDOUROU APPOLINAIRE', 'MASSIANZONI JUILIENNE', 'CELIBATAIRE', 'N°10197', 'N°0624', '', '', 'NDANGO OLIVE', '72 25 15 23/ 75 49 17 90', '', '', 'ESSAI', 0, 0, '', '', ''),
(3496, 1578, 1, 'KEPHONO-LEE ', 'CS01-00074', 'CS01', 'LINCOLN', '', NULL, 6, 0, '', 0, '1981-08-27', '', 'BANGUI', '1', '', NULL, '(+235) 75 03 79 48', '', '', NULL, '2021-05-03', NULL, NULL, '', '', '', '3eme', '2', '', '', '2021-05-03', 3, '', 1, 1, 0, 'KEPHONO WILLIAM-R', 'Mne KEPHONO CLEMENTINE', 'CELIBATAIRE', '', '', '', '', 'KEPHONO-FRANCK', '72 25 99 26', '', '', 'ESSAI', 0, 0, '', '', ''),
(3497, 1585, 1, 'IGNALEAMOKO', 'CS01-00075', 'C0400', 'JORDAN', '34000', NULL, 0, 0, '', 1, '1990-05-01', '', 'BANGUI', '1', '', NULL, '75 60 70 67', '', '', NULL, '2017-09-15', NULL, NULL, '', '', '', 'TERMINAL ', '3', '', '', '2021-05-03', 3, 'BANGUI KPETENE', 1, 1, 0, 'IGNALEAMOKO ALBERT', 'GOUANJIAMARIE HELENE', 'CELIBATAIRE', 'N°2265', '', '', '', '', '', '', '', 'CDD', 0, 0, '', '', 'VIREMENT'),
(3498, 1578, 1, 'MAMGUENDE', 'CS01-00076', 'CS01', 'PRIVAT CHRISTION', '', NULL, 3, 0, '', 0, '1989-04-10', '', 'BEGOUA', '1', '10483011001901', NULL, '72 71 73 00/75 38 48 28', '', '', NULL, '2019-08-01', NULL, NULL, '', '', '', 'UNIVERSITAIRE ', '5', '', '', '2021-05-03', 3, 'COMBATTOUT', 1, 1, 0, 'NAMGUENDE PLITOMAS JONAS', 'YOLO BERNADETTE', 'CELIBATAIRE', 'N°3405', '', '', '', 'BEBANGUI THIBAUT', '72 32 82 06', '', '', 'ESSAI', 0, 0, '', '', ''),
(3499, 1571, 1, 'KORODJA-GBOPODA', 'CS01-00077', 'CS01', 'DIEU-BENI SYLVAIN', '', NULL, 6, 0, '', 0, '1995-05-04', '', 'BANGUI', '1', 'N°1059501000073489', NULL, '75 66 97 63/7212 9762', '', '', NULL, '2019-08-01', NULL, NULL, '', '', '', 'UNIVERSITAIRE ', '5', '', '', '2021-05-03', 3, 'PETEVO', 1, 1, 0, 'KORODJA ALPHONSE ', 'ILAGBA MARCELINE', 'CELIBATAIRE', 'N°1589', '', '', '', 'ZONZAMBE VALERIENNE ', '75150636', '', '', 'ESSAI', 0, 0, '', '', ''),
(3500, 1571, 1, 'NGANAOUARA', 'CS01-00078', 'CS01', 'ADORE BRUNEL', '', NULL, 3, 0, '', 0, '1988-01-10', '', 'BAMBARI', '1', 'N°10078', NULL, '75 15 60 85', '', '', NULL, '2018-02-01', NULL, NULL, '', '', '', '3eme', '2', '', '', '2021-05-03', 3, 'BOY-RABE NGOUMBOUTOU 3', 1, 1, 0, 'FEU NGANAOUARA MATHIEU', 'TENE WEYE ROSALIE', 'CELIBATAIRE', 'N°162/89', '', '', '', 'WEYE WILFRIED VIANNEY', '72 54 36 92/ 75 16 18 64', '', '', 'ESSAI', 0, 0, '', '', ''),
(3503, 1571, 1, 'WELLET', 'CS01-00081', 'CS01', 'APOLLINAIRE', '', NULL, 7, 0, '', 0, '1968-07-14', '', 'BERBERATI NBO', '1', '10768041000058', NULL, '75 65 63 92/ 72 40 86 61', '', '', NULL, '2019-08-01', NULL, NULL, '', '', '', '4ème', '1', '', '', '2021-05-03', 1, 'BEGOUA-NGOLA II', 1, 1, 0, 'NGAINOIRO SIMON', 'GUENENGAFOU JEANNE', 'CELIBATAIRE', 'N°068', '', '', '', 'NGAINDIRO WILFRIED', '72 34 73 98', '', '', 'ESSAI', 0, 0, '', '', ''),
(3504, 1616, 1, 'KOTRO', 'CS01-00082', 'C1169', 'JOSEPH', '34000', NULL, 6, 0, '', 1, '1988-10-06', '', 'BANGUI', '1', '11088011118696', NULL, '75 70 86 06/72 45 11 14', '', '', NULL, '2021-05-03', NULL, NULL, '', '', '', 'SECONDAIRE', '2', '', '', '2021-05-03', 1, 'OUANGO BANGUI', 1, 1, 0, 'KATE FIDELE', 'YANGALO ANTOINNETTE', 'CELIBATAIRE', '', '', '', '', 'KATE FIDELE', '75757162/72 89 69 95', '', '', 'CDD', 0, 0, '', '', 'VIREMENT'),
(3507, 1509, 1, 'MDIMASSE', 'CS01-00085', 'C0635', 'JEPHTE', '34000', NULL, 3, 0, '', 1, '1996-08-30', '', 'BANGUI', '1', '', NULL, '75 47 35 69/ 72 45 16 18', '', '', NULL, '2019-07-28', NULL, NULL, '', '', '', 'SECONDAIRE', '2', '', '', '2021-05-03', 1, 'BIMBO', 1, 1, 0, 'NDIMASSE PAUL', 'SETTE LEOCADIE', 'CELIBATAIRE', '', '', '', '', 'SETTE LEONCADIE', '75 01 80 58/ 72 35 56 05', '', '', 'CDD', 0, 0, '', '', 'VIREMENT'),
(3509, 1509, 1, 'OUAKOUA VOUNGBO', 'CS01-00019', 'CO523', 'PARFAIT-HYACINTH', '34000', NULL, 5, 0, '', 1, '1999-05-29', '', 'BANGUI /7 ARDT', '1', 'N°1059504001198844', NULL, '72 81 21 38/ 75 14 46 07', '', '', NULL, '2018-12-31', NULL, NULL, '', '', '', 'UNIVERSITAIRE ', '3', '', '', '2021-05-04', 1, 'CITE-ELEVAGE', 1, 1, 0, 'DUAKOUA-V-ISAAC', 'DUAKOUA-V-MARTINE MASCULIN', 'CELIBATAIRE', 'N°37', 'N°7147', '', '', 'OUAKOUA VOUNBO ISAAC', '75 58 41 96', '', '', 'ESSAI', 0, 17, '', '', 'VIREMENT'),
(3511, 1509, 1, 'UDJINGABO', 'CS01-00089', 'C0383', 'ORNELLA AUDREY', '34000', NULL, 3, 0, '', 1, '1987-06-25', '', 'BANGUI', '1', '', NULL, '75 52 96 45/ 72 52 71 33', '', '', NULL, '2017-12-15', NULL, NULL, '', '', '', '3ème', '1', '', '', '2021-05-04', 1, 'BANGUI', 2, 1, 0, 'NDJINGABO PAUL', 'SETTE LIOKADIE', 'CELIBATAIRE', 'N°0110', '', '', '', 'NDJINGABO CHERILLE', '', '', '', 'CDD', 0, 0, '', '', 'VIREMENT'),
(3513, 1509, 1, 'GBONGUIO', 'CS01-00091', 'CO293', 'DERTIY HERVE', '34000', NULL, 3, 0, '', 1, '1975-09-01', '', 'BANGUI', '1', '', NULL, '75 82 86 71/ 72 17 97 03', '', '', NULL, '2017-09-01', NULL, NULL, '', '', '', 'SECONDAIRE', '2', '', '', '2021-05-04', 1, 'BANGUI', 1, 1, 0, 'GBONGUIO JACOB', 'YANGOGO PAULINO', 'CELIBATAIRE', 'N°373', '', '', '', 'GBONGUIO JEAN DE DIEU', '75 74 08 05', '', '', 'CDD', 0, 0, '', '', 'VIREMENT'),
(3515, 1616, 1, 'NGUETO', 'CS01-00093', 'C0130', 'TRESOR JUNIOR', '34000', NULL, 4, 0, '', 1, '1996-05-16', '', 'KENIB E', '1', '', NULL, '+23675 74 63 54', '+23672 18 28 96', '', NULL, '2017-07-30', NULL, NULL, '', '', '', 'UNIVERSITAIRE ', '5', '', '', '2021-05-04', 1, 'BENZ-VI', 1, 1, 0, 'KOUSSORO NESTIR', 'YANSBO EMMA', 'CELIBATAIRE', '', '', '', '', 'WAHOA JOB', '75 06 61 08/ 72 02 82 45', '', '', 'CDD', 0, 0, '', '', 'VIREMENT'),
(3517, 1509, 1, 'TEREMA-SANGUIBE', 'CS01-00095', 'C0652', 'MICHEL-VIANNEY', '34000', NULL, 3, 0, '', 1, '1991-09-23', '', 'BANGUI', '1', '', NULL, '+236 72 80 90 42/ 75 53 26 50', '', '', NULL, '2019-06-28', NULL, NULL, '', '', '', 'UNIVERSITAIRE ', '6', '', '', '2021-05-04', 1, '8ème ARRONDISSEMENT', 1, 1, 0, 'TEREMA-FELECIEN', 'PECKO-PEPINE', 'CELIBATAIRE', '', '', '', '', 'TEREMA FELICIEN', '75 53 55 93', '', '', 'CDD', 0, 0, '', '', 'VIREMENT'),
(3519, 1616, 1, 'NGANAFEI', 'CS01-00097', 'CS01', 'REINE NADEGE', '75000', NULL, 4, 0, '', 0, '1996-09-07', '', 'BANGUI', '1', '', NULL, '75 73 18 15/ 72 64 27 21', '', '', NULL, '2017-07-30', NULL, NULL, '', '', '', 'SECONDAIRE', '2', '', '', '2021-05-04', 1, 'YANGATO', 2, 1, 0, 'NGANAFEI SIMON', 'NGANAFEI MONIQUE', 'CELIBATAIRE', '', '', '', '', 'NAMBOBONA MICHEL', '75 04 32 86/72 64 22 89', '', '', 'ESSAI', 0, 0, '', '', ''),
(3522, 1616, 1, 'GBIAFENDO-NGUEYORO', 'CS01-00100', 'CO144', 'AUSTIN JUDTIN', '34000', NULL, 2, 0, '', 1, '1994-02-19', '', 'BANGUI', '1', '', NULL, '75 18 66 20/ 72 18 69 36', '', '', NULL, '2017-06-30', NULL, NULL, '', '', '', 'UNIVERSITAIRE ', '3', '', '', '2021-05-04', 1, 'BANGUI', 1, 1, 0, 'GBIAFENDO JULIEN', 'BITHO JULIEN', 'CELIBATAIRE', 'N°197-94', 'N°532', '', '', 'GBIAFENDO STELLA', '75 54 44 33', '', '', 'CDD', 0, 0, '', '', 'VIREMENT'),
(3523, 1509, 1, 'BETENDE ', 'CS01-00101', 'CO463', 'ARMEL JUNIOR', '34000', NULL, 5, 0, '', 1, '1990-12-08', '', 'BANGUI', '1', 'N°007694043732065', NULL, '75 06 09 03/ 72 74 01 36', '', '', NULL, '2018-10-07', NULL, NULL, '', '', '', 'UNIVERSITAIRE ', '3', '', '', '2021-05-04', 1, 'BANGUI', 1, 1, 0, 'KIZIKANE M', 'IVERE MADELEINE', 'CELIBATAIRE', '', 'N°4346', '', '', 'BELENDE ARMEL JUNIOR', '75 06 09 03/ 72 74 01 36', '', '', 'CDD', 0, 0, '', '', 'VIREMENT'),
(3525, 1509, 1, 'LITTE', 'CS01-00103', 'CS10', 'FULBERT', '75000', NULL, 6, 0, '', 0, '1988-09-23', '', 'BANGUI', '1', '150820717294947970', NULL, '75 25 05 30/ 72 55 96 22', '', '', NULL, '2021-05-04', NULL, NULL, '', '', '', 'UNIVERSITAIRE ', '3', '', '', '2021-05-04', 1, 'ORCHIDEE BIMBO', 1, 1, 0, 'NDERE-G', 'NGBAZOUA VERONIQUE', 'CELIBATAIRE', 'N°716', '', '', '', 'SAMBIA-CHARLINE', '75 76 41 51', '', '', 'ESSAI', 0, 0, '', '', ''),
(3527, 1509, 1, 'MAME ZOYESSON', 'CS01-00105', 'CO152', 'REBECCA-THEORCELINE', '34000', NULL, 4, 0, '', 1, '1989-09-05', '', 'BANGUI', '1', '2098901001786025', NULL, '72 33 09 52', '', '', NULL, '2021-05-04', NULL, NULL, '', '', '', 'UNIVERSITAIRE ', '3', '', '', '2021-05-04', 1, '', 2, 1, 0, 'MAKOLOMOKOSO', 'ELEGBALAMO AURELIE', 'CELIBATAIRE', '', '', '', '', 'SOUKA CYRIAQUE', '72 81 61 79', '', '', 'CDD', 0, 0, '', '', 'VIREMENT'),
(3529, 1509, 1, 'NGAISSIO', 'CS01-00107', 'C1174', 'EMMANUELLA ANTOINE DE GRACE', '34000', NULL, 1, 0, '', 1, '1995-09-09', '', 'BANGUI', '1', '2095508001901081', NULL, '72 75 54 04/ 75 28 60 15', '', 'Antoninengaissio@gmail.com', NULL, '2020-12-07', NULL, NULL, '', '', '', 'UNIVERSITAIRE ', '5', '', '', '2021-05-04', 1, 'QUARTIER MISKINE 5ème ARRD', 2, 1, 0, 'NGAISSIO EMMANUEL', 'OUAZA EULALLIE', 'CELIBATAIRE', '', '', '', '', 'ANGUIMATE GIBSON', '75 09 63 86/ 72 18 36 07', '', '', 'CDD', 0, 0, '', '', 'VIREMENT'),
(3531, 1509, 1, 'BEOROFEI', 'CS01-00109', 'C0289', 'BLANCHE-CARINE', '34000', NULL, 2, 0, '', 1, '1991-01-27', '', 'BASSONGO', '1', '00173933', NULL, '72 06 18 20/ 75 17 02 54', '', '', NULL, '2017-07-30', NULL, NULL, '', '', '', 'UNIVERSITAIRE ', '3', '', '', '2021-05-04', 1, 'BANGUI', 2, 1, 0, 'BEOROFEI GEORGES', 'KANDJIA JANETTE', 'CELIBATAIRE', 'N°342-91', 'N°8739', '', '', 'BEOROFEI NESTOR', '', '', '', 'CDD', 0, 0, '', '', 'VIREMENT'),
(3534, 1509, 1, 'KANZALO-HIGBO', 'CS01-00112', 'C0296', 'ANGELA', '34000', NULL, 4, 0, '', 1, '1980-01-28', '', 'BANGUI', '1', '37222010004344484', NULL, '75 33 23 20', '', '', NULL, '2021-05-04', NULL, NULL, '', '', '', 'TERMINAL', '3', '', '', '2021-05-04', 1, '', 2, 1, 0, 'KANZALO -F', 'YALFOUNDO CELESTINE', 'CELIBATAIRE', 'N°0948', 'N°E0235', '', '', 'KOYAWAYA-GUY', '75 76 58 17', '', '', 'CDD', 0, 0, '', '', 'VIREMENT'),
(3536, 1509, 1, 'NGALE', 'CS01-00114', 'C1232', 'JOSPIN-ULRICH', '34000', NULL, 1, 0, '', 1, '1995-09-03', '', 'BANGUI', '1', '1099501002422137', NULL, '72 71 81 56/ 75 75 63 42', '', '', NULL, '2021-03-09', NULL, NULL, '', '', '', 'UNIVERSITAIRE ', '5', '', '', '2021-05-04', 1, 'BANGUI', 1, 1, 0, 'NGALE BIENVENU', 'ALAYA CLAUDI', 'CELIBATAIRE', 'N°3069', '', '', '', 'NGALE-LIN ALAIN', '72 16 00 55/ 75 50 09 92', '', '', 'CDD', 0, 0, '', '', 'VIREMENT'),
(3537, 1576, 1, 'MALOT', 'CS01-00104', 'CS01', 'CONSTANT-CESAR', '75000', NULL, 0, 0, '', 0, '1972-11-13', '', 'BANGUI', '1', '', NULL, '', '0722811062', '', NULL, '2019-05-23', NULL, NULL, '', '', '', '6ème', '1', '', '', '2021-05-04', 1, 'BANGUI', 1, 1, 0, 'MALOT JEAN-LOUISE', 'YASSAMBE YANDO-YVONNE', 'CELIBATAIRE', 'N°3559', '', '', '', 'MALOT FLAVIEN', '75 04 24 23', '', '', 'ESSAI', 0, 0, '', '', 'ESPECES'),
(3538, 1509, 1, 'KOZOWA ', 'CS01-00105', 'CS01', 'FAUSTIN MODESTE', '75000', NULL, 3, 0, '', 0, '1994-02-11', '', 'OUANGO BANGASSOU', '1', '102941000184577', NULL, '75 93 83 19/ 72 77 05 96', '', '', NULL, '2017-09-01', NULL, NULL, '', '', '', 'TERMINAL A', '2', '', '', '2021-05-04', 1, 'SAPEKE', 1, 1, 0, 'GNANAZAMBA BERNARD', 'YAKAWELE MARTINE', 'CELIBATAIRE', 'N°177', '', '', '', 'NOBANGAHIO ISMAEL', '72 75 15 56/ 75 56 75 24', '', '', 'ESSAI', 0, 0, '', '', 'ESPECES'),
(3539, 1509, 1, 'TROMO', 'CS01-00106', 'CS01', 'ORNELLA AIMEE LYSE', '75000', NULL, 3, 0, '', 0, '1995-06-05', '', 'BIMBO', '1', '2069501004164569', NULL, '75 40 81 63/ 72 40 81 63', '', '', NULL, '2020-08-15', NULL, NULL, '', '', '', 'TERMINAL A', '3', '', '', '2021-05-04', 1, 'KPETENCE', 1, 1, 0, 'TROMO YVON', 'LOULOUX ROMAINE', 'CELIBATAIRE', 'N°669', '', '', '', 'LOULOUX ROMAINE', '72 35 16 90', '', '', 'ESSAI', 0, 0, '', '', 'ESPECES'),
(3540, 1509, 1, 'MAMELEYAGBAMI', 'CS01-00107', 'CS01', 'STEPHANIE-GRACIACE ELLA', '75000', NULL, 4, 0, '', 0, '1997-01-23', '', 'BIMBO', '1', '2013701001398628', NULL, '75 93 47 24 /72 84 23 85', '', '', NULL, '2020-04-01', NULL, NULL, '', '', '', 'UNIVERSITAIRE', '3', '', '', '2021-05-04', 1, 'FATIMA', 1, 1, 0, 'MAMELEYAGDAMI MARCELIN', 'WAKONZA MARGUERITE', 'CELIBATAIRE', 'N°028', 'N°1637', '', '', 'KOMALAYAPRINCE FRANCIS ', '75 19 08 51', '', '', 'ESSAI', 0, 0, '', '', 'ESPECES'),
(3541, 1616, 1, 'YASSIGUIAMA', 'CS01-00108', 'CS01', 'CHRISTINE', '75000', NULL, 4, 0, '', 0, '1969-11-05', '', 'BANGUI', '1', '', NULL, '75 46 72 13', '', '', NULL, '2017-09-01', NULL, NULL, '', '', '', 'PRIMAIRE', '1', '', '', '2021-05-04', 1, 'BANGUI', 2, 1, 0, '', 'YASSIBANGUI AUGUSTINE', 'CELIBATAIRE', 'N°6136', '', '', '', 'MONZONGO NINA', '75 29 45 70', '', '', 'ESSAI', 0, 0, '', '', 'ESPECES'),
(3542, 1616, 1, 'SATEME', 'CS01-00109', 'CS01', 'VENITIEN', '75000', NULL, 5, 0, '', 0, '1983-01-25', '', 'BANGUI', '1', '', NULL, '75 77 95 91/ 72 72 72 75', '', '', NULL, '2017-08-12', NULL, NULL, '', '', '', 'SECONDAIRE', '2', '', '', '2021-05-04', 1, 'BANGUI', 1, 1, 0, 'SATEME OMER', 'LIBO VERONIQUE', 'CELIBATAIRE', 'N°1611', '', '', '', 'SATEME OMER', '75 04 10 01', '', '', 'ESSAI', 0, 0, '', '', 'ESPECES'),
(3543, 1505, 1, 'BATCHY', 'CS01-00110', 'C0493', 'JESUS JEAN NOEL CEORICK', '34000', NULL, 3, 0, '', 1, '1991-12-24', '', 'BANGUI', '1', '', NULL, '72 36 62 32/ 75 40 46 90', '', '', NULL, '2019-01-01', NULL, NULL, '', '', '', '3eme', '1', '', '', '2021-05-04', 1, '4ème ARRD', 1, 1, 0, 'BATCHY ZINDI LUC', 'BAGAZA MARCELINE', 'CELIBATAIRE', '', '', '', '', 'BATCHY ZINCI LUC', '72 57 94 50/ 72 15 16 33', '', '', 'ESSAI', 0, 0, '', '', 'VIREMENT'),
(3544, 1550, 1, 'NGBALET', 'CS01-00110', 'CS01', 'HERMAN', '75000', NULL, 3, 0, '', 0, '1992-07-29', '', 'BANGUI', '1', '11292011000010', NULL, '75 39 42 34', '', '', NULL, '2018-03-02', NULL, NULL, '', '', '', 'TERMINAL A', '2', '', '', '2021-05-04', 1, 'MBASSORO', 1, 1, 0, 'NGBALET ELIE MAGLOIR', 'YAGBENDO FLORANCE', 'CELIBATAIRE', '', '', '', '', 'NGBALET ELIE MAGLOIR', '75400497', '', '', 'ESSAI', 0, 0, '', '', 'ESPECES'),
(3545, 1550, 1, 'DEGBONDEMO', 'CS01-00111', 'CS01', 'CHANCELLA', '75000', NULL, 1, 0, '', 0, '1993-08-17', '', 'BANGUI', '1', '', NULL, '72 11 97 20/ 75 29 76 13', '', '', NULL, '2020-02-07', NULL, NULL, '', '', '', 'TERMINAL B', '2', '', '', '2021-05-04', 1, 'OUANGO', 2, 1, 0, 'NGOUMBETI ALFRED', 'ISSAMBO DELPHINE', 'CELIBATAIRE', '', '', '', '', 'ISSAMBO DELPHINE', '75 06 95 21', '', '', 'ESSAI', 0, 0, '', '', 'ESPECES'),
(3546, 113, 1, 'GON ', 'CS01-00112', 'CS01', 'OSCAR', '', NULL, 3, 0, '', 0, '1989-09-21', '', 'BANGUI', '1', '006094395134427', NULL, '75 91 04 07', '', '', NULL, '2019-06-04', NULL, NULL, '', '', '', 'UNIVERSITAIRE ', '3', '', '', '2021-05-04', 1, 'YAPELLE 3A', 1, 1, 0, 'GON LEANDRE', 'GON ANNE', 'CELIBATAIRE', '', '', '', '', '', '', '', '', 'ESSAI', 0, 0, '', '', 'ESPECES'),
(3547, 1546, 1, 'AKOKO', 'CS01-00113', 'CS01', 'EMMANUEL', '75000', NULL, 5, 0, '', 0, '1967-05-26', '', 'MOBAYE', '1', '10567000058197', NULL, '75 48 37 08/ 70 99 16 82', '', '', NULL, '2017-02-24', NULL, NULL, '', '', '', 'CM2', '1', '', '', '2021-05-04', 1, 'LADA BIMBO', 1, 1, 0, 'PASSANDJI PIERRE', 'KOTCHIOLO JOSEPHINE', 'CELIBATAIRE', 'N°218', 'N°425', '', '', '', '', '', '', 'ESSAI', 0, 0, '', '', 'ESPECES'),
(3548, 1548, 1, 'NANGA', 'CS01-00114', 'CS01', 'FELICITE', '75000', NULL, 5, 0, '', 0, '1985-09-15', '', 'BANGUI', '1', '', NULL, '', '', '', NULL, '2018-03-05', NULL, NULL, '', '', '', '3eme', '1', '', '', '2021-05-04', 1, 'CASSAI', 2, 1, 0, 'ENDOUZOUM MICHEL', 'KOYAZEGBE JAQUELINE', 'CELIBATAIRE', '', '', '', '', 'ENDOUROUN CHARL', '72 24 40 14', '', '', 'ESSAI', 0, 0, '', '', 'ESPECES'),
(3549, 1546, 1, 'MBONZO', 'CS01-00115', 'CS01', 'STANISLAS', '75000', NULL, 4, 0, '', 0, '1985-07-11', '', 'BIMBO', '1', '', NULL, '75 75 44 15/72 72 04 76', '', '', NULL, '2017-07-01', NULL, NULL, '', '', '', 'UNIVERSITAIRE ', '3', '', '', '2021-05-04', 1, 'VILLAGE  MANGAPON II', 1, 1, 0, 'MBONZO ANTOINE', 'KORODO LEGUINE', 'CELIBATAIRE', 'N°031', '', '', '', 'MBONZO ANTOINE', '72 24 01 12/ 75 55 88 47', '', '', 'ESSAI', 0, 0, '', '', 'ESPECES'),
(3550, 1548, 1, 'BISSA', 'CS01-00116', 'CS01', 'JEAN CHRISTOPHE', '75000', NULL, 0, 0, '', 0, '1966-12-27', '', 'BANGUI', '1', '', NULL, '72 39 51 48', '', '', NULL, NULL, NULL, NULL, '', '', '', '4ème', '1', '', '', '2021-05-04', 1, 'KOUKOULOU', 1, 1, 0, 'BISSA PIERRE', 'KONDE PAULINE', 'CELIBATAIRE', 'N°5883', '', '', '', 'ORE GERRY', '75 54 17 70', '', '', 'ESSAI', 0, 0, '', '', 'ESPECES'),
(3551, 1548, 1, 'TOUROUKA', 'CS01-00117', 'CS01', 'ADOLPHE', '', NULL, 0, 0, '', 0, '1973-03-03', '', 'BANGUI', '1', '10373011000443', NULL, '75 77 02 86', '', '', NULL, '2017-11-26', NULL, NULL, '', '', '', 'PRIMAIRE', '1', '', '', '2021-05-04', 1, 'BANGUI', 1, 1, 0, 'GABATI ADOLPHE', 'LATTO LOUISE', 'CELIBATAIRE', '', '', '', '', 'JUNIOR DAMANGO', '75 50 00 67', '', '', 'ESSAI', 0, 0, '', '', 'ESPECES'),
(3552, 1548, 1, 'DEOUSSOU', 'CS01-00118', 'CS01', 'THIBEAU', '', NULL, 0, 0, '', 0, '1984-12-04', '', 'BANGUI', '1', 'N°15', NULL, '72 40 13 50/ 75 92 66 52', '', '', NULL, '2019-01-01', NULL, NULL, '', '', '', 'PRIMAIRE', NULL, '', '', '2021-05-04', 1, 'BANGUI', 1, 1, 0, 'DEOUSSOU FIDELE', 'IBADA BEATRICE', 'CELIBATAIRE', '', '', '', '', 'DEOUSSOU FIDELE', '72 05 92 75', '', '', 'ESSAI', 0, 0, '', '', 'ESPECES');
INSERT INTO `agent` (`id`, `postegarde`, `grade`, `nom`, `matricule`, `prefixematricule`, `prenoms`, `salairefixe`, `primes`, `charge`, `cotisation`, `numeroemploye`, `typesalairie`, `datenaissance`, `photo`, `lieunaissance`, `nationalite`, `referencecarteidentite`, `dateetablissementcarteidentite`, `telephone`, `portable`, `email`, `dateexpirationcarteidentite`, `datedebutcontrat`, `datefincontrat`, `datefintraitementsalarial`, `lieuetablissementcarteidentite`, `autoriteetablissementcarteidentite`, `notes`, `niveauetude`, `dernierdiplome`, `anneeobtentiondiplome`, `lieuobtentiondiplome`, `datecreation`, `documentidentite`, `adresse`, `sexe`, `actif`, `anpe`, `nomprenomspere`, `nomprenomsmere`, `situationmatrimoniale`, `referencesextraitnais`, `referencescasierjudiciaire`, `referencesenquetemoralite`, `referencespromotion`, `nompersonneaprevenir1`, `telpersonneaprevenir1`, `nompersonneaprevenir2`, `telpersonneaprevenir2`, `formecontrat`, `autreprime`, `banque`, `codeguichet`, `comptebancaire`, `modepaiement`) VALUES
(3553, 1548, 1, 'KOKO-GBANZI ', 'CS01-00119', 'CS01', 'ODILON BLANCHARD.CHANCE', '', NULL, 1, 0, '', 0, '1993-04-06', '', 'BANGUI', '1', '', NULL, '75 41 95 24/ 72 38 77 53', '', '', NULL, '2017-07-30', NULL, NULL, '', '', '', 'UNIVERSITAIRE ', '3', '', '', '2021-05-04', 1, 'BANGUI', 1, 1, 0, 'KOKO-GBANZI JUSTIN', 'GAMANZA ELENA', 'CELIBATAIRE', 'N°412', '', '', '', 'GAMANZA ELENA', '75 74 83 74', '', '', 'ESSAI', 0, 0, '', '', 'ESPECES'),
(3554, 1578, 1, 'GATY', 'CS01-00120', 'CS01', 'TRED NINO', '45000', NULL, 2, 0, '', 0, '1990-05-29', '', 'BANGUI', '1', '', NULL, '72 69 04 04/ 75 69 04 04', '', '', NULL, '2021-04-07', NULL, NULL, '', '', '', 'UNIVERSITAIRE', '3', '', '', '2021-05-04', 1, 'BANGUI', 1, 1, 0, 'GATY LEVY', 'MBOUWENE GEORGINE', 'CELIBATAIRE', 'N°4410/18', '', '', '', 'YOMBO NINA', '75 33 33 18', '', '', 'ESSAI', 0, 0, '', '', 'ESPECES'),
(3555, 1543, 1, 'BONDOKO-NDEKAWANE', 'CS01-00121', 'CS01', 'MARIE-NOELLE', '', NULL, 3, 0, '', 0, '1988-12-25', '', 'NGAOUDAYE', '1', '', NULL, '70 96 49 03/72 60 19 59', '', '', NULL, '2019-01-01', NULL, NULL, '', '', '', 'UNIVERSITAIRE', '5', '', '', '2021-05-04', 1, 'BOY-RAB', 2, 1, 0, 'BONDOKO GABRIEL', 'KISSIGUENE CLAUDINE', 'CELIBATAIRE', 'N°00154', '', '', '', 'ANSELME', '72 09 91 20', '', '75 09 91 20', 'ESSAI', 0, 0, '', '', 'ESPECES'),
(3556, 1611, 1, 'KIZIMARA YAMALI', 'CS01-00122', 'CS01', 'ZEN JAMIN', '', NULL, 0, 0, '', 0, '1999-01-01', '', 'BANGUI', '1', '', NULL, '75 32 44 55', '', '', NULL, '2017-12-12', NULL, NULL, '', '', '', 'PRIMAIRE', '1', '', '', '2021-05-04', 1, 'KPETENE', 1, 1, 0, 'KIZIMARA LUCAS', 'YANGBALE THERESE', 'CELIBATAIRE', '', '', '', '', 'KIZIMARA TABRICE', '75175505', '', '', 'ESSAI', 0, 0, '', '', 'ESPECES'),
(3557, 1543, 1, 'DEAOUENAM', 'CS01-00123', 'CS01', 'BORIS-SYLVERE', '', NULL, 2, 0, '', 0, '1993-06-21', '', 'BANGUI', '1', '000161671', NULL, '70 02 96 02/72 64 63 54', '', '', NULL, '2017-07-30', NULL, NULL, '', '', '', 'UNIVERSITAIRE', '5', '', '', '2021-05-04', 2, 'BOY-RABE', 1, 1, 0, 'DEAOUENAM RAYMONDS', 'MOUSSA GENEVIEVE', 'CELIBATAIRE', 'N°062', '', '', '', 'GENEVIEVE ', '72404053/72 33 75 86', '', '', 'ESSAI', 0, 0, '', '', 'ESPECES'),
(3558, 1559, 1, 'MBASSA GATTOROS', 'CS01-00124', 'CS01', 'NAFISSA CARMELA BLANCHE', '', NULL, 0, 0, '', 0, '1990-10-29', '', 'BANGUI', '1', '', NULL, '75 21 73 21/ 72 24 84 88', '', '', NULL, '2021-05-04', NULL, NULL, '', '', '', 'TERMINAL', '3', '', '', '2021-05-04', 1, 'BANGUI', 1, 1, 0, 'MBASSA GATTOROS', 'KOPOGO CHARLOTTE', 'CELIBATAIRE', '', '', '', '', 'GATTOROS MAIME', '75 29 28 01/ 75 05 81 12', '', '', 'ESSAI', 0, 0, '', '', 'ESPECES'),
(3559, 1559, 1, 'WELETANGA', 'CS01-00125', 'CS01', 'MARTIAL CARMEL HERBIN', '', NULL, 0, 0, '', 0, '1989-04-14', '', 'BEGOUA', '1', 'C0373', NULL, '72 15 01 91/ 75 63 08 66', '', '', NULL, '2018-02-01', NULL, NULL, '', '', '', 'SECONDAIRE', '2', '', '', '2021-05-04', 1, 'KAIMBA', 1, 1, 0, 'WELETANGA NOEL', 'YASSINGOU', 'CELIBATAIRE', 'N°2452', '', '', '', 'WELETANGA YANICK', '72 23 85 30', '', '', 'ESSAI', 0, 0, '', '', 'ESPECES'),
(3560, 1559, 1, 'KANGUITE NGBAHANZO', 'CS01-00126', 'CS01', 'CLAVIN PARFFAIT', '', NULL, 0, 0, '', 0, '1992-02-05', '', 'BANGUI', '1', '', NULL, '75 79 21 37/ 72 75 62 67', '', '', NULL, NULL, NULL, NULL, '', '', '', 'UNIVERSITAIRE ', '3', '', '', '2021-05-04', 1, 'BANGUI', 1, 1, 0, 'KANGUITE NGBAHANZO', 'NVOUNI LOUISE', 'CELIBATAIRE', '', '', '', '', 'KANGUITE NGBAHANZO-P', '75 03 47 55/ 72 12 03 95', '', '', 'ESSAI', 0, 0, '', '', 'ESPECES'),
(3561, 1559, 1, 'SEM-KOUROUSSOU', 'CS01-00127', 'CS01', 'BELMISSE PIERRE', '', NULL, 2, 0, '', 0, '1994-05-16', '', 'BANGUI', '1', '', NULL, '72 70 48 46/ 75 82 31 28', '', '', NULL, NULL, NULL, NULL, '', '', '', 'TERMINAL', '3', '', '', '2021-05-04', 1, 'BANGUI', 1, 1, 0, 'SEM MARC', 'FEIFIONAM MARIE', 'CELIBATAIRE', '', '', '', '', 'SEM MARC', '72 12 13 41/ 72 22 72 91', '', '', 'ESSAI', 0, 0, '', '', 'ESPECES'),
(3562, 1561, 1, 'KPOMABOUKAMA', 'CS01-00128', 'CS01', 'GERNOT TRESOR', '', NULL, 3, 0, '', 0, '1987-10-09', '', 'BATALINO', '1', '11087011001800', NULL, '75 57 78 40/70 12 92 17', '', '', NULL, '2017-08-01', NULL, NULL, '', '', '', 'UNIVERSITAIRE', '3', '', '', '2021-05-04', 1, 'BIMBO', 1, 1, 0, 'KPOMABOUKAMA DENIS', 'ALEDE LEONIE', 'CELIBATAIRE', 'N°209', '', '', '', 'BOBELE GERVAIS', '75 71 89 75', '', '', 'ESSAI', 0, 0, '', '', 'ESPECES'),
(3563, 1561, 1, 'LOUDIAGA', 'CS01-00129', 'CS01', 'PATRICK', '75000', NULL, 5, 0, '', 0, '1997-01-03', '', 'OMBELLA', '1', '1017701000541567', NULL, '75 54 92 59/ 72 10 19 79', '', '', NULL, '2017-11-30', NULL, NULL, '', '', '', 'TERMINAL ', '3', '', '', '2021-05-05', 1, 'GONBOGO II', 1, 1, 0, 'MANDABA RICHARD', 'ZISKOMBI LUISE', 'CELIBATAIRE', 'N°0055', '', '', '', 'BINGA INGRIS', '', '', '', 'ESSAI', 0, 0, '', '', 'ESPECES'),
(3564, 1557, 1, 'KOGASSIMBA', 'CS01-00130', 'CS01', 'CORETHA CHANCELLA', '', NULL, 3, 0, '', 0, '1998-12-10', '', 'SATEMA', '1', '', NULL, '75 52 26 46/ 72 41 14 48', '', '', NULL, '2017-08-01', NULL, NULL, '', '', '', '3ème', '1', '', '', '2021-05-05', 1, 'NGBANGOUMA', 2, 1, 0, 'KOGASSIMBA DANIEL', 'KOGASSIMBA BERTUE', 'CELIBATAIRE', 'N°073/99', '', '', '', 'KOGASSIMBA DANIEL', '75 41 56 04/ 72 16 50 40', '', '', 'ESSAI', 0, 0, '', '', 'ESPECES'),
(3565, 1557, 1, 'KOYABASSO-ZIAZOMO', 'CS01-00131', 'CS01', 'FABRICE HEMERICK', '', NULL, 2, 0, '', 0, '1998-08-14', '', 'SATEMA', '1', '', NULL, '75 93 89 08/ 72 80 36 32', '', '', NULL, '2017-08-01', NULL, NULL, '', '', '', 'UNIVERSITAIRE ', '4', '', '', '2021-05-05', 1, 'SAO', 1, 1, 0, 'KOYABASSO SEVERIN', 'YANGBOLINE ANNE MARIE', 'CELIBATAIRE', 'N°078', '', '', '', 'KOYABASSO JOSE MAGLOIRE', '75 40 75 87', '', '', 'ESSAI', 0, 0, '', '', 'ESPECES'),
(3566, 1567, 1, 'MANDAGO', 'CS01-00132', 'CS01', 'SANI GHYSLAINE', '75000', NULL, 4, 0, '', 0, '1993-02-16', '', 'BANGUI', '1', '9300004003047', NULL, '75 82 97 84/ 72 25 21 62', '', '', NULL, '2019-03-01', NULL, NULL, '', '', '', 'SECONDAIRE', '2', '', '', '2021-05-05', 1, 'BANGUI', 1, 1, 0, 'MANDAGO MICHELLE', 'DONGUINZA COLETTE', 'CELIBATAIRE', '', '', '', '', 'MANDAGO DEBORAH', '72 72 77 58/75 44 33 45', '', '', 'ESSAI', 0, 0, '', '', 'ESPECES'),
(3567, 1674, 1, 'NDOFA ', 'CS01-00133', 'CS01', 'ARNOLD DIDIER', '', NULL, 3, 0, '', 0, '1988-05-22', '', 'BANGUI', '1', '10577011000571', NULL, '75 52 63 90', '', '', NULL, '2021-03-13', NULL, NULL, '', '', '', 'SECONDAIRE', '2', '', '', '2021-05-05', 1, '', 1, 1, 0, 'NDOFA LOUIS ', 'SELEPONDO ROSALIE', 'CELIBATAIRE', '', '', '', '', 'NDOFA BERTIN', '75 50 32 27', '', '', 'ESSAI', 0, 0, '', '', 'ESPECES'),
(3568, 1583, 1, 'BEOROFEI ', 'CS01-00134', 'CS01', 'FLORENT', '', NULL, 6, 0, '', 0, '1996-07-11', '', 'BANGUI', '1', '20200910197139484', NULL, '72 04 84 71/ 75 47 69 15', '', '', NULL, '2017-12-02', NULL, NULL, '', '', '', 'TERMINAL A', '3', '', '', '2021-05-05', 1, 'CAMBATTAUT', 1, 1, 0, 'BEOROFEI ABEL', 'IKIDJI CHRISTINE', 'CELIBATAIRE', 'N°816', '', '', '', 'KOUZOUMANDJI BRICE', '75 14 72 32', '', '', 'ESSAI', 0, 0, '', '', 'ESPECES'),
(3569, 1583, 1, 'YETINZAPA', 'CS01-00135', 'CS01', 'ARSENE BERNARD', '', NULL, 4, 0, '', 0, '1990-07-11', '', 'NDAI', '1', '202000609165730001', NULL, '75 60 03 17/ 72 61 73 20', '', '', NULL, '2018-08-01', NULL, NULL, '', '', '', 'UNIVERSITAIRE ', '5', '', '', '2021-05-05', 1, 'SAPEKE II', 1, 1, 0, 'KONZI DIEUDONNE', 'YALIBONGO JEANNE', 'CELIBATAIRE', 'N°058', '', '', '', 'YEWA AIME', '72 72 34 65', '', '', 'ESSAI', 0, 0, '', '', 'ESPECES'),
(3570, 1690, 1, 'MATEVALA', 'CS01-00136', 'CS01', 'AREL JUNIOR THYCHIQUE', '', NULL, 3, 0, '', 0, '1991-08-05', '', 'BANGUI', '1', '', NULL, '75 11 37 08', '', '', NULL, '2018-04-15', NULL, NULL, '', '', '', 'TERMINAL A', '3', '', '', '2021-05-05', 1, 'FOUH DDS', 1, 1, 0, 'MATEVALA INNOCENT', 'INDENA NATACHA', 'CELIBATAIRE', '', '', '', '', 'INDENA NATACHA', '75 41 61 11', '', '', 'ESSAI', 0, 0, '', '', 'ESPECES'),
(3571, 1574, 1, 'SENAFEMITIA', 'CS01-00137', 'CS01', 'BONIFACE', '', NULL, 4, 0, '', 0, '1994-08-25', '', 'BANGUI', '1', '097594816249794', NULL, '72 45 14 91/75 85 51 86', '', '', NULL, '2019-01-01', NULL, NULL, '', '', '', 'UNIVERSITAIRE ', '3', '', '', '2021-05-05', 1, '', 1, 1, 0, 'SENAFEMITIA NOEL', 'WOINREO MONIQUE', NULL, '', '', '', '', 'NGBANZAKO PRIVAT', '72 79 36 58', '', '', 'ESSAI', 0, 0, '', '', 'ESPECES'),
(3572, 113, 1, 'NGOUAMATCHI', 'CS01-00138', 'CS01', 'MARIE BLANDINE ', '', NULL, 4, 0, '', 0, '1990-03-24', '', 'BANGUI', '1', '', NULL, '72 71 91 76', '', '', NULL, NULL, NULL, NULL, '', '', '', '3eme', '2', '', '', '2021-05-05', 1, 'BOY RAB', 1, 1, 0, 'NGOUAMATCHI ANTOINE', 'NDOUKONZOU ARRIETE', 'CELIBATAIRE', 'N°2991', '', '', '', 'BELLA ALAIN', '75 45 25 72', '', '', 'ESSAI', 0, 0, '', '', 'ESPECES'),
(3573, 1509, 1, 'LOMBE-LEON', 'CS01-00132', 'BBS03', 'LEON', '34000', NULL, 0, 0, '', 1, '1989-06-04', '', 'BANGUI', '1', '', NULL, '', '', '', NULL, '2017-08-31', NULL, NULL, '', '', '', '3eme', '2', '', '', '2021-05-05', 1, 'BANGUI', 1, 1, 0, 'KANZA J LOUIS', 'YANDAGAU LUCIENNE', 'CELIBATAIRE', '', '', '', '', 'KELON ANDRE', '75 03 75 84', '', '', 'CDD', 0, 0, '', '', 'VIREMENT'),
(3574, 1506, 1, 'NDANGUE', 'CS01-00133', 'CS01', 'JEAN MARIE', '34000', NULL, 9, 0, '', 0, '1986-12-25', '', 'BIMBO', '1', 'N°10614', NULL, '75 83 97 80', '', '', NULL, NULL, NULL, NULL, '', '', '', '4èME', '1', '', '', '2021-05-05', 1, 'PETEVO', 1, 1, 0, 'NGAKOCA ANDRE', 'GUEREVIPILIMA CLEMENTINE', 'CELIBATAIRE', '', '', '', '', 'NDANGUE MBOMBO AYMARD', '75 77 19 83', '', '', 'CDD', 0, 0, '', '', ''),
(3575, 1509, 1, 'KOYERE-KIRI', 'CS01-00134', 'CS01', 'REMY PARFAIT', '34000', NULL, 2, 0, '', 0, '1986-08-19', '', 'BANGUI', '1', '', NULL, '75 32 11 03/ 72 72 01 92', '', '', NULL, '2017-07-17', NULL, NULL, '', '', '', 'UNIVERSITAIRE ', '6', '', '', '2021-05-05', 1, 'VILLA KOLONGO', 1, 1, 0, 'GREMBOMBO ANTOINE .N', 'GOTIMBANGUR JULIENNE', 'CELIBATAIRE', 'N°47 DU 21/01/2005', '', '', '', 'GREMBOMBO LEA FELECITE', '72 71 98 76', '', '', 'CDD', 0, 0, '', '', 'ESPECES'),
(3576, 1509, 1, 'NGBALET PENDA', 'CS01-00135', 'CS01', 'EMERY', '34000', NULL, 5, 0, '', 0, '1990-02-17', '', 'BANGUI', '1', '10290011001708', NULL, '75 32 63 70/ 72 29 47 39', '', '', NULL, '2017-12-02', NULL, NULL, '', '', '', '5ème', '1', '', '', '2021-05-05', 1, 'PETEVO', 1, 1, 0, 'NGBALET ELIE', 'YANGBEDO FLORENCE', 'CELIBATAIRE', 'N°4812', 'N16651', '', '', 'NVONI ARON TANGUI', '72 03 68 14/ 75 66 92 06', '', '', 'CDD', 0, 0, '', '', ''),
(3577, 1616, 1, 'GBENIMET ', 'CS01-00136', 'CS01', 'BRICE', '34000', NULL, 1, 0, '', 0, '1978-10-04', '', 'BANGUI', '1', '', NULL, '75 31 39 55/ 72 75 74 61', '', '', NULL, '2017-09-01', NULL, NULL, '', '', '', 'TERMINAL B', '2', '', '', '2021-05-05', 1, 'BANGUI', 1, 1, 0, 'GBENIMET AL', 'YANGBA LOUISE', 'CELIBATAIRE', '', '', '', '', 'GBENIMET VIVIANE', '75 03 49 21', '', '', 'CDD', 0, 0, '', '', ''),
(3578, 1616, 1, 'KONGROUMBA', 'CS01-00137', 'CS01', 'BORIS', '34000', NULL, 3, 0, '', 0, '1984-04-30', '', 'BANGUI', '1', '', NULL, '75 01 37 95/ 72 88 54 95', '', '', NULL, '2017-09-01', NULL, NULL, '', '', '', 'TERMINAL A', '2', '', '', '2021-05-05', 1, 'BANGUI', 1, 1, 0, 'GOURSONNE J', 'FOUOT CHRISTI?NE', 'CELIBATAIRE', '', '', '', '', 'MBENGAELI SYLVIN', '72822320', '', '', 'CDD', 0, 0, '', '', ''),
(3579, 1615, 1, 'SIOLO NAKPAYO', 'CS01-00138', 'CS01', 'NADINE', '34000', NULL, 3, 0, '', 0, '1990-10-22', '', 'BANGASSOU', '1', '', NULL, '75 38 58 89 / 72 68 30 66', '', '', NULL, '2017-08-01', NULL, NULL, '', '', '', 'UNIVERSITAIRE ', '4', '', '', '2021-05-05', 1, 'BANGUI', 2, 1, 0, 'SIDO GASPAR', 'YANGO ROMAINE', 'CELIBATAIRE', '', '', '', '', 'LOUVOUDOU JOSPHE', '75 75 42 71', '', '', 'CDD', 0, 0, '', '', ''),
(3580, 1616, 1, 'GBAMOU-CORDYZORGA', 'CS01-00139', 'CS01', 'NATACHA ULRICH', '34000', NULL, 3, 0, '', 0, '1983-03-23', '', 'BANGUI', '1', '', NULL, '70 39 72 53', '', '', NULL, '2017-10-01', NULL, NULL, '', '', '', '3eme', '2', '', '', '2021-05-05', 1, 'BANGUI', 2, 1, 0, 'CORDYZOGO GEORGE', 'IGUELE MARGUERITHE', 'CELIBATAIRE', '', '', '', '', 'TIZA-MSUDIDO', '72 87 74 84', '', '', 'CDD', 0, 0, '', '', ''),
(3581, 1616, 1, 'BENGA', 'CS01-00140', 'CS01', 'CLAVES', '34000', NULL, 3, 0, '', 0, '1980-05-10', '', 'BANGUI', '1', '105867233156', NULL, '75 39 09 18/ 72 47 66 00', '', '', NULL, '2017-08-01', NULL, NULL, '', '', '', 'UNIVERSITAIRE ', '3', '', '', '2021-05-05', 1, 'BANGUI', 1, 1, 0, 'BENGA REMY', 'YADELI MARIE FRANCE', 'CELIBATAIRE', 'N°00112', 'N°4912', '', '', 'BENGA SESSEXENA REMY ', '75 51 05 27', '', '', 'CDD', 0, 0, '', '', ''),
(3582, 1509, 1, 'MOTEMOYEN', 'CS01-00141', 'CS01', 'FERNAND', '34000', NULL, 0, 0, '', 0, '1972-09-03', '', 'BANGUI', '1', '', NULL, '75 55 28 06', '', '', NULL, '2019-07-17', NULL, NULL, '', '', '', 'SECONDAIRE', '2', '', '', '2021-05-05', 1, 'BANGUI', 1, 1, 0, 'MOTEMOYEN F', 'IKOUZOU MARIE THERESE', 'CELIBATAIRE', '', '', '', '', 'MOTEMOYEN BERTIN', '75 20 12 38', '', '', 'CDD', 10, 0, '', '', ''),
(3583, 1509, 1, 'WETE-KETTE', 'CS01-00142', 'CS01', 'FELICIEN', '34000', NULL, 10, 0, '', 0, '1970-02-16', '', 'MOBAYE', '1', '', NULL, '75 70 35 22/ 72 38 46 51', '', '', NULL, '2017-09-01', NULL, NULL, '', '', '', '3ème', '2', '', '', '2021-05-05', 1, 'BANGUI', 1, 1, 0, 'MONGBETO ALBERT', 'GREYANZAMBO', 'CELIBATAIRE', '', '', '', '', 'WETE-GBANGOU ODON', '75 31 05 42', '', '', 'CDD', 0, 0, '', '', ''),
(3584, 1616, 1, 'GUEREKAZANGA', 'CS01-00143', 'CS01', 'DIEU DONNE', '34000', NULL, 9, 0, '', 0, '1972-12-31', '', 'MOBAYE', '1', '1127271100011', NULL, '75 55 76 12/ 72 24 05 18', '', '', NULL, '2017-08-01', NULL, NULL, '', '', '', '6ème', '1', '', '', '2021-05-05', 1, 'BRUXELLE ', 1, 1, 0, 'KPOUBOU ANTOINE', 'YANGO YVONNE', 'CELIBATAIRE', 'N°178', '', '', '', 'GAYEN LINE ALPHONCE', '75 26 49 51', '', '', 'CDD', 0, 0, '', '', ''),
(3585, 1575, 1, 'YAMINDJI-YAMALET', 'CS01-00144', 'CS01', 'Alban Marius', '34000', NULL, 2, 0, '', 0, '1996-01-30', '', 'Bangui', '1', '1019701000573906', NULL, '+236 72848382', '+236 75467991', '', NULL, '2028-12-31', NULL, NULL, 'Bangui/RCA', 'Bangui/RCA', '', 'Deuxieme annee', '3', '', '', '2021-05-06', 1, 'Issa II', 1, 1, 0, 'YAMINDJI Leon Marcel', 'ZOU-OKO Nina', 'CELIBATAIRE', '5206/16', '', '', '', 'BAMARA Anaelle', '+236 72177353', '', '', 'CDD', 0, 17, '', '', 'VIREMENT'),
(3586, 1561, 1, 'ADAM', 'CS01-00145', 'CS01', 'Alamine', '34000', NULL, 4, 0, '', 0, '1990-05-25', '', 'Bangassou', '1', '', NULL, '+236 72903492', '+236 75881973', '', NULL, '2019-06-25', NULL, NULL, '', '', '', '4e annee', '5', '', '', '2021-05-06', 1, 'Benz-vi', 1, 1, 0, 'ABAKAR Yawa', 'LAMESSI Isabelle ', 'CELIBATAIRE', 'N°416', '', '', '', 'YENI Junior', '+236 72183695', '', '', 'CDD', 0, 17, '', '', 'VIREMENT'),
(3587, 1576, 1, 'GUINGOUNI', 'CS01-00146', 'CS01', 'Bruno Brice', '34009', NULL, 2, 0, '', 0, '1998-07-10', '', 'Bangui', '1', '', NULL, '', '+236 72521607', '', NULL, '2020-03-31', NULL, NULL, '', '', '', '1ere', '2', '', '', '2021-05-06', 1, 'Bangui', 1, 1, 0, 'GUINGOUNI Jonathan ', 'PONDOI Solange', 'CELIBATAIRE', '', '', '', '', 'MALIKIAN Amine', '+236 75061406', '', '', 'CDD', 0, 17, '', '', 'VIREMENT'),
(3588, 1558, 1, 'TONAN GONANA', 'CS01-00147', 'CS01', 'Freddy Syvert', '34000', NULL, 0, 0, '', 0, '1989-04-03', '', 'Berberati', '1', '1047903001617568', NULL, '+236 75789605', '+236 72302485', '', NULL, '2017-11-02', NULL, NULL, 'Bangui/RCA ', 'Bangui/RCA ', '', 'Seconde', '2', '', '', '2021-05-06', 1, 'Dedengue2, Fouh 4e arrondissement ', 1, 1, 0, 'TONAN Jean-Baptiste ', 'IDANGA Asta Valerie', 'CELIBATAIRE', 'N 476', '', '', '', 'KONGBO Tatiana', '+236 75008878 / 70508847', '', '', 'CDD', 0, 17, '', '', 'VIREMENT'),
(3589, 1569, 1, 'MAVOLAMODE', 'CS01-00148', 'CS01', 'Guy Narcisse', '34000', NULL, 3, 0, '', 0, '1998-09-18', '', 'Bangui', '1', '1099801001259080', NULL, '+236 72478108', '+236 75054530', '', NULL, '2021-05-05', NULL, NULL, 'Bangui/RCA', 'Bangui/RCA', '', 'Terminale ', '2', '', '', '2021-05-06', 1, '6e arrondissement ', 1, 1, 0, 'MAVOLAMODE Barnabe', 'YAKAPALA Louise', 'CELIBATAIRE', '', '', '', '', 'YAKAPALA Louise', '+236 75005413', '', '', 'CDD', 0, 17, '', '', 'VIREMENT'),
(3590, 1569, 1, 'GOYO', 'CS01-00149', 'CS01', 'Eveline Elsa', '34000', NULL, 4, 0, '', 0, '1992-08-02', '', 'Bangui', '1', '000169816', NULL, '+236 75437112', '+236 72378995', '', NULL, '2017-07-27', NULL, NULL, '', '', '', 'Seconde', '2', '', '', '2021-05-06', 2, '5e arrondissement ', 2, 1, 0, 'GOYO Jerome', 'NABONA Josephine', 'CELIBATAIRE', 'N 2909', '', '', '', 'TODAM Rodrigue', '+236 72268850', '', '', 'CDD', 0, 17, '', '', 'VIREMENT'),
(3591, 1545, 1, 'WENDY LUBADIKA', 'CS01-00150', 'CS01', 'Jean-Baptiste Prince', '34000', NULL, 2, 0, '', 0, '1993-10-12', '', 'Bangui', '1', '', NULL, '+236 75823730 / 70002716', '+236 72340069', '', NULL, '2018-04-04', NULL, NULL, '', '', '', 'Premiere annee ', '3', '', '', '2021-05-06', 1, '4e arrondissement ', 1, 1, 0, 'KOMBELE Theophile ', 'YALINDO Marie-Louise', 'CELIBATAIRE', 'N 1743', '', '', '', 'KOMBELE Adolph', '+236 72353220', '', '', 'CDD', 0, 17, '', '', 'VIREMENT'),
(3592, 1585, 1, 'KOGNABADE MASSAMBA', 'CS01-00151', 'CS01', 'Sitihus Christo', '34000', NULL, 2, 0, '', 0, '1996-10-10', '', 'Bangui ', '1', '', NULL, '+236 75720225', '+236 72213120', '', NULL, '2021-03-25', NULL, NULL, '', '', '', 'Premiere annee ', '3', '', '', '2021-05-06', 1, 'Bangui ', 1, 1, 0, 'KOGNABADE Roger', 'GOBOLO Gisele', 'CELIBATAIRE', '', '', '', '', 'ESSOUMA Ida Jasmine', '+236 75662116 / 72143669', '', '', 'CDD', 0, 17, '', '', 'VIREMENT'),
(3593, 1585, 1, 'BEDOT', 'CS01-00152', 'CS01', 'Roger Cyriaque', '34000', NULL, 3, 0, '', 0, '1979-06-06', '', 'Mbaiki', '1', '', NULL, '+236 75264695', '+236 72901104 ', '', NULL, '2021-03-22', NULL, NULL, '', '', '', '1ere', '2', '', '', '2021-05-06', 1, 'Bimbo 2', 1, 1, 0, 'BEDOT Jean François ', 'BOLLO Jacqueline ', 'CELIBATAIRE', 'N 4194', '', '', '', 'SOUPENE Alek', '+236 75050953', '', '', 'CDD', 0, 17, '', '', 'VIREMENT'),
(3594, 1585, 1, 'NGANAMO KOITIGAMA', 'CS01-00153', 'CS01', 'Junior Stanislas', '34000', NULL, 2, 0, '', 0, '1992-07-18', '', 'Bzngui', '1', '', NULL, '', '+236 72286606', '', NULL, '2021-03-25', NULL, NULL, '', '', '', 'Premiere annee ', '3', '', '', '2021-05-06', 1, 'Begoua', 1, 1, 0, 'NGANAMO Clement', 'SARAGBA KOTENA Danielle', 'CELIBATAIRE', 'N 156', '', '', '', 'NEOROFEI Tania', '+236 72045228 / 75855186', '', '', 'CDD', 0, 17, '', '', 'VIREMENT'),
(3595, 1585, 1, 'LAMBA KONZA', 'CS01-00154', 'CS01', 'Lionel Chavston', '34000', NULL, 1, 0, '', 0, '1999-09-07', '', 'Begoua', '1', '', NULL, '+236 72771288', '+236 75920892', '', NULL, '2021-03-31', NULL, NULL, '', '', '', 'Premiere annee ', '3', '', '', '2021-05-06', 1, 'Kpetene, 6e arrondissement ', 1, 1, 0, 'LAMBA Mathieu', 'BEMA Flavie', 'CELIBATAIRE', 'N 134', '', '', '', 'BEMA Flavie', '+236 72233304', '', '', 'CDD', 0, 17, '', '', 'VIREMENT'),
(3596, 1694, 1, 'BEKO ', 'CS01-00155', 'CS01', 'Aubin', '34000', NULL, 3, 0, '', 0, '1993-03-13', '', 'Bria', '1', '1039311000542541', NULL, '+236 75646930', '+236 72779767', '', NULL, '2017-07-27', NULL, NULL, 'Bangui', 'Bangui', '', 'Terminale ', '2', '', '', '2021-05-06', 1, 'Bangui\n', 1, 1, 0, 'BEKO Doui Claude', 'YASSIBALE Genevieve', '', 'N 541', '', '', '', '', '', '', '', 'CDD', 0, 17, '', '', 'VIREMENT'),
(3597, 1712, 1, 'KAMBA', 'CS01-00156', 'CS01', 'Ulrich Jordan ', '34000', NULL, 2, 0, '', 0, '1998-08-30', '', 'Bambari', '1', '', NULL, '', '+236 75512650', '', NULL, '2020-12-06', NULL, NULL, '', '', '', 'Terminale ', '2', '', '', '2021-05-06', 1, '4e arrondissement ', 1, 1, 0, 'KAMBA Yvon', 'MANDAKOUZOU Jeanne', 'CELIBATAIRE', 'N 316', '', '', '', 'MOUSSA Gael', '+236 72356091', '', '', 'CDD', 0, 17, '', '', 'VIREMENT'),
(3598, 1696, 1, 'NDAI DIDIGNI', 'CS01-00157', 'CS01', 'Patrick Dectrail', '34009', NULL, 6, 0, '', 0, '1985-11-30', '', 'Bangui', '1', '', NULL, '+236 72676263', '+236 757905', '', NULL, '2019-08-19', NULL, NULL, '', '', '', '2e annee de medecine', '3', '', '', '2021-05-06', 1, 'Ouango', 1, 1, 0, 'NDAI Alphonse', 'DOLANDA Sebastine', 'CELIBATAIRE', '', '', '', '', 'NDAI MEBOUKOU Dieudonne', '+236 72105784', '', '', 'CDD', 0, 17, '', '', 'VIREMENT'),
(3599, 1530, 1, 'KOGRENGBO ', 'CS01-00158', 'CS01', 'Akilas', '34000', NULL, 3, 0, '', 0, '1985-05-04', '', 'Bangui', '1', '', NULL, '', '+236 75576150', '', NULL, '2017-11-29', NULL, NULL, '', '', '', 'Seconde ', '2', '', '', '2021-05-06', 1, 'Bangui ', 1, 1, 0, 'KONGRENGBO Louis Mari', 'DINDIMA Olga', 'CELIBATAIRE', '', '', '', '', 'GNAMATE Herman', '+236 75204838', '', '', 'CDD', 0, 17, '', '', 'VIREMENT'),
(3600, 1701, 1, 'GONOHOMBA', 'CS01-00159', 'CS01', 'Jean-Paul', '34000', NULL, 7, 0, '', 0, '1980-10-21', '', 'Zangba', '1', '', NULL, '+236 72760242', '+236 75110195', '', NULL, '2017-02-01', NULL, NULL, '', '', '', '1ere annee', '3', '', '', '2021-05-06', 1, 'Bangui', 1, 1, 0, 'GONOHOMBA Patrice', 'YASSI Marianne', 'CELIBATAIRE', '', '', '', '', 'ZIANGA Modeste', '+236 73634278', '', '', 'CDD', 0, 17, '', '', 'VIREMENT'),
(3601, 1701, 1, 'MBOKOLE', 'CS01-00160', 'CS01', 'Romain Rolf Radja', '34000', NULL, 2, 0, '', 0, '1994-02-14', '', 'Begoua', '1', '', NULL, '+236 72433064', '+236 75452329', '', NULL, '2019-10-03', NULL, NULL, '', '', '', '1ere annee', '3', '', '', '2021-05-06', 1, '5e arrondissement ', 1, 1, 0, 'MBOKOLE PEPE Edouard', 'OUAZOUNAM Solange', 'CELIBATAIRE', '', '', '', '', 'OUAZOUNAM Solange', '+236 72613754', '', '', 'CDD', 0, 17, '', '', 'VIREMENT'),
(3602, 1530, 1, 'WANGUIA ', 'CS01-00161', 'CS01', 'Aime Privat', '34000', NULL, 0, 0, '', 0, '1995-04-22', '', 'Bangui', '1', '', NULL, '', '+236 75743985', '', NULL, '2017-11-02', NULL, NULL, '', '', '', '1ere annee ', '3', '', '', '2021-05-06', 1, '4e arrondissement ', 1, 1, 0, 'WANGUIA Ernest', 'IMATHO Marthe', 'CELIBATAIRE', '', '', '', '', 'ZITA', '+236 72837795', '', '', 'CDD', 0, 17, '', '', 'VIREMENT'),
(3603, 1699, 1, 'NGANZE', 'CS01-00162', 'CS01', 'Fabien', '34000', NULL, 6, 0, '', 0, '1979-01-01', '', 'Satema', '1', '', NULL, '', '+236 75408032', '', NULL, '2019-08-09', NULL, NULL, '', '', '', '4e', '1', '', '', '2021-05-06', 1, '7e arrondissement ', 1, 1, 0, 'GBALI Basile ', 'KOUALET Christine', 'CELIBATAIRE', '', '', '', '', 'KANDA Evariste', '+236 75030785', '', '', 'CDD', 0, 17, '', '', 'VIREMENT'),
(3604, 1530, 1, 'KORONDOKO', 'CS01-00163', 'CS01', 'Charles', '34000', NULL, 2, 0, '', 0, '1977-03-15', '', 'Ouango-Bangassou ', '1', '', NULL, '', '+236 75561875', '', NULL, '2020-06-30', NULL, NULL, '', '', '', '6e', '1', '', '', '2021-05-06', 1, '7e arrondissement ', 1, 1, 0, 'KORONDOKO Charles', 'YAGAZOUMO Emma', 'CELIBATAIRE', '', '', '', '', 'KOPLIWA Andre', '+236 75215098', '', '', 'CDD', 0, 17, '', '', 'VIREMENT'),
(3605, 1707, 1, 'DONGOUNY', 'CS01-00164', 'CS01', 'Jonathan ', '34000', NULL, 2, 0, '', 0, '1990-06-16', '', 'Bangui', '1', '', NULL, '', '+236 75969530', '', NULL, '2017-05-31', NULL, NULL, '', '', '', 'Seconde ', '2', '', '', '2021-05-06', 1, '6e arrondissement ', 1, 1, 0, 'DONGOUNY Dieudonne ', 'TEKPE Clarisse', 'CELIBATAIRE', '', '', '', '', 'GREYA DONGOUNY Julienne', '+236 75723671', '', '', 'CDD', 0, 17, '', '', 'VIREMENT'),
(3606, 1709, 1, 'POUTOU', 'CS01-00165', 'CS01', 'Aubin', '34000', NULL, 13, 0, '', 0, '1976-07-05', '', 'Bangui', '1', '', NULL, '', '+236 75967181', '', NULL, '2017-11-10', NULL, NULL, '', '', '', '6e', '1', '', '', '2021-05-06', 1, '3e arrondissement ', 1, 1, 0, 'POUTOU Ethene', 'ZOUBO Alphonsine', 'CELIBATAIRE', 'N 3144', '', '', '', 'WANGALE Marina', '+236 75167713', '', '', 'CDD', 0, 17, '', '', 'VIREMENT'),
(3607, 1709, 1, 'OUAMALE', 'CS01-00166', 'CS01', 'Junior Christel Magloire', '34000', NULL, 2, 0, '', 0, '1988-04-03', '', 'Bangui', '1', '', NULL, '+236 72213983', '+236 75271601', 'ouamale.j@gmail.com', NULL, '2021-04-06', NULL, NULL, '', '', '', '2e anne de Droit General', '3', '', '', '2021-05-06', 1, 'Begoua', 1, 1, 0, 'OUAMALE Justin', 'MBENGUIA Marie Adele', 'CELIBATAIRE', '', '', '', '', 'OUAMALE Marien', '+236 72716384', '', '', 'CDD', 0, 17, '', '', 'VIREMENT'),
(3608, 1708, 1, 'OUNDJISSEMO MODOKARA', 'CS01-00167', 'CS01', 'Gaston ', '34000', NULL, 4, 0, '', 0, '1978-07-05', '', 'Ndjoukou', '1', '', NULL, '', '+236 76708316', '', NULL, '2018-03-02', NULL, NULL, '', '', '', 'Seconde ', '2', '', '', '2021-05-06', 1, '7e arrondissement ', 1, 1, 0, 'OUNDJISSEMO Louis', 'MOUZOUDE Yvonne', 'CELIBATAIRE', '', '', '', '', 'YIGBEMA Jacqueline', '+236 75814973', '', '', 'CDD', 0, 17, '', '', 'VIREMENT'),
(3609, 1694, 1, 'LEPRENDJI', 'CS01-00168', 'CS01', 'Jeannot', '34000', NULL, 6, 0, '', 0, '1976-05-15', '', 'Bangui', '1', '1057600060721', NULL, '+236 72199782', '+236 75215703', '', NULL, '2017-07-17', NULL, NULL, 'Bangui/RCA', 'Bangui/RCA', '', 'Seconde ', '2', '', '', '2021-05-06', 1, 'Ouango, 7e arrondissement ', 1, 1, 0, 'LEPRENDJI Jerome', 'KOKALEMO Marie', 'MARIE(E)', '', '', '', '', 'YANGOLE Jerome', '+236 75554563', '', '', 'CDD', 0, 17, '', '', 'VIREMENT'),
(3610, 1693, 1, 'GALLO', 'CS01-00169', 'CS01', 'Ginette Carine', '34000', NULL, 6, 0, '', 0, '1981-08-01', '', 'Bangui', '1', '', NULL, '75032144', '72670874', '', NULL, '2020-12-06', NULL, NULL, '', '', '', '', '2', '', '', '2021-05-06', 4, 'Bangui', 2, 1, 0, 'GALLO François', 'NDAHOTO Martine', 'CELIBATAIRE', '', '', '', '', 'FEIDANGAYE Nestor', '72169889/75559823', '', '', 'CDD', 0, 17, '', '', 'VIREMENT'),
(3611, 1693, 1, 'NGBANGBADOUROU NGUIMALET', 'CS01-00170', 'CS01', 'FRANCOIS ', '34000', NULL, 8, 0, '', 0, '1978-12-01', '', 'Bimbo', '1', '202074023139057', NULL, '+236 72461592', '+236 75488182', '', NULL, '2017-07-29', NULL, NULL, 'Bangui/RCA', 'Bangui/RCA', '', '1ere annee', '3', '', '', '2021-05-06', 1, 'Bimbo', 1, 1, 0, 'ZOUMOTO louis', 'ASSEGI Mathilde', 'CELIBATAIRE', '88010000913', '', '', '', 'OSHOBALE Oscar', '+236 75104179', '', '', 'CDD', 0, 17, '', '', 'VIREMENT'),
(3612, 1713, 1, 'GBOULOU', 'CS01-00171', 'CS01', 'Martial', '34000', NULL, 7, 0, '', 0, '1977-09-24', '', 'Bangui', '1', '', NULL, '+236 72644950', '+236 75695239', '', NULL, '2017-05-03', NULL, NULL, '', '', '', 'Seconde ', '2', '', '', '2021-05-06', 1, 'Bimbo II', 1, 1, 0, 'GBOULOU Roger', 'KOFFIO Helene', 'CELIBATAIRE', 'N 1136', '', '', '', 'GBOULOU Narcisse', '+236 75685581', '', '', 'CDD', 0, 17, '', '', 'VIREMENT'),
(3613, 1693, 1, 'ABOLE', 'CS01-00172', 'CS01', 'Théodore', '34000', NULL, 6, 0, '', 0, '1973-10-21', '', 'Bangui', '1', '', NULL, '', '75247438', '', NULL, '2017-07-29', NULL, NULL, '', '', '', '', '2', '', '', '2021-05-06', 4, 'Bangui', 1, 1, 0, 'ABOLE Jean Bosco', 'NDAKALA Madeleine', 'CELIBATAIRE', '', '', '', '', 'ISSA Lydie', '72870765/75239774', '', '', 'CDD', 0, 17, '', '', 'VIREMENT'),
(3615, 1713, 1, 'BAITOU-LAIMO', 'CS01-00174', 'CS01', 'Vianney Edgard', '34000', NULL, 2, 0, '', 1, '1998-05-15', '', 'Bangui', '1', '', NULL, '+236 75759471', '+236 72702549', '', NULL, '2017-07-27', NULL, NULL, '', '', '', '1ere annee', '3', '', '', '2021-05-06', 1, 'Bangui', 1, 1, 0, 'LAIMO Samuel', 'NGOMBALA Marceline', 'CELIBATAIRE', 'N 1938/19', '', '', '', 'NGOMBALA Roger', '', '', '', 'CDD', 0, 17, '', '', 'VIREMENT'),
(3616, 1706, 1, 'MBETILIMA', 'CS01-00175', 'CS01', 'Yvon Urbain', '34000', NULL, 4, 0, '', 0, '1980-09-13', '', 'N\'DELE', '1', '', NULL, '72544945', '72874197/75145305', '', NULL, '2018-09-06', NULL, NULL, '', '', '', '', '2', '', '', '2021-05-06', 4, 'Bangui,4e arrondissement \nQuartier FOUH', 1, 1, 0, 'MBETILIMA-NGODI Joseph', 'YASSIMBRO Martine', 'CELIBATAIRE', '', '', '', '', '', '', '', '', 'CDD', 0, 17, '', '', 'VIREMENT'),
(3617, 1706, 1, 'BENDOUNE ', 'CS01-00176', 'CS01', 'Sylvain', '34000', NULL, 4, 0, '', 0, '1983-03-18', '', 'BOGANDA', '1', '', NULL, '72381030', '75913847', '', NULL, '2018-01-31', NULL, NULL, '', '', '', '', '2', '', '', '2021-05-06', 4, 'BIMBO 3', 1, 1, 0, 'WANSSENGUE Maurice', 'GBAGUENE Léonie', 'CELIBATAIRE', '', '', '', '', 'WANSSENGUE Maurice', '', 'GBAGUENE Léonie', '', 'CDD', 0, 17, '', '', 'VIREMENT'),
(3618, 1702, 1, 'KPENGOLO-BANGO', 'CS01-00177', 'CS01', 'OLIVIER', '34000', NULL, 7, 0, '', 0, '1981-06-18', '', 'BANGUI', '1', '', NULL, '72433484', '75592306', '', NULL, '2017-06-28', NULL, NULL, '', '', '', '', '1', '', '', '2021-05-06', 4, 'BANGUI', 1, 1, 0, 'MOKOBANGO EMMANUEL', 'MALOUKABOUGNA', 'CELIBATAIRE', '', '', '', '', 'MAKIAPA CHRISTIAN', '75038787', '', '', 'CDD', 0, 17, '', '', 'VIREMENT'),
(3619, 1702, 1, 'KONGBO', 'CS01-00178', 'CS01', 'Roger', '34000', NULL, 6, 0, '', 0, '1984-11-12', '', 'Bangui', '1', '', NULL, '72350664', '75542064', '', NULL, '2017-07-29', NULL, NULL, '', '', '', '', '2', '', '', '2021-05-06', 4, 'Bangui', 1, 1, 0, 'KONGBO Michel', 'MOGBOUMBI Christine', 'CELIBATAIRE', '', '', '', '', 'BENDO Ruffin', '75369325', '', '', 'CDD', 0, 17, '', '', 'VIREMENT'),
(3620, 1616, 1, 'NINGADA-MADJIBAYE', 'CS01-00179', 'CS01', 'MEXAM', '34000', NULL, 2, 0, '', 0, '1998-08-06', '', 'PAOUA', '1', '', NULL, '72 39 32 96/ 75 86 10 64', '', '', NULL, '2020-12-07', NULL, NULL, '', '', '', 'UNIVERSITAIRE ', '3', '', '', '2021-05-06', 1, 'GALABADJA', 1, 1, 0, 'NINGADA JOELLE', 'NINGADA-GILBERT', 'CELIBATAIRE', 'N°024', '', '', '', 'NINGADA MEXAN', '72 21 14 68', '', '', 'CDD', 0, 0, '', '', ''),
(3621, 1616, 1, 'BOUNDEKA', 'CS01-00180', 'CS01', 'KELLY TINO', '34000', NULL, 2, 0, '', 0, '1989-03-03', '', 'BANGUI', '1', '1039908001191214', NULL, '72 38 82 05/ 75 83 86 61', '', '', NULL, '2017-08-01', NULL, NULL, '', '', '', 'SECONDAIRE', '2', '', '', '2021-05-06', 1, 'BOY-RABE', 1, 1, 0, 'BOUNDERA AMEDEE', 'ZANABA JEANETTE', 'CELIBATAIRE', '', '', '', '', 'BOUNDEKA GUY MARIUS', '75 16 02 24', '', '', 'CDD', 0, 0, '', '', ''),
(3622, 1616, 1, 'NOOUNZABA', 'CS01-00181', 'CS01', 'PASCAL', '34000', NULL, 4, 0, '', 0, '1976-12-30', '', 'BANGUI', '1', '1107600005260', NULL, '75 33 02 45/ 72 20 30 16', '', '', NULL, '2017-07-29', NULL, NULL, '', '', '', '3ème', NULL, '', '', '2021-05-06', 1, 'BANGUI', 1, 1, 0, 'NGOUNZABA SIMON', 'MOKONOU LOUISE', 'CELIBATAIRE', 'N°3672', '', '', '', 'NGOUNZAPA NESTOR', '75 22 32 22', '', '', 'CDD', 0, 0, '', '', ''),
(3623, 1616, 1, 'TOUADERE', 'CS01-00182', 'CS01', 'PARFAIT', '34000', NULL, 5, 0, '', 0, '1975-04-18', '', 'BANGUI', '1', '011294555881607', NULL, '75 43 80 57', '', '', NULL, '2017-06-01', NULL, NULL, '', '', '', '4ème', '1', '', '', '2021-05-06', 1, 'BIMBO', 1, 1, 0, 'TOUADERE DIEU DONNE', 'KOUNZA GERMAINE', 'CELIBATAIRE', '', '', '', '', 'DOLE CAROLE', '75 44 31 15', '', '', 'CDD', 0, 0, '', '', ''),
(3625, 1616, 1, 'SANZE', 'CS01-00184', 'CS01', 'VIVIANE', '34000', NULL, 3, 0, '', 0, '1989-07-03', '', 'BANGUI', '1', '', NULL, '72 56 79 00/ 75 56 12 96', '', '', NULL, '2019-01-01', NULL, NULL, '', '', '', 'PREMIERE', '2', '', '', '2021-05-06', 1, 'BANGUI', 2, 1, 0, 'SANZE FIDELE', 'NOUTERE COLLETTE', 'CELIBATAIRE', '', '', '', '', 'SANZE GHISLAIN', '72 11 22 03', '', '', 'CDD', 0, 0, '', '', ''),
(3627, 1616, 1, 'YANGALINE ', 'CS01-00186', 'CS01', 'AUGUSTIN', '34000', NULL, 1, 0, '', 0, '1989-08-12', '', 'BIMBO', '1', '1088901000561893', NULL, '75 45 92 03/ 72 88 00 74', '', '', NULL, NULL, NULL, NULL, '', '', '', 'UNIVERSITAIRE ', '3', '', '', '2021-05-06', 1, 'KPETENE', 1, 1, 0, 'NZENGA FRANçOIS', 'YANGBEMBONGO LUCIENNE', 'CELIBATAIRE', '', '', '', '', 'BALLET BASILE', '75 60 32 10', '', '', 'CDD', 0, 0, '', '', ''),
(3629, 1616, 1, 'GBENDA GROBALET', 'CS01-00188', 'CS01', 'ARISTIDE ', '34000', NULL, 3, 0, '', 0, '1986-03-07', '', 'BIMBO', '1', '1038600700129801', NULL, '75 70 19 37/ 72 18 29 97', '', '', NULL, '2017-06-30', NULL, NULL, '', '', '', 'UNIVERSITAIRE ', '5', '', '', '2021-05-06', 1, 'BANGUI', 1, 1, 0, 'GBENDA ANTOINE', 'GBENDA ENGENIE', 'CELIBATAIRE', '', '', '', '', 'SAHOUZOU MATHURIN SAM', '75 50 88 45', '', '', 'CDD', 0, 0, '', '', ''),
(3631, 1616, 1, 'KENONDJE', 'CS01-00190', 'CS01', 'ARSENE VIANNEY', '34000', NULL, 4, 0, '', 0, '1982-01-20', '', 'BANGUI', '1', '10481011118051', NULL, '75 26 60 83', '', '', NULL, '2020-04-01', NULL, NULL, '', '', '', 'TERMINAL ', '3', '', '', '2021-05-06', 1, 'BANGUI', 1, 1, 0, 'KENONDJE DENIS', 'DABEDJI MARC', 'CELIBATAIRE', '', '', '', '', 'NGARO GAEL', '75 56 69 82/ 75 26 60 83', '', '', 'CDD', 0, 0, '', '', ''),
(3633, 1616, 1, 'NZONGO MOTOMBE', 'CS01-00192', 'CS01', 'SAINT CLAIR', '34000', NULL, 6, 0, '', 0, '1978-09-10', '', 'BANGUI', '1', '', NULL, '75 77 05 16/ 72 57 17 11', '', '', NULL, '2017-09-01', NULL, NULL, '', '', '', 'SECONDAIRE', '2', '', '', '2021-05-06', 1, 'BANGUI', 1, 1, 0, 'NZONGO GUILLAUME', 'MABIAWO MARIE JOSEPHINE', 'CELIBATAIRE', 'N°5045', '', '', '', 'NZONGO PETULLA MARIANA', '75 72 02 21', '', '', 'CDD', 0, 0, '', '', ''),
(3635, 1509, 1, 'BENI SOIT', 'CS01-00194', 'CS01', 'ADGARD', '34000', NULL, 5, 0, '', 0, '1980-01-06', '', 'BANGUI', '1', '', NULL, '72 76 85 01/ 75 28 65 46', '', '', NULL, NULL, NULL, NULL, '', '', '', 'UNIVERSITAIRE ', '3', '', '', '2021-05-06', 1, 'BANGUI', 1, 1, 0, 'BENI-SOIT GABRIEL', 'YANBOGO MARTINE ', 'CELIBATAIRE', 'N°4176', '', '', '', '', '', '', '', 'CDD', 0, 0, '', '', ''),
(3637, 1509, 1, 'KEKOUA ', 'CS01-00196', 'CS01', 'SAINT CYR', '34000', NULL, 5, 0, '', 0, '1989-05-10', '', 'BANGUI', '1', '000078186', NULL, '75 32 52 51/ 72 57 54 16', '', '', NULL, '2019-10-04', NULL, NULL, '', '', '', 'UNIVERSITAIRE ', '3', '', '', '2021-05-06', 2, 'ONANGO', 1, 1, 0, 'SOMBI PIERRE', 'NGBO MARIE', 'CELIBATAIRE', 'N°2853/14', '', '', '', 'SOMBI ELIE', '75 52 60 53', '', '', 'CDD', 0, 0, '', '', ''),
(3639, 1509, 1, 'PEKESSE ', 'CS01-00198', 'CS01', 'AUGUSTIN PRESTIDE ARLY', '34000', NULL, 1, 0, '', 0, '1991-04-11', '', 'BENZ VI', '1', '10491000074574', NULL, '75 94 82 30/ 72 89 50 44', '', '', NULL, '2020-12-08', NULL, NULL, '', '', '', 'UNIVERSITAIRE ', '3', '', '', '2021-05-06', 1, 'BENZ-VI', 1, 1, 0, 'PEKESSE JEAN', 'ANGUIMATE IRENE', 'CELIBATAIRE', 'N°85548', 'N°6597', '', '', 'NGBATE ALINE', '75 32 76 27/ 72 49 28 60', '', '', 'CDD', 0, 0, '', '', ''),
(3641, 1616, 1, 'GUEREKONZI', 'CS01-00200', 'CS01', 'GODFROY', '34000', NULL, 8, 0, '', 0, '1970-04-24', '', 'MOBAYE', '1', '1067010001541770', NULL, '75 24 71 05', '', '', NULL, '2017-07-30', NULL, NULL, '', '', '', 'SECONDAIRE', '2', '', '', '2021-05-06', 1, 'BIMBNO', 1, 1, 0, 'ABEZOUA SIMPLICE', 'GUEREYAB LUCIENNE', 'CELIBATAIRE', 'N°70', '', '', '', 'ABEZOUA NICOLAS', '75 66 07 84', '', '', 'CDD', 0, 0, '', '', ''),
(3643, 1509, 1, 'GONANGUELE', 'CS01-00202', 'CS01', 'KEVIN', '34000', NULL, 5, 0, '', 0, '1979-04-18', '', 'BANGUI', '1', '', NULL, '75 27 92 64/ 72 13 02 23', '', '', NULL, '2019-01-01', NULL, NULL, '', '', '', '3ème', '2', '', '', '2021-05-06', 1, 'OUANGO', 1, 1, 0, 'MBILA PAUL', 'IGOUBOU ANASTASIE', 'CELIBATAIRE', '', '', '', '', 'IBINGUI ANNE', '75 69 03 01', '', '', 'CDD', 0, 0, '', '', ''),
(3645, 1616, 1, 'ALIOU', 'CS01-00204', 'CS01', 'ALPHA', '34000', NULL, 3, 0, '', 0, '1989-06-18', '', 'BANGUI', '1', 'N°5622', NULL, '75 20 05 59/ 72 08 01 78', '', '', NULL, '2016-08-31', NULL, NULL, '', '', '', 'UNIVERSITAIRE ', '3', '', '', '2021-05-06', 4, 'QUARTIER SAIDOU', 1, 1, 0, 'MAOUNDE', 'ASTA-MAMADOU', 'CELIBATAIRE', 'N°149', 'N°2371', '', '', 'FEGRAME NAFISSA', '75 17 42 60/ 72 25 08 73', '', '', 'CDD', 0, 0, '', '', ''),
(3647, 1616, 1, 'SEZOKO-YANGANGBANDA', 'CS01-00206', 'CS01', 'THIBAUT JOSUE', '34000', NULL, 4, 0, '', 0, '1995-10-13', '', 'BANGUI', '1', '11089011001003', NULL, '75 25 78 11', '', '', NULL, '2020-07-12', NULL, NULL, '', '', '', '3ème', '2', '', '', '2021-05-06', 1, 'BANGUI', 1, 1, 0, 'YANGANGBANDA JANVIER', 'YANGANGBANDA CLEMENTINE', 'CELIBATAIRE', 'N°35', 'N°3673', '', '', 'YANGANGBANDA JANVIER', '75 87 96 22', '', '', 'CDD', 0, 0, '', '', ''),
(3649, 1616, 1, 'KOYATE', 'CS01-00208', 'CS01', 'EVRAD HERMAND', '34000', NULL, 3, 0, '', 0, '1989-08-14', '', 'BANGUI', '1', '10889011001146', NULL, '75 74 04 38/ 72 12 99 10', '', '', NULL, '2020-02-05', NULL, NULL, '', '', '', 'UNIVERSITAIRE ', '3', '', '', '2021-05-06', 1, 'BANGUI', 1, 1, 0, 'KOYATE DENIS', 'YAGOI REGINE', 'CELIBATAIRE', 'N°135', 'N°7931', '', '', 'KOYATE MELANIE', '75 35 92 17', '', '', 'CDD', 0, 0, '', '', ''),
(3651, 1616, 1, 'MAMBA YAMBA', 'CS01-00210', 'CS01', 'JOSLEE MILAIRE', '34000', NULL, 2, 0, '', 0, '1994-04-29', '', 'BANGUI', '1', '', NULL, '72 49 50 82/ 75 44 56 67', '', '', NULL, '2020-07-12', NULL, NULL, '', '', '', '3ème', '2', '', '', '2021-05-06', 1, 'SICA I', 1, 1, 0, 'MAMBA JEAN MATHIAS', 'GUELEI INES MIREILLE', 'CELIBATAIRE', 'N°519', '', '', '', 'GUELET ZAOLO ROMARIC', '75 57 82 58', '', '', 'CDD', 0, 0, '', '', ''),
(3653, 1616, 1, 'LOUMOUNDTI INNOCENT', 'CS01-00212', 'CS01', 'PELIPIN', '34000', NULL, 2, 0, '', 0, '1986-04-14', '', 'BANGUI', '1', '', NULL, '75 03 60 67/ 72 01 55 70', '', '', NULL, '2020-07-06', NULL, NULL, '', '', '', '3ème', '2', '', '', '2021-05-06', 1, '2 ARRD', 1, 1, 0, 'LOUMOUNDI RAPHAEL', 'YAHOMREU PIERRETTE', 'CELIBATAIRE', '', '', '', '', 'NGHORI  SAENNETTE', '75 05 38 31', '', '', 'CDD', 0, 0, '', '', ''),
(3655, 1616, 1, 'OUESSE-ING-NAM-NGOUPET', 'CS01-00214', 'CS01', 'FULGENLE KEISHA PRINCE', '34000', NULL, 2, 0, '', 0, '1997-12-21', '', 'BANGUI', '1', '', NULL, '72 54 21 99', '', '', NULL, '2018-03-02', NULL, NULL, '', '', '', 'TERMINAL ', '3', '', '', '2021-05-06', 1, 'NGARAGBA', 1, 1, 0, 'NGOUPET DANIEL', 'GREYANGBANGA GILBERT', 'CELIBATAIRE', '', '', '', '', 'NGOUPET VENLE', '72 03 51 54', '', '', 'CDD', 0, 0, '', '', ''),
(3657, 1616, 1, 'NGOUYOMBO ', 'CS01-00216', 'CS01', 'Z.NESTOR', '34000', NULL, 2, 0, '', 0, '1989-04-03', '', 'BANGUI', '1', '1069716000847520', NULL, '75 00 38 01/ 72 83 94 16', '', '', NULL, '2020-11-13', NULL, NULL, '', '', '', 'UNIVERSITAIRE ', '3', '', '', '2021-05-06', 1, 'BENZ-VI', 1, 1, 0, 'NGOUYOMBO ROBERT', 'GBENOU JEANNE', 'CELIBATAIRE', '890000501417', '', '', '', 'NGONYOMBO PATRICIA', '75 65 17 78', '', '', 'CDD', 0, 0, '', '', ''),
(3659, 1616, 1, 'PEFEI II', 'CS01-00218', 'CS01', 'VALDO DON DE DIEU', '34000', NULL, 5, 0, '', 0, '1990-06-13', '', 'BASSONGOA', '1', '', NULL, '72 09 54 06/ 75 16 70 27', '', '', NULL, '2019-01-14', NULL, NULL, '', '', '', '3ème', '2', '', '', '2021-05-06', 1, '4 ARRD', 1, 1, 0, 'NAMBOZOUMNA SALOMON', 'KAGBE ANGELINE', 'CELIBATAIRE', 'N°217/99', '', '', '', 'NAMBOZOUMNA SALOMON', '72 16 46 68', '', '', 'CDD', 0, 0, '', '', ''),
(3661, 1710, 1, 'DIGBAN-BOUGAMI', 'CS01-00220', 'CS01', 'Firmin', '34000', NULL, 6, 0, '', 1, '1977-09-28', '', 'Bouar', '1', '', NULL, '+236 75708121', '+236 72452024', '', NULL, '2017-08-31', NULL, NULL, '', '', '', 'Seconde', '2', '', '', '2021-05-06', 1, '8e arrondissement', 1, 1, 0, 'DIGBAN Pierre', 'MBAILARI Alice', 'CELIBATAIRE', 'N 854', '', '', '', 'SENGUE Gilbert', '+236 75665447 / 72326548', '', '', 'CDD', 0, 17, '', '', 'VIREMENT'),
(3662, 1616, 1, 'SONNY-BOMBELE', 'CS01-00221', 'CS01', 'PULCHENIE', '34000', NULL, 3, 0, '', 0, '1974-02-25', '', 'BANGUI', '1', '0011751', NULL, '75 32 07 38', '', '', NULL, '2013-06-17', NULL, NULL, '', '', '', 'PRIMAIRE', '1', '', '', '2021-05-06', 1, 'BRUXEL', 1, 1, 0, 'SONNY COLE', 'BOMBELE MARIE', 'CELIBATAIRE', 'N°497', '', '', '', 'SONNY COLE THEOPHIL', '75 02 61 48', '', '', 'CDD', 0, 0, '', '', ''),
(3664, 1616, 1, 'BOMBO', 'CS01-00223', 'CS01', 'SYLVESTRE DESCLO ADIUEL', '34000', NULL, 2, 0, '', 0, '1997-11-21', '', 'BOZOUM', '1', '', NULL, '72 06 57 48/ 75 89 05 89', '', '', NULL, '2020-12-02', NULL, NULL, '', '', '', 'TERMINAL ', '3', '', '', '2021-05-06', 1, 'KASSAI', 1, 1, 0, 'BOMBE RENE', 'NGANAMON AGNES', 'CELIBATAIRE', '', '', '', '', 'BISSABANA ', '72 12 07 75', '', '', 'CDD', 0, 0, '', '', ''),
(3666, 1509, 1, 'BADONGUE OUANDO', 'CS01-00225', 'CS01', 'FREDDY ROLLAND', '34000', NULL, 6, 0, '', 0, '1990-06-05', '', 'BIMBO', '1', '', NULL, '75 05 05 04', '', '', NULL, '2019-06-19', NULL, NULL, '', '', '', 'TERMINAL ', '2', '', '', '2021-05-06', 1, 'BIMBO', 1, 1, 0, 'OUANDO JOSEPH', 'YAWANDE NASSA KONNE', 'CELIBATAIRE', 'N°614', '', '', '', 'OUANDO ELIANE NADIA', '75547769', '', '', 'CDD', 0, 0, '', '', ''),
(3668, 1616, 1, 'GREXANDO TAIMA', 'CS01-00226', 'CS01', 'THIBAUT OLIVIER', '34000', NULL, 3, 0, '', 0, '2000-05-21', '', 'MOBAYE', '1', '1050010000667469', NULL, '75 69 41 23/ 72 64 82 18', '', '', NULL, '2017-07-29', NULL, NULL, '', '', '', 'TERMINAL ', '2', '', '', '2021-05-06', 1, 'GISITANGOLA', 1, 1, 0, 'GREYANDO JEAN MARC', 'EMBOUTOU MARGUERITE', 'CELIBATAIRE', 'N°369', '', '', '', 'EMBOUTOU MARGUERITE', '75 88 48 06', '', '', 'CDD', 0, 0, '', '', ''),
(3670, 1616, 1, 'DAMBAKIZI', 'CS01-00228', 'CS01', 'GERARD', '34000', NULL, 6, 0, '', 0, '1076-01-25', '', 'BIMBO', '1', '1017601004151416', NULL, '75 43 44 46', '', '', NULL, '2018-04-14', NULL, NULL, '', '', '', '6ème', '1', '', '', '2021-05-06', 1, 'M\'POKO-BAC', 1, 1, 0, 'KOSSIMBA ANDRE', 'ANDANGA EMBASINE', 'CELIBATAIRE', 'N°516', '', '', '', 'DEPENZE SOLANGE', '75 34 36 72', '', '', 'CDD', 0, 0, '', '', ''),
(3672, 1616, 1, 'NGBANDA ', 'CS01-00230', 'CS01', 'ODILON', '34000', NULL, 4, 0, '', 0, '1086-10-01', '', 'BIMBO', '1', '1109601001314563', NULL, '75 25 94 82/ 72 81 42 46', '', '', NULL, '2020-11-28', NULL, NULL, '', '', '', 'TERMINAL ', '3', '', '', '2021-05-06', 1, 'BIMBO', 1, 1, 0, 'NGBANDA MARCELIN', 'DOUDOU MARIE GISELE', 'CELIBATAIRE', 'N°619', '', '', '', 'NGBANDA MARCELIN', '72 16 48 35', '', '', 'CDD', 0, 0, '', '', ''),
(3674, 1616, 1, 'ABROU-OUKOUTI', 'CS01-00232', 'CS01', 'CHANCELLA-PRUDENLE', '34000', NULL, 3, 0, '', 0, '1985-11-25', '', 'BANGUI', '1', '20201215058118790', NULL, '75 73 72 26/ 72 11 65 22', '', '', NULL, '2020-02-05', NULL, NULL, '', '', '', 'TERMINAL ', '3', '', '', '2021-05-06', 1, 'BANGUI', 1, 1, 0, 'ABDOU ANDJI JOSEPH', 'NOAKALA YVONNE', 'CELIBATAIRE', 'N°3029', '', '', '', 'ABROU-KETTE PRINCE ', '75 20 21 98/ 98 72 77 02 02', '', '', 'CDD', 0, 0, '', '', ''),
(3676, 1616, 1, 'NDAKPA RODDY', 'CS01-00234', 'CS01', 'LACHANCE', '34000', NULL, 4, 0, '', 0, '1993-08-05', '', 'BANGUI', '1', '', NULL, '75 46 59 06', '', '', NULL, '2020-12-07', NULL, NULL, '', '', '', 'TERMINAL ', '2', '', '', '2021-05-06', 1, 'PLATEAU', 1, 1, 0, 'NDAKPA SIMON', 'SENGUEMBA BRIGITTE', 'CELIBATAIRE', '', '', '', '', 'NDAKPA LAURENTINE', '75 56 42 12', '', '', 'CDD', 0, 0, '', '', ''),
(3678, 1510, 1, 'LAVOU', 'CS01-00236', 'CS01', 'Ezechiel', '34000', NULL, 3, 0, '', 0, '1996-11-09', '', 'Bangui', '1', '', NULL, '', '+236 75783915', '', NULL, '2017-06-29', NULL, NULL, '', '', '', '1ere', '2', '', '', '2021-05-06', 1, '7e arrondissement', 1, 1, 0, 'LAVOU Casimir', 'YAMENE Philomene', 'CELIBATAIRE', '', '', '', '', 'LAVOU Ezechiel', '+236 75783915', '', '', 'CDD', 0, 17, '', '', 'VIREMENT'),
(3679, 1616, 1, 'TOHOU KOYAGBEGBIA', 'CS01-00237', 'CS01', 'JIMMY CREPIN', '34000', NULL, 3, 0, '', 0, '1979-04-29', '', 'BANGUI', '1', '', NULL, '75 00 95 76/ 72 22 18 10', '', '', NULL, '2019-08-19', NULL, NULL, '', '', '', 'TERMINAL ', '2', '', '', '2021-05-06', 1, 'BANGUI', 1, 1, 0, 'TOHOU LOUIS ', 'HOMBOUANGA ROSALIE', 'CELIBATAIRE', '', '', '', '', 'TOHOU PRIVAT', '75 71 86 80/ 72 29 72 80', '', '', 'CDD', 0, 0, '', '', ''),
(3681, 1616, 1, 'BISSENGUE', 'CS01-00239', 'CS01', 'IPANDE FOLENNE ARMANDE', '34000', NULL, 2, 0, '', 0, '1990-09-21', '', 'BANGUI', '1', '', NULL, '72 38 06 09/ 75 14 93 43', '', '', NULL, '2020-12-07', NULL, NULL, '', '', '', 'TERMINAL', '3', '', '', '2021-05-06', 1, 'BANGUI', 1, 1, 0, 'BISSENGUE BRUNO', 'DAMBA FELICITE', 'CELIBATAIRE', 'N°93', '', '', '', 'BISSENGUE BRUNO', '72 19 70 05/ 75 14 93 43', '', '', 'CDD', 0, 0, '', '', ''),
(3683, 1702, 1, 'KOSSOMODA GAGANGO', 'CS01-00241', 'CS01', 'BENJAMIN', '34000', NULL, 7, 0, '', 0, '1970-12-05', '', 'BANGUI', '1', '', NULL, '72752403', '75707047', '', NULL, '2017-04-30', NULL, NULL, '', '', '', '', '1', '', '', '2021-05-06', 4, 'BANGUI', 1, 1, 0, 'KOSSOMODA DOMINIQUE', 'NZOLI CATHERINE', 'CELIBATAIRE', '', '', '', '', 'YOLILO LANZAR', '75710534', '', '', 'CDD', 0, 17, '', '', 'VIREMENT'),
(3684, 1616, 1, 'MBONGO KAI', 'CS01-00242', 'CS01', 'JIRE JEHOVANUS', '34000', NULL, 1, 0, '', 0, '1992-09-15', '', 'BANGUI', '1', '', NULL, '72 14 03 03/ 75 14 03 03', '', '', NULL, '2019-06-15', NULL, NULL, '', '', '', 'UNIVERSITAIRE ', '5', '', '', '2021-05-06', 1, 'BANGUI', 1, 1, 0, 'MBONGO MARCEL ', 'MBONGO ODILE', 'CELIBATAIRE', '', '', '', '', 'MBONGO ODILE', '75244216', '', '', 'CDD', 0, 0, '', '', ''),
(3686, 1509, 1, 'AZOUKOYO', 'CS01-00244', 'CS01', 'ARNAUD', '34000', NULL, 3, 0, '', 0, '1986-06-09', '', 'BANGUI', '1', '', NULL, '72 11 11 45/ 75 44  42 94', '', '', NULL, '2017-08-01', NULL, NULL, '', '', '', 'UNIVERSITAIRE ', '3', '', '', '2021-05-06', 1, 'MALIMAKA', 1, 1, 0, 'MANDABA PAUL', 'NGARNEKOUZOU ALBERTINE', 'CELIBATAIRE', '', '', '', '', 'NDARA ELVIS', '72 91 91 66', '', '', 'CDD', 0, 0, '', '', ''),
(3688, 1705, 1, 'MAHAMAT', 'CS01-00246', 'CS01', 'HISSEN', '34000', NULL, 3, 0, '', 0, '1982-01-01', '', 'BANGUI', '1', '', NULL, '', '75063979', '', NULL, '2017-04-01', NULL, NULL, '', '', '', '', '2', '', '', '2021-05-06', 4, 'BANGUI', 1, 1, 0, 'HISSEN HALAASSIM', 'HAWA ABDOULAYE', 'CELIBATAIRE', '', '', '', '', 'ABDALA HISSEN', '75506030', '', '', 'CDD', 0, 17, '', '', 'VIREMENT'),
(3689, 1616, 1, 'DOZIMOYEN', 'CS01-00247', 'CS01', 'OLIVIER', '34000', NULL, 6, 0, '', 0, '1978-10-21', '', 'BANGUI', '1', '', NULL, '75 19 71 13', '', '', NULL, '2017-11-03', NULL, NULL, '', '', '', 'SECONDAIRE', '2', '', '', '2021-05-06', 1, 'BIUMBO', 1, 1, 0, 'DOZIMOYEN CYRILLE', 'SIKOM CECILE', 'CELIBATAIRE', 'N°6236', '', '', '', 'DOZIMOYEN CEANI', '75 02 24 40', '', '', 'CDD', 0, 0, '', '', ''),
(3691, 1616, 1, 'MAKANDA', 'CS01-00249', 'CS01', 'JOLI-MAX', '34000', NULL, 4, 0, '', 0, '1974-02-18', '', 'BANGUI', '1', 'N°D20032004', NULL, '75 17 48 62 / 72 50 75 61', '', '', NULL, '2020-07-12', NULL, NULL, '', '', '', 'PRIMAIRE', '1', '', '', '2021-05-06', 1, 'BANGUI', 1, 1, 0, 'MAKANDA JEROME ', 'MOYAPALLA ELLALIE', 'CELIBATAIRE', '', '', '', '', 'MOYAPAHA BEATRICE', '75 03 51 10', '', '', 'CDD', 0, 0, '', '', ''),
(3694, 1574, 1, 'BALEGO-NDOMA', 'CS01-00251', 'CS01', 'AULERIE FLORE', '34000', NULL, 2, 0, '', 0, '1985-09-01', '', 'ALINDO', '1', '', NULL, '75 57 23 49 / 72 37 80 56', '', '', NULL, '2017-12-15', NULL, NULL, '', '', '', 'SECONDAIRE', '2', '', '', '2021-05-06', 1, 'BAMALA', 2, 1, 0, 'NDOMA MATHIAS ALAIN', 'YETINZAPA MONIQUE', 'CELIBATAIRE', '', '', '', '', 'NGBANGOU PAULIN', '72 35 53 71', '', '', 'CDD', 0, 0, '', '', ''),
(3696, 1705, 1, 'BALEMO', 'CS01-00253', 'CS01', 'DAVID', '34000', NULL, 5, 0, '', 0, '1998-10-10', '', 'BANGUI', '1', '', NULL, '', '75173892', '', NULL, '2017-04-01', NULL, NULL, '', '', '', '', '3', '', '', '2021-05-06', 4, 'BANGUI', 1, 1, 0, 'GUEREONATE FRANCOIS', 'DOUSSOU ELISABETH', 'CELIBATAIRE', '', '', '', '', 'KOYADOUE THOMAS', '75033540', '', '', 'CDD', 0, 17, '', '', 'VIREMENT'),
(3697, 113, 1, 'NOUZELE', 'CS01-00254', 'CS01', 'SHENE SHIELL', '34000', NULL, 0, 0, '', 0, '1988-09-29', '', 'BANGUI', '1', '', NULL, '75 27 37 67 / 72 01 11 97', '', '', NULL, NULL, NULL, NULL, '', '', '', '', '0', '', '', '2021-05-06', 1, '', 2, 1, 0, '', '', '', '', '', '', '', 'NOUZELE ORLISE', '72 19 39 02', '', '', 'CDD', 0, 0, '', '', ''),
(3699, 1710, 1, 'KOYAPOU KOMOLA', 'CS01-00255', 'CS01', 'Joel Lebrun', '34000', NULL, 1, 0, '', 0, '1995-04-09', '', 'Bangui', '1', '', NULL, '+236 72836004', '+236 75319500', 'koyapoukomolajoel@gmail.com', NULL, '2019-06-30', NULL, NULL, '', '', '', '1ere', '3', '', '', '2021-05-06', 1, 'Bruxelles, 2e arrondissement', 1, 1, 0, 'KOYAPOU Abel', 'GBIAKO Natalie', 'CELIBATAIRE', 'N 2932118', '', '', '', 'KOYAPOU Medard', '+236 75028142', '', '', 'CDD', 0, 17, '', '', 'VIREMENT'),
(3700, 1694, 1, 'OUADDA NGANGBE', 'CS01-00247', 'CS01', 'Jean Placide', '34000', NULL, 10, 0, '', 0, '1969-10-11', '', 'BANGUI', '1', '', NULL, '75091754', '72601642', '', NULL, '2021-05-06', NULL, NULL, '', '', '', '', '2', '', '', '2021-05-06', 4, 'BANGUI', 1, 1, 0, 'OUADDA FRANCOIS', 'MOUNGUINZA LUCIENNE', 'CELIBATAIRE', '', '', '', '', 'KOSSIBELA LA ROSE', '72660678', '', '', 'CDD', 0, 17, '', '', 'VIREMENT'),
(3701, 1717, 1, 'BACKA TORO', 'CS01-00227', 'CS01', 'Junior Vincent', '34000', NULL, 8, 0, '', 1, '1970-07-20', '', 'Bangui', '1', '10770011117788', '2021-04-01', '+236 72112427', '+236 75897411', '', '2031-03-31', '2018-05-31', NULL, NULL, 'Bangui', 'Bangui', '', '1ere', '3', '', '', '2021-05-06', 1, 'Benz-vi, 2e arrondissement', 1, 1, 0, 'KONGOZE Etienne', 'YANGBANDA Antoinette', 'CELIBATAIRE', 'N 0365', '', '', '', 'GANDA Denis Papin', '+236 75504274', '', '', 'CDD', 0, 17, '', '', 'VIREMENT'),
(3702, 1694, 1, 'COULET', 'CS01-00225', 'CS01', 'GUYLENE', '34000', NULL, 6, 0, '', 0, '1982-01-01', '', 'BANGUI', '1', '', NULL, '72682326', '75019311', '', NULL, '2017-08-31', NULL, NULL, '', '', '', '', '1', '', '', '2021-05-06', 4, 'BANGUI', 1, 1, 0, 'COULET MOUSSA', 'MASSEWO LUCIENNE', 'CELIBATAIRE', '', '', '', '', 'MBOYA BRUNO', '75545410', '', '', 'CDD', 0, 17, '', '', 'VIREMENT');
INSERT INTO `agent` (`id`, `postegarde`, `grade`, `nom`, `matricule`, `prefixematricule`, `prenoms`, `salairefixe`, `primes`, `charge`, `cotisation`, `numeroemploye`, `typesalairie`, `datenaissance`, `photo`, `lieunaissance`, `nationalite`, `referencecarteidentite`, `dateetablissementcarteidentite`, `telephone`, `portable`, `email`, `dateexpirationcarteidentite`, `datedebutcontrat`, `datefincontrat`, `datefintraitementsalarial`, `lieuetablissementcarteidentite`, `autoriteetablissementcarteidentite`, `notes`, `niveauetude`, `dernierdiplome`, `anneeobtentiondiplome`, `lieuobtentiondiplome`, `datecreation`, `documentidentite`, `adresse`, `sexe`, `actif`, `anpe`, `nomprenomspere`, `nomprenomsmere`, `situationmatrimoniale`, `referencesextraitnais`, `referencescasierjudiciaire`, `referencesenquetemoralite`, `referencespromotion`, `nompersonneaprevenir1`, `telpersonneaprevenir1`, `nompersonneaprevenir2`, `telpersonneaprevenir2`, `formecontrat`, `autreprime`, `banque`, `codeguichet`, `comptebancaire`, `modepaiement`) VALUES
(3705, 1616, 1, 'NGALO-BOUDA', 'CS01-00228', 'CS01', 'MICHAEL JACKSON', '34000', NULL, 3, 0, '', 0, '1993-05-03', '', 'BANGUI', '1', '0015078', NULL, '75 90 66 72/ 72 17 63 97', '', '', NULL, '2021-03-09', NULL, NULL, '', '', '', 'UNIVERSITAIRE', '3', '', '', '2021-05-06', 1, 'BANGUI', 1, 1, 0, 'GBOTONDO ALPHONSE', 'YANGAMBO IYERESE', 'CELIBATAIRE', 'N°168/12', '', '', '', 'MBOMBA GILDAS', '72 18 71 67', '', '', 'CDD', 0, 0, '', '', ''),
(3706, 1694, 1, 'KAÏMBA KABRIN', 'CS01-00229', 'CS01', 'GILDAS', '34000', NULL, 3, 0, '', 0, '1990-02-14', '', 'BANGUI', '1', '', NULL, '70122036/72904462', '75833122', '', NULL, '2017-07-27', NULL, NULL, '', '', '', '', '3', '', '', '2021-05-06', 4, 'BANGUI', 1, 1, 0, 'KAÏMBA MICHEL', 'GOBIAGNA LEOCADIE', 'CELIBATAIRE', '', '', '', '', 'KAÏMBA ALIDA', '75231336/70102068', '', '', 'ESSAI', 0, 17, '', '', 'VIREMENT'),
(3707, 1616, 1, 'ASSANE-PAZOUYO', 'CS01-00229', 'CS01', 'BERNADIN DESIENNE', '34000', NULL, 0, 0, '', 0, '1995-01-01', '', 'BANGUI', '1', '37222010004431814', NULL, '72 91 04 47/ 70 04 22 21', '', '', NULL, NULL, NULL, NULL, '', '', '', 'UNIVERSITAIRE', '3', '', '', '2021-05-06', 1, 'BANGUI', 1, 1, 0, 'PAZOUYO ALPHONSE', 'KALTOUMA ABDOULAYE', 'CELIBATAIRE', 'N°2000', '', '', '', 'PAZOUYO ALPHONSE', '70 04 22 21', '', '', 'CDD', 0, 0, '', '', ''),
(3708, 1616, 1, 'KONGOMBE', 'CS01-00228', 'CS01', 'CELESTIN JONATHA N', '34000', NULL, 11, 0, '', 0, '1980-12-08', '', 'OUANGO', '1', '', NULL, '72 40 38 20', '', '', NULL, '2017-09-01', NULL, NULL, '', '', '', 'PRIMAIRE', '1', '', '', '2021-05-06', 1, 'BANGUI', 1, 1, 0, 'GBEBOUA ALBERT', 'GASSOU YEKAI LUCIENNE', 'CELIBATAIRE', 'N°281', '', '', '', 'PASTEUR SAMSON VETO', '72 12 03 95', '', '', 'CDD', 0, 0, '', '', ''),
(3709, 1616, 1, 'AMOLOMA SATERMA', 'CS01-00229', 'CS01', 'ESPEDIT', '34000', NULL, 3, 0, '', 0, '1989-05-29', '', 'BANGUI', '1', '', NULL, '75 70 82 67', '', '', NULL, '2017-07-28', NULL, NULL, '', '', '', 'SECONDAIRE', '2', '', '', '2021-05-06', 1, 'BIMBO', 1, 1, 0, 'ALOLOMA SATEGMA MICHEL', 'GBEDA GINETTE', 'CELIBATAIRE', 'N°109/89', '', '', '', 'AMOLOMA SATEGMA MICHEL', '75 75 59 19', '', '', 'CDD', 0, 0, '', '', ''),
(3710, 1717, 1, 'BALEGBIA DIMANCHE', 'CS01-00230', 'CS01', 'Sylvain', '34000', NULL, 3, 0, '', 1, '1989-11-28', '', 'Bangui', '1', '', NULL, '+236 75497077', '+236 72014026', '', NULL, '2021-04-06', NULL, NULL, '', '', '', '1ere annee', '3', '', '', '2021-05-06', 1, 'Bimbo I', 1, 1, 0, 'DIMANCHE Gabriel', 'ANOUR Bernadette', 'CELIBATAIRE', 'N 4149', '', '', '', 'GOMOKOUGNA Davila', '+236 72805644', '', '', 'CDD', 0, 17, '', '', 'VIREMENT'),
(3711, 1512, 1, 'PONDOS -YAYOLO', 'CS01-00231', 'CS01', 'EROSTINE-MARINA', '34000', NULL, 1, 0, '', 0, '1988-04-25', '', 'YALOKE', '1', '', NULL, '72878618', '75612109', '', NULL, '2016-06-07', NULL, NULL, '', '', '', '', '3', '', '', '2021-05-06', 4, 'BANGUI\nNGONGONON 1\n8E ARRONDISSEMENT', 2, 1, 0, 'PONDOS JOACHIM', 'YAKONI ODETTE', 'CELIBATAIRE', '', '', '', '', 'PONDOS JOACHIM', '72262014', '', '', 'CDD', 0, 17, '', '', 'VIREMENT'),
(3713, 1512, 1, 'DOTE', 'CS01-00232', 'CS01', 'CHRISTELLE', '34000', NULL, 3, 0, '', 0, '1982-09-23', '', 'BANGUI', '1', '', NULL, '', '75603016', '', NULL, '2020-06-26', NULL, NULL, '', '', '', '', '2', '', '', '2021-05-06', 4, 'BANGUI\nWALIGBA 2\n5E ARRONDISSEMENT\n', 2, 1, 0, 'DOTE RENE', 'IDAMBA LOUISE', 'CELIBATAIRE', '', '', '', '', 'DOTE DIEU BENI', '75275307', '', '', 'CDD', 0, 17, '', '', 'VIREMENT'),
(3714, 1512, 1, 'KAMNDOM', 'CS01-00233', 'CS01', 'EMERIC GHISLAIN', '34000', NULL, 9, 0, '', 0, '1980-11-11', '', 'BANGUI', '1', '', NULL, '75438389', '72757800', '', NULL, '2021-05-06', NULL, NULL, '', '', '', '', '3', '', '', '2021-05-06', 4, 'BANGUI', 1, 1, 0, 'KAMNDOM CHARLES', 'BEMBE VIRGINIE BLANCHE', 'CELIBATAIRE', '', '', '', '', 'BEMBE EDGARD', '72351730', '', '', 'CDD', 0, 17, '', '', 'VIREMENT'),
(3715, 1512, 1, 'BALAMOTO', 'CS01-00234', 'CS01', 'JOELLE NATACHA', '34000', NULL, 5, 0, '', 0, '1992-01-01', '', 'BANGUI', '1', '', NULL, '', '72329312', '', NULL, '2017-07-28', NULL, NULL, '', '', '', '', '2', '', '', '2021-05-06', 4, 'BANGUI\nYANGATO', 1, 1, 0, 'BALAMOTO VALENTINE', 'NABOUBO GEORGINE', 'CELIBATAIRE', '', '', '', '', 'NGANAFEÏ ROBERT', '72032870/75000456', '', '', 'CDD', 0, 17, '', '', 'VIREMENT'),
(3716, 1717, 1, 'GBODO', 'CS01-00235', 'CS01', 'Igor', '34000', NULL, 5, 0, '', 0, '1982-08-06', '', 'Bangui', '1', '06RK02805', NULL, '+236 72108386', '+236 75572808', '', NULL, '2019-06-10', NULL, NULL, '', '', '', 'Seconde', '2', '', '', '2021-05-06', 2, 'Bimbo', 1, 1, 0, 'IZAMBA IZHEDE', 'VICKOLA Philomene', 'CELIBATAIRE', 'N 4647/82', '', '', '', 'GBOD VICKOLA Benichou', '+236 75917872', '', '', 'CDD', 0, 17, '', '', 'VIREMENT'),
(3717, 1512, 1, 'YOLOMALE', 'CS01-00236', 'CS01', 'FANNY BENEDICTE', '34000', NULL, 2, 0, '', 0, '1987-06-19', '', 'BANGUI', '1', '', NULL, '75277692', '72079273', '', NULL, '2017-07-31', NULL, NULL, '', '', '', '', '2', '', '', '2021-05-06', 4, 'BANGUI', 2, 1, 0, 'YOLOMALE MAURICE', 'SEZAR', 'CELIBATAIRE', '', '', '', '', 'MBADE INNOCENT', '72809397', '', '', 'CDD', 0, 17, '', '', 'VIREMENT'),
(3718, 1717, 1, 'NGOLLIO', 'CS01-00237', 'CS01', 'Mathurin Djamal', '34009', NULL, 2, 0, '', 1, '1997-11-29', '', 'Bossangoa', '1', '', NULL, '+236 75686830', '+236 72537977', 'ngolliod@gmail.com', NULL, '2018-09-07', NULL, NULL, '', '', '', '1ere annee', '3', '', '', '2021-05-06', 1, 'Boy-Rab', 1, 1, 0, 'NGOLLIO Benjamin', 'NGOLLIO Françoise ', 'CELIBATAIRE', '570/97', '', '', '', 'WANGAO Leslie', '+236 75400306', '', '', 'CDD', 0, 17, '', '', 'VIREMENT'),
(3719, 1715, 1, 'NTONGA BOMBA', 'CS01-00238', 'CS01', 'Thierry Alex', '34000', NULL, 2, 0, '', 1, '1982-11-11', '', 'Bangui', '1', '', NULL, '+236 72145986', '+236 75025102', '', NULL, '2018-08-31', NULL, NULL, '', '', '', '2e annee', '3', '', '', '2021-05-07', 1, 'Lakouanga, 2e arrondissement ', 1, 1, 0, 'NTONGA BOMBA Serge Vin', 'YAMOIN Pelagie ', 'CELIBATAIRE', 'N 0769', '', '', '', 'GABATO Ronisson', '+236 75708219 / 72145986', '', '', 'CDD', 0, 17, '', '', 'VIREMENT'),
(3720, 1700, 1, 'BANDA KERAM', 'CS01-00239', 'CS01', 'Olivier', '34000', NULL, 4, 0, '', 1, '1989-10-09', '', 'Bangui', '1', '', NULL, '+236 75017033', '+236 72032020', '', NULL, '2017-12-31', NULL, NULL, '', '', '', '2e annee de science-eco', '3', '', '', '2021-05-07', 1, '4e arrondissement ', 1, 1, 0, 'BANDA Valentin ', 'OUEBI Rekia', 'CELIBATAIRE', '', '', '', '', 'KERAM Adele', '+236 72077996', '', '', 'CDD', 0, 17, '', '', 'VIREMENT'),
(3721, 1693, 1, 'MBOY MOKE', 'CS01-00240', 'CS01', 'Jeremie', '34000', NULL, 1, 0, '', 1, '1991-09-22', '', 'Bangui', '1', '', NULL, '+236 72534914', '+236 75751106', '', NULL, '2018-12-31', NULL, NULL, '', '', '', 'Seconde ', '2', '', '', '2021-05-07', 1, '7e arrondissement ', 1, 1, 0, 'IMAZAGONI Pine', 'WOSSOMO Rosalie', 'CELIBATAIRE', '', '', '', '', 'DANGBAWISSI Jean P', '+236 75770588', '', '', 'CDD', 0, 17, '', '', 'VIREMENT'),
(3722, 1510, 1, 'ZANGOULI', 'CS01-00241', 'CS01', 'Herve Jospin', '34000', NULL, 3, 0, '', 1, '1994-06-13', '', 'Bangui ', '1', '', NULL, '', '+236 75927510', '', NULL, '2019-06-25', NULL, NULL, '', '', '', '1ere annee', '3', '', '', '2021-05-07', 1, 'Miskine', 1, 1, 0, 'ZANGOULI Sylvestre', 'POUTOU Philomene', 'CELIBATAIRE', '', '', '', '', 'ZANGOULI Bangui', '+236 75232330 / 72267357', '', '', 'CDD', 0, 17, '', '', 'VIREMENT'),
(3723, 1512, 1, 'PEYABOY', 'CS01-00242', 'CS01', 'CARINE', '34000', NULL, 5, 0, '', 0, '1982-03-28', '', 'BANGUI', '1', '', NULL, '', '75308442', '', NULL, '2017-12-02', NULL, NULL, '', '', '', '', '2', '', '', '2021-05-07', 4, 'BANGUI\nFOUH', 2, 1, 0, 'PEYABOY MARC', 'NAMSSIO LOUISE', 'CELIBATAIRE', '', '', '', '', 'PEYABOY CLEMENCE', '72605850', '', '', 'CDD', 0, 17, '', '', 'VIREMENT'),
(3724, 1512, 1, 'NDOMANGA', 'CS01-00243', 'CS01', 'JOSUE', '34000', NULL, 3, 0, '', 0, '1984-01-07', '', 'BANGUI', '1', '', NULL, '72082026', '75883342', '', NULL, '2021-05-04', NULL, NULL, '', '', '', '', '2', '', '', '2021-05-07', 4, 'VODAMBALA\nBIMBO 2', 1, 1, 0, 'YASSEMALE', 'INGUERE CHRISTINE', 'CELIBATAIRE', '', '', '', '', 'MOUSSA GRACIA', '72359496', '', '75001998', 'CDD', 0, 17, '', '', 'VIREMENT'),
(3725, 1512, 1, 'NGEMBOUA', 'CS01-00244', 'CS01', 'MARIUS', '34000', NULL, 3, 0, '', 0, '2021-04-05', '', 'BANGUI', '1', '', NULL, '72343583', '75481543', '', NULL, '2017-07-28', NULL, NULL, '', '', '', '', '3', '', '', '2021-05-07', 4, 'BIMBO', 1, 1, 0, 'GRENGBEMBOUA ', 'HOUBMASSA VIRGINIE', 'CELIBATAIRE', '', '', '', '', 'KEGBO CHERUBIN', '75481543', '', '', 'CDD', 0, 17, '', '', 'VIREMENT'),
(3726, 113, 1, 'KAMNDOM', 'CS01-00245', 'CS01', 'EMERIC GHISLAIN', '34000', NULL, 9, 0, '', 0, '0198-11-11', '', 'BANGUI', '1', '10190004002446629', NULL, '72 75 78 00/ 75 43 83 89', '', '', NULL, '2019-01-01', NULL, NULL, '', '', '', 'UNIVERSITAIRE ', '3', '', '', '2021-05-08', 1, 'BANGUI', 1, 1, 0, 'KAMNDOM CHARLES', 'BEMBE VIRGNIE', 'CELIBATAIRE', 'N°3640', '', '', '', 'BEMBE EDGARD', '72 35 17 30', '', '', 'CDD', 0, 0, '', '', ''),
(3727, 1512, 1, 'DOTE', 'CS01-00246', 'CS01', 'CHRISTELLE', '34000', NULL, 3, 0, '', 0, '1982-09-23', '', 'BANGUI', '1', '', NULL, '75 60 30 16', '', '', NULL, '2020-06-27', NULL, NULL, '', '', '', '3ème', '2', '', '', '2021-05-08', 1, 'BANGUI', 1, 1, 0, 'DOTE RENE', 'IDAMBA LOUISE', 'CELIBATAIRE', 'N°3468', '', '', '', 'DOTE DIEU BENI', '75 27 53 07', '', '', 'CDD', 0, 0, '', '', ''),
(3728, 1512, 1, 'PONDOS-YAYOLO', 'CS01-00247', 'CS01', 'EROSTINE MARINA', '34000', NULL, 1, 0, '', 0, '1988-04-25', '', 'BANGUI', '1', '', NULL, '75 61 21 09/ 72 87 86 18', '', '', NULL, '2016-06-08', NULL, NULL, '', '', '', 'UNIVERSITAIRE ', '3', '', '', '2021-05-08', 1, 'BANGUI', 2, 1, 0, 'PONDOS GEOQUINE', 'YAKONI ODETTE', 'CELIBATAIRE', '', '', '', '', 'PONDOS GEOQUINE', '72 26 20 14', '', '', 'CDD', 0, 0, '', '', ''),
(3729, 1512, 1, 'YAKOMA', 'CS01-00248', 'CS01', 'HENRI', '34000', NULL, 5, 0, '', 0, '1969-03-05', '', 'BANGUI', '1', '', NULL, '72 74 91 09/ 70 10 72 74', '', '', NULL, '2017-12-02', NULL, NULL, '', '', '', '3ème', '2', '', '', '2021-05-08', 1, 'FOUH', 1, 1, 0, 'YAKONA JOSUE', 'ASTALFALATA', 'CELIBATAIRE', 'N°19', '', '', '', 'GREBANDA WILFRID', '72 18 71 42', '', '', 'CDD', 0, 0, '', '', ''),
(3730, 1512, 1, 'BAKONGO-YANGOUMANDJI', 'CS01-00249', 'CS01', 'MICHAEL', '34000', NULL, 4, 0, '', 0, '1995-08-22', '', 'SIBUT', '1', '', NULL, '72 70 88 64/ 75 12 25 63', '', '', NULL, '2017-12-02', NULL, NULL, '', '', '', 'TERMINAL A', '3', '', '', '2021-05-08', 1, 'BANGUI', 1, 1, 0, 'BAKONGO ROBERT', 'BAKONGO NE GBENOU AGNOS', 'CELIBATAIRE', 'N°068', '', '', '', 'NGODI ROMAINE', '                                         ', '', '', 'CDD', 0, 0, '', '', ''),
(3731, 113, 1, 'OUIABONA', 'CS01-00250', 'CS01', 'GUY WILFRIED', '34000', NULL, 2, 0, '', 0, '1996-07-30', '', 'BAMBARI', '1', '1079613000795982', NULL, '72 32 46 85/ 75 75 16 85', '', '', NULL, '2018-03-02', NULL, NULL, '', '', '', 'PREMIERE', '2', '', '', '2021-05-08', 1, 'BOY-RABE', 1, 1, 0, 'OUIABONA IRENEE', 'GBASSOLE MARIE CECILE', 'CELIBATAIRE', 'N°782', '', '', '', 'OUIABONA IRENEE', '72 87 97 24/ 72 87 97 24', '', '', 'CDD', 0, 0, '', '', ''),
(3732, 1512, 1, 'YANGANA', 'CS01-00251', 'CS01', 'BRICE SAINT FORT', '34000', NULL, 2, 0, '', 0, '1985-10-17', '', 'BANGUI', '1', '', NULL, '72 54 40 61/ 75 19 99 71', '', '', NULL, '2019-04-10', NULL, NULL, '', '', '', 'UNIVERSITAIRE ', '4', '', '', '2021-05-08', 1, 'BANGUI', 1, 1, 0, 'YANGANA EDOUARD', 'NZAFIO JEANNE', 'CELIBATAIRE', 'N°1657', '', '', '', 'YANGANA EVRAD', '72 55 93 58', '', '', 'CDD', 0, 0, '', '', ''),
(3733, 1512, 1, 'KPAWILENA', 'CS01-00252', 'CS01', 'ISAAC', '34000', NULL, 9, 0, '', 0, '1980-02-05', '', 'BOSSANGOA', '1', '', NULL, '72 15 52 36', '', '', NULL, '2018-01-02', NULL, NULL, '', '', '', '3ème', '2', '', '', '2021-05-08', 1, 'BANGUI', 1, 1, 0, 'PEFEI SIMON', 'KOFEBONA ANNE', 'CELIBATAIRE', '', '', '', '', 'NAMBOSSOUNA SALOMON', '', '', '', 'CDD', 0, 0, '', '', ''),
(3734, 1512, 1, 'KOVIKO', 'CS01-00253', 'CS01', 'BORISIS PATRICK', '34000', NULL, 3, 0, '', 0, '1995-01-01', '', 'BENGUI', '1', '', NULL, '75 08 03 51/ 72 57 22 53', '', '', NULL, NULL, NULL, NULL, '', '', '', '3ème', '2', '', '', '2021-05-08', 1, 'CITE GOLF', 1, 1, 0, 'KOVIKO SOSTHENE', 'NAMBONA ELISABETH', 'CELIBATAIRE', '', '', '', '', 'KOVIKO SOSTHENE', '75 03 74 00', '', '', 'CDD', 0, 0, '', '', ''),
(3735, 1512, 1, 'ALAKAGA', 'CS01-00254', 'CS01', 'ALBAN', '34000', NULL, 5, 0, '', 0, '1986-06-24', '', 'BANGUI', '1', '', NULL, '75 30 79 35', '', '', NULL, '2017-07-27', NULL, NULL, '', '', '', 'TERMINAL ', '2', '', '', '2021-05-08', 1, '', 1, 1, 0, 'ALAKAGA HENRI', 'YAMASSIKINE MARI THERESE', 'CELIBATAIRE', '', '', '', '', 'KPOOSSA DENIS', '75 94 19 64', '', '', 'CDD', 0, 0, '', '', ''),
(3736, 1512, 1, 'WAKPINGO', 'CS01-00255', 'CS01', 'NORBERT', '34000', NULL, 8, 0, '', 0, '1968-09-08', '', 'OUANGO BANGASSOU', '1', '10968011000479', NULL, '75 70 22 87/ 72 07 29 88', '', '', NULL, '2021-10-28', NULL, NULL, '', '', '', 'SECONDAIRE', '2', '', '', '2021-05-08', 1, 'BIMBO', 1, 1, 0, 'OUASSAMBO MATHIAS', 'MBOMI LOUISE', 'CELIBATAIRE', 'N°320', '', '', '', 'WASSAMBO TINTO', '75 57 58 56', '', '', 'CDD', 0, 0, '', '', ''),
(3737, 1512, 1, 'YADAKPA MELPHY', 'CS01-00256', 'CS01', 'POSTULAT VICORDON', '34000', NULL, 5, 0, '', 0, '1976-08-13', '', 'BANGUI', '1', '10875011117172', NULL, '72 05 38 70/ 70 98 38 56', '', '', NULL, '2017-12-02', NULL, NULL, '', '', '', 'SECONDAIRE', '2', '', '', '2021-05-08', 1, 'BANGUI', 1, 1, 0, 'YADAKPA HENRI', 'KOFEINGANA JULLIENE', 'CELIBATAIRE', 'N°678', '', '', '', 'ILAMA SOLANGE', '72 11 85 95', '', '', 'CDD', 0, 0, '', '', ''),
(3738, 1512, 1, 'BADEGOLO', 'CS01-00257', 'CS01', 'JEAN-PAUL', '34000', NULL, 2, 0, '', 0, '1995-03-11', '', 'DEDE MOKOUBA', '1', '', NULL, '72 49 23 63', '', '', NULL, '2021-04-16', NULL, NULL, '', '', '', 'UNIVERSITAIRE ', '5', '', '', '2021-05-08', 1, 'BANGUI', 1, 1, 0, 'GBATA BERNARD', 'TOLLOUMOU JOSEPHINE', 'CELIBATAIRE', 'N°020', '', '', '', 'MAIN BOURT GHISLAINE', '72 66 14 93', '', '', 'CDD', 0, 0, '', '', ''),
(3739, 1512, 1, 'MAGALE', 'CS01-00258', 'CS01', 'JEAN CHARLES', '34000', NULL, 9, 0, '', 0, '1989-05-10', '', 'BANGUI', '1', '10589011001913', NULL, '70 02 03 80/ 75 02 45 83', '', '', NULL, '2017-07-25', NULL, NULL, '', '', '', 'TERMINAL ', '3', '', '', '2021-05-08', 1, 'BANGUI', 1, 1, 0, 'MAGALE JEAN ', 'MAGALE MADELENE OWKEZO', 'CELIBATAIRE', '', '', '', '', 'MAGALE ANDRE DIEUDONNE', '75 20 76 95', '', '', 'CDD', 0, 0, '', '', ''),
(3740, 1512, 1, 'MIAMBAYE', 'CS01-00259', 'CS01', 'LEWIA SAINTE LUCE', '34000', NULL, 3, 0, '', 0, '1989-03-05', '', 'BANGUI', '1', '20389011115708', NULL, '72 34 33 18/ 75 52 43 46', '', '', NULL, NULL, NULL, NULL, '', '', '', '3ème', '2', '', '', '2021-05-08', 1, 'DEDENGUE', 2, 1, 0, 'MIAMBAYE BERNARD', 'TANGBA MICHELINE', 'CELIBATAIRE', 'N°937', 'N°5911', '', '', 'MANDANDJI EMMANUEL', '75 04 89 94/ 72 08 02 45', '', '', 'CDD', 0, 0, '', '', ''),
(3741, 1512, 1, 'GAMANA ', 'CS01-00260', 'CS01', 'PRINCE RAMADAN', '34000', NULL, 3, 0, '', 0, '1993-04-05', '', 'BIMBO', '1', '1049', NULL, '72 40 67 74/ 75 26 92 29', '', '', NULL, '2019-01-01', NULL, NULL, '', '', '', 'SECONDAIRE', '2', '', '', '2021-05-08', 1, 'D\'AMALA AEROPPORT', 1, 1, 0, 'GAMANA ROBERT', 'ZONGALA MARCELINE', 'CELIBATAIRE', 'N°1901', 'N°548', '', '', 'HAWA BITTA BACHIR', '75 03 71 57/ 72 87 56 02', '', '', 'CDD', 0, 0, '', '', ''),
(3742, 1512, 1, 'LEBOU', 'CS01-00261', 'CS01', 'JONATHAN TERRENCE', '34000', NULL, 2, 0, '', 0, '1989-12-23', '', 'BANGUI', '1', '10689031000042', NULL, '72 27 72 15', '', '', NULL, '2017-07-29', NULL, NULL, '', '', '', '3ème', '2', '', '', '2021-05-08', 1, 'BEGOUA', 1, 1, 0, 'LEBOU RAYHONDE', 'YASSIMA JEANNE', 'CELIBATAIRE', 'N°117', '', '', '', 'LEBOU RAYMOND', '72 37 51 86/ 75 66 37 06', '', '', 'CDD', 0, 0, '', '', ''),
(3743, 1512, 1, 'TANGALA-YALIMBETI', 'CS01-00262', 'CS01', 'EXANCE-DEBONNAIRE', '34000', NULL, 2, 0, '', 0, '1992-07-01', '', 'BERBERATI', '1', '11295301001223906', NULL, '72 40 72 53/ 75 34 00 17', '', '', NULL, '2017-07-29', NULL, NULL, '', '', '', 'UNIVERSITAIRE ', '3', '', '', '2021-05-08', 1, '', 1, 1, 0, 'J.N TANGALA', 'AMBESSO OLGA', 'CELIBATAIRE', 'N°594', 'N°0118', '', '', 'J.N TANGALA YALIMBETI', '72 28 88 27', '', '', 'CDD', 0, 0, '', '', ''),
(3744, 1512, 1, 'GOUBOUGNANG', 'CS01-00263', 'CS01', 'ARISTIDE JAMES', '34000', NULL, 25, 0, '', 0, '1994-04-12', '', 'BANGUI', '1', '1049401001285129', NULL, '72 14 68 90/ 75 00 68 96', '', '', NULL, '2019-01-01', NULL, NULL, '', '', '', 'UNIVERSITAIRE ', '3', '', '', '2021-05-08', 1, 'FOUH', 1, 1, 0, 'GOUBOUGNANG DAVY', 'KAKOUBANGA ANNIE', 'CELIBATAIRE', 'N°347', '', '', '', 'BAGAZA PRUDENT', '72 72 40 52/ 75 70 07 70', '', '', 'CDD', 0, 0, '', '', ''),
(3745, 1512, 1, 'KOLO BEM SOE', 'CS01-00264', 'CS01', 'BEAU SOLEIL', '34000', NULL, 3, 0, '', 0, '1985-07-20', '', 'BANGUI', '1', '', NULL, '72 08 14 31/ 75 74 56 02', '', '', NULL, '2017-07-30', NULL, NULL, '', '', '', 'UNIVERSITAIRE ', '3', '', '', '2021-05-08', 1, 'BANGUI', 1, 1, 0, 'KOLOBEM GILLY GILBERT', 'SAMIDA MARTINE', 'CELIBATAIRE', '', '', '', '', 'YANDAL MINTIBAYA CELESTIN', '72 29 39 48', '', '', 'CDD', 0, 0, '', '', ''),
(3746, 1512, 1, 'OUANFEI', 'CS01-00265', 'CS01', 'RAYMOND', '34000', NULL, 15, 0, '', 0, '1966-12-21', '', 'BOSSANGA', '1', '1126605002934562', NULL, '72 63 15 59/ 75 11 78 82', '', '', NULL, '2020-09-17', NULL, NULL, '', '', '', '3èME', '1', '', '', '2021-05-08', 1, 'GOBONGO', 1, 1, 0, 'OUANFEI ETIENNE', 'NAMYARA ELISABETH', 'CELIBATAIRE', 'N°162', '', '', '', 'DEMOBOMA HUGUETTE SONIA', '72 74 29 47', '', '', 'CDD', 0, 0, '', '', ''),
(3747, 113, 1, 'KATCHIAMATCHI', 'CS01-00266', 'CS01', 'ANICET EDWIGE', '34000', NULL, 3, 0, '', 0, '1996-01-01', '', 'GUEZELI', '1', '1029606002149528', NULL, '72 78 66 51/ 75 65 25 21', '', '', NULL, '2019-01-01', NULL, NULL, '', '', '', 'UNIVERSITAIRE', '2', '', '', '2021-05-08', 1, 'BANGUI', 1, 1, 0, 'KATCHIAMATCHI', 'MARIE YAMBETI', 'CELIBATAIRE', 'N°28/96', '', '', '', 'KATCHIAMATCHI PARFAIT', '72 39 44 08/ 75 16 42 03', '', '', 'CDD', 0, 0, '', '', ''),
(3748, 1512, 1, 'INOUSS-GUERENGBO', 'CS01-00267', 'CS01', 'JENNIFER JOELLE', '34000', NULL, 7, 0, '', 0, '1988-07-13', '', 'BANGUI', '1', '', NULL, '72 16 92 08/ 75 35 76 42', '', '', NULL, NULL, NULL, NULL, '', '', '', 'UNIVERSITAIRE', '6', '', '', '2021-05-08', 1, 'BANGUI', 2, 1, 0, 'INOUSS ROBERT', 'ENZKANE MADELIENE', 'CELIBATAIRE', '', '', '', '', 'MOTOGA BIENVENU', '72 61 61 31/ 75 70 72 00', '', '', 'CDD', 0, 0, '', '', ''),
(3749, 1512, 1, 'PAMINE BASSA', 'CS01-00268', 'CS01', 'CYNTHIA INES', '34000', NULL, 6, 0, '', 0, '1986-09-17', '', 'BATALIMO', '1', '170920827193947949', NULL, '75 08 71 78/ 72 25 75 63', '', '', NULL, '2017-07-28', NULL, NULL, '', '', '', 'TERMINAL', '3', '', '', '2021-05-08', 1, '', 2, 1, 0, 'BASSA ENSELME', 'LAMINE FLORENCE', 'CELIBATAIRE', '', '', '', '', 'BADEKARA ARSENE CREPIN', '75 51 88 53/ 72 02 75 86', '', '', 'CDD', 0, 0, '', '', ''),
(3750, 1512, 1, 'TCHE-PASSIO', 'CS01-00269', 'CS01', 'ARMELLE', '34000', NULL, 5, 0, '', 0, '1987-02-14', '', 'BANGUI', '1', '', NULL, '72 13 02 63', '', '', NULL, '2017-12-02', NULL, NULL, '', '', '', '3ème', '2', '', '', '2021-05-08', 1, 'BANGUI', 2, 1, 0, 'APPATA', 'POUNOUNZAPA ANE', 'CELIBATAIRE', '', '', '', '', 'APPATA NATACHA', '72 04 23 16', '', '', 'CDD', 0, 0, '', '', ''),
(3751, 1512, 1, 'GOY KOTTO', 'CS01-00270', 'CS01', 'NORBERT', '34000', NULL, 5, 0, '', 0, '1975-06-01', '', 'BANGUI', '1', '', NULL, '75 49 01 32/ 72 70 61 93', '', '', NULL, '2020-06-28', NULL, NULL, '', '', '', 'UNIVERSITAIRE', '3', '', '', '2021-05-08', 1, 'BANGUI', 1, 1, 0, 'MATHIEU GOY', 'CECILE YAYOCO', 'CELIBATAIRE', '', '', '', '', 'YAGBIA CHRISTINE', '72 69 28 29', '', '', 'CDD', 0, 0, '', '', ''),
(3752, 1512, 1, 'YANGANDIA', 'CS01-00271', 'CS01', ' SYLVESTRE', '34000', NULL, 15, 0, '', 0, '1964-04-04', '', 'BIMBO', '1', '10464011000686', '2021-12-09', '72 36 75 17/ 75 10 90 12', '', '', '2031-12-09', '2020-07-10', NULL, NULL, '', '', '', '3èME', '1', '', '', '2021-05-08', 1, 'CITE DE LA PAIX', 1, 1, 0, 'YANGANDIA ', 'ADEKARA AGATTE', 'CELIBATAIRE', 'N°121', '', '', '', 'MAKOKOALA FAUSTIN', '72 52 50 98/ 75 22 92 26', '', '', 'CDD', 0, 0, '', '', ''),
(3753, 1512, 1, 'MANDATCHI-KABAILE', 'CS01-00272', 'CS01', 'DORIANE GERTRUDE', '34000', NULL, 3, 0, '', 0, '1992-11-27', '', 'BANGUI', '1', '', NULL, '75 11 93 94/ 72 65 90 30', '', '', NULL, '2020-03-27', NULL, NULL, '', '', '', 'TERMINAL', '2', '', '', '2021-05-08', 1, 'BOY-RABE', 2, 1, 0, 'MANDATCHI KOKO', 'KOYNA EMILIENE', 'CELIBATAIRE', '', '', '', '', 'MANDATCHI FERLANDE', '75 12 13 91/ 72 63 57 47', '', '', 'CDD', 0, 0, '', '', ''),
(3754, 1512, 1, 'BISSE', 'CS01-00273', 'CS01', 'HENRY LOPEZ', '34000', NULL, 5, 0, '', 0, '1979-12-06', '', 'BANGUI', '1', '', NULL, '75 21 08 33/ 72 10 54 50', '', '', NULL, '2018-04-01', NULL, NULL, '', '', '', 'TERMINAL', '2', '', '', '2021-05-08', 1, 'BANGUI', 1, 1, 0, 'BISSE JACQUES', 'YAVDOM HELENE', 'CELIBATAIRE', '', '', '', '', 'BISSE KONGO ANGELINE', '75 53 75 28/ 72 03 69 22', '', '', 'CDD', 0, 0, '', '', ''),
(3755, 1512, 1, 'KOMBO BOBONO', 'CS01-00274', 'CS01', 'GEORGES', '34000', NULL, 12, 0, '', 0, '1962-06-19', '', 'TEDOA', '1', '', NULL, '72 61 70 94 / 75 01 80 21', '', '', NULL, '2017-08-01', NULL, NULL, '', '', '', 'TERMINAL', '2', '', '', '2021-05-08', 1, 'BIMBO III', 1, 1, 0, 'BOBONO BENDERE', 'SOROKO MARCELINE', 'CELIBATAIRE', 'N°244', '', '', '', 'MBASSO ALEXIS', '72 04 76 56', '', '', 'CDD', 0, 0, '', '', ''),
(3756, 1512, 1, 'SATEME ', 'CS01-00275', 'CS01', 'CHRISTIAN LUTHER', '34000', NULL, 3, 0, '', 0, '1996-03-09', '', 'BIMBO', '1', '', NULL, '75 67 11 38 / 72 15 47 14', '', '', NULL, '2017-08-01', NULL, NULL, '', '', '', 'UNIVERSITAIRE', '3', '', '', '2021-05-08', 1, 'BIMBO', 1, 1, 0, 'SATEME  OMER', 'TELENKEDE BEATRICE', 'CELIBATAIRE', '', '', '', '', 'SATEME OMER', '75 04 10 01', '', '', 'CDD', 0, 0, '', '', ''),
(3757, 1512, 1, 'MBRAIMOUS', 'CS01-00276', 'CS01', 'SANDRINE', '34000', NULL, 4, 0, '', 0, '1998-01-01', '', 'GALABADJA', '1', '', NULL, '72 86 50 92', '', '', NULL, NULL, NULL, NULL, '', '', '', 'SECONDAIRE', '2', '', '', '2021-05-08', 1, 'GALABADJA', 2, 1, 0, 'MBRAIMOUS LIO', 'FEREMA BRIGITTE', 'CELIBATAIRE', '', '', '', '', 'MBRAIMOUS JEAN LIONARD', '72 72 13 06', '', '', 'CDD', 0, 0, '', '', ''),
(3758, 113, 1, 'LINGDI-WONZOU', 'CS01-00277', 'CS01', 'MARIE ANGE CHANCELLA', '34000', NULL, 3, 0, '', 0, '1996-11-24', '', 'BANGUI', '1', '', NULL, '75 31 12 21/ 72 39 53 67', '', '', NULL, '2020-04-01', NULL, NULL, '', '', '', 'UNIVERSITAIRE', '5', '', '', '2021-05-08', 1, 'BANGUI', 2, 1, 0, 'LINGUI-J-MARIE ', 'YAZIMANGO SUZANNE', 'CELIBATAIRE', '', '', '', '', 'NGBOKOZOYEN GATIEN', '75 48 05 96', '', '', 'CDD', 0, 0, '', '', ''),
(3759, 1512, 1, 'NOUIDEMONA', 'CS01-00278', 'CS01', 'NELLY', '34000', NULL, 2, 0, '', 0, '1992-07-02', '', 'BATA', '1', '', NULL, '72 62 12 86', '', '', NULL, '2020-11-11', NULL, NULL, '', '', '', '6ème', '1', '', '', '2021-05-08', 1, 'GOBOGO', 2, 1, 0, 'NOUIDEMONA ', 'FIORE SARA', 'CELIBATAIRE', '', '', '', '', 'NOUIDEMONA LEDOU', '72 42 15 39', '', '', 'CDD', 0, 0, '', '', ''),
(3760, 1512, 1, 'BAGAZA', 'CS01-00279', 'CS01', 'OZIAS DARIUS', '34000', NULL, 4, 0, '', 0, '1987-05-05', '', 'BANGUI', '1', '10587011002252', NULL, '75 04 77 74 / 72 03 75 02', '', '', NULL, '2018-12-01', NULL, NULL, '', '', '', 'SECONDAIRE', '2', '', '', '2021-05-08', 1, 'SITE JEAN 23', 1, 1, 0, 'BAGAZA THERY', 'NAGO RUTE', 'CELIBATAIRE', '', '', '', '', 'BAGAZA JUSELLE', '75 76 45 70', '', '', 'CDD', 0, 0, '', '', ''),
(3761, 1512, 1, 'MADOUROU', 'CS01-00280', 'CS01', 'LEMMY MARIUIS', '34000', NULL, 5, 0, '', 0, '1981-07-18', '', 'BANGUI', '1', '', NULL, '75 73 17 82/ 72 16 60 89', '', '', NULL, '2017-12-02', NULL, NULL, '', '', '', '3èME', '1', '', '', '2021-05-08', 1, 'COMBATTON', 1, 1, 0, 'MADOUROU LUIMARI', 'KAPOU DENISEL', 'CELIBATAIRE', 'N°38', '', '', '', 'DANGOUA EMANUELA', '72 35 13 57', '', '', 'CDD', 0, 0, '', '', ''),
(3762, 1512, 1, 'NGAYAKON SANZE', 'CS01-00281', 'CS01', 'AMOS DELMAS', '34000', NULL, 3, 0, '', 0, '1991-08-12', '', 'BANGUI', '1', '', NULL, '75 14 0070/ 72 09 65 48', '', '', NULL, '2019-06-11', NULL, NULL, '', '', '', 'TERMINAL', '3', '', '', '2021-05-08', 1, 'NGALABANDJA', 1, 1, 0, 'NGAYAKON PAUL', 'SANZE ELIZABETH', 'CELIBATAIRE', '', '', '', '', 'IPANDE SAINT ADELINE', '75 06 32 83', '', '', 'CDD', 0, 0, '', '', ''),
(3763, 1512, 1, 'KONIMBAI', 'CS01-00282', 'CS01', 'BERTILLE', '34000', NULL, 3, 0, '', 0, '1987-05-12', '', 'BANGUI', '1', '', NULL, '72 62 93 69', '', '', NULL, '2021-12-05', NULL, NULL, '', '', '', 'TERMINAL', '3', '', '', '2021-05-08', 1, 'NGALABADJA', 2, 1, 0, 'KONIMBAI THOMAS', 'NGATOULI MARTINE', 'CELIBATAIRE', '', '', '', '', 'KONIMBAI FRED', '72 50 99 96', '', '', 'CDD', 0, 0, '', '', ''),
(3764, 1512, 1, 'MBRODJANE', 'CS01-00283', 'CS01', 'HUBERT', '34000', NULL, 5, 0, '', 0, '1984-11-11', '', 'BANGUI', '1', '010495409174713', NULL, '72 25 69 59', '', '', NULL, '2020-03-13', NULL, NULL, '', '', '', 'TERMINAL', '2', '', '', '2021-05-08', 1, 'CITER KAYA', 1, 1, 0, 'MBRODJANE MICHEL', 'MOKONOU ANTOINETTE', 'CELIBATAIRE', 'N°6501', '', '', '', 'MBRODJANE NATHALIE', '75 02 17 93/72 72 48 88', '', '', 'CDD', 0, 0, '', '', ''),
(3765, 1512, 1, 'BANDAKA', 'CS01-00284', 'CS01', 'ARMANDE JUNIOR', '34000', NULL, 3, 0, '', 0, '1985-07-14', '', 'BIBOBEGOIA', '1', '107850M001763', NULL, '75 22 35 72', '', '', NULL, '2019-01-01', NULL, NULL, '', '', '', 'TERMINAL', '2', '', '', '2021-05-08', 1, 'BOUILI', 1, 1, 0, 'BANDAKA ', 'VANDOKA', 'CELIBATAIRE', '', '', '', '', 'BANDAKA DOMINIQUE', '75 75 99 77', '', '', 'CDD', 0, 0, '', '', ''),
(3766, 1512, 1, 'MOLOTOAMADE ', 'CS01-00285', 'CS01', 'YANNICK EMMANUEL', '34000', NULL, 4, 0, '', 0, '1991-12-25', '', 'BANGUI', '1', 'N°9960006122473', NULL, '72 35 16 00/ 75 81 80 04', '', '', NULL, '2021-05-08', NULL, NULL, '', '', '', 'TERMINAL A', '2', '', '', '2021-05-08', 1, 'BOEING', 1, 1, 0, 'MOLOTOAMADE', 'MOKO MARIE ANGELE', 'CELIBATAIRE', '', '', '', '', 'DOBENGUE LEONELLE', '75 81 80 04', '', '', 'CDD', 0, 0, '', '', ''),
(3767, 1512, 1, 'ISSOL', 'CS01-00286', 'CS01', 'BIENVENU BED', '34000', NULL, 3, 0, '', 0, '1995-01-01', '', 'BOSSEMBE', '1', 'N°105901001049037', NULL, '72 26 18 91/ 75 19 66 98', '', '', NULL, '2017-08-10', NULL, NULL, '', '', '', 'UNIVERSITAIRE ', '3', '', '', '2021-05-08', 1, 'GALABADJA', 1, 1, 0, 'ISSOL BENOIT', 'MBADAR MARIE ', 'CELIBATAIRE', 'N°137/95', '', '', '', 'NELEYO', '75 50 18 60/ 72 50 18 60', '', '', 'CDD', 0, 0, '', '', ''),
(3768, 1512, 1, 'BOUTOU-MAVOUNGOU', 'CS01-00287', 'CS01', 'GILDAS', '', NULL, 0, 0, '', 0, '1983-09-02', '', 'BANGUI', '1', '', NULL, '75 41 12 07/ 72 34 32 80', '', '', NULL, '2017-09-01', NULL, NULL, '', '', '', 'UNIVERSITAIRE ', '3', '', '', '2021-05-08', 1, 'BANGUI', 1, 1, 0, 'MBOUTOU M ARMINIE', 'NYSSA EDOXIE', 'CELIBATAIRE', 'N°055', '', '', '', 'YAVIKO ELODIE', '75 14 58 64', '', '', 'CDD', 0, 0, '', '', ''),
(3769, 1512, 1, 'MANANDJI BALEPPIN', 'CS01-00288', 'CS01', 'PAUL MARTIAL', '34000', NULL, 1, 0, '', 0, '1991-08-29', '', 'BANGUI', '1', '', NULL, '75 94 66 45/ 72 30 80 68', '', '', NULL, '2017-12-05', NULL, NULL, '', '', '', 'TERMINAL ', '3', '', '', '2021-05-08', 1, 'YANGATO', 1, 1, 0, 'MANANDJI GUSTAVE', 'YASSIMBETI JULIENNE', 'CELIBATAIRE', '', '', '', '', 'MANANDJI INNOCENT', '72 47 36 71', '', '', 'CDD', 0, 0, '', '', ''),
(3770, 1512, 1, 'GBAWARO', 'CS01-00289', 'CS01', 'JUNIOR FORTUNE', '34000', NULL, 1, 0, '', 0, '1990-10-21', '', 'BANGUI', '1', '', NULL, '75 56 30 35/ 72 37 63 46', '', '', NULL, '2019-06-28', NULL, NULL, '', '', '', 'UNIVERSITAIRE ', '3', '', '', '2021-05-08', 1, 'GALABADJA', 1, 1, 0, 'GBAWARD GUY', 'PAYOMBO SYLVIE', 'CELIBATAIRE', '', '', '', '', '', '', '', '', 'CDD', 0, 0, '', '', ''),
(3771, 1512, 1, 'RANGBA BERA', 'CS01-00290', 'CS01', 'ERIC', '34000', NULL, 1, 0, '', 0, '1986-10-09', '', 'BEGOUA', '1', '', NULL, '75 24 59 95', '', '', NULL, '2019-01-14', NULL, NULL, '', '', '', 'UNIVERSITAIRE ', '3', '', '', '2021-05-08', 1, 'BANGUI', 1, 1, 0, 'RANGBA R', 'TAUAFEI LOUISE', 'CELIBATAIRE', '', '', '', '', '', '', '', '', 'CDD', 0, 0, '', '', ''),
(3775, 1512, 1, 'BAMANDJA BONGO', 'CS01-00291', 'CS01', 'Roger', '34000', NULL, 8, 0, '', 0, '1973-01-16', '', 'Boali', '1', '1017301000551661', NULL, '+236 75740097', '+236 72153013', '', NULL, '2017-12-31', NULL, NULL, 'Bangui', 'Bangui', '', 'Seconde', '2', '', '', '2021-05-08', 1, '4e arrondissement ', 1, 1, 0, 'BAMANDJA Jean', 'KOUNIZI Anne', 'MARIE(E)', '', '', '', '', 'ANOJA Genevieve', '+236 75074347 / 72242666', '', '', 'CDD', 0, 17, '', '', 'VIREMENT'),
(3776, 1575, 1, 'GAGO', 'CS01-00292', 'CS01', 'Armand Astyanax', '34000', NULL, 3, 0, '', 1, '1974-01-25', '', 'Bangui', '1', '', NULL, '+235 70160825', '+236 75833643', '', NULL, '2019-06-13', NULL, NULL, '', '', '', 'Seconde ', '2', '', '', '2021-05-08', 1, 'Begoua', 1, 1, 0, 'GAGO Pierre', 'REYO Josephine', 'CELIBATAIRE', '0648', '', '', '', 'MOIPOL Jacqueline ', '+236 75063312 / 72446721', '', '', 'CDD', 0, 17, '', '', 'VIREMENT'),
(3777, 1575, 1, 'YANGUERE', 'CS01-00293', 'CS01', 'Polycarpe', '34000', NULL, 1, 0, '', 1, '1997-03-10', '', 'Kouango', '1', '', NULL, '+236 75301985', '+236 72733662', '', NULL, '2021-04-06', NULL, NULL, '', '', '', 'Terminale ', '2', '', '', '2021-05-08', 1, 'Bruxelles ', 1, 1, 0, 'NPANIKA Jean-Claude ', 'OUANGAPO Angele', 'CELIBATAIRE', '', '', '', '', 'BRAFONDE Honore', '+236 72311109', '', '', 'CDD', 0, 17, '', '', 'VIREMENT'),
(3778, 1575, 1, 'MBONZO', 'CS01-00294', 'CS01', 'Ghislain Yvon', '34009', NULL, 2, 0, '', 1, '1996-04-11', '', 'Bimbo', '1', '', NULL, '+236 75949039', '+236 75701062', '', NULL, '2016-09-01', NULL, NULL, '', '', '', 'Terminale ', '2', '', '', '2021-05-08', 1, 'Mangapou II', 1, 1, 0, 'MBONZO Antoine ', 'KORODO Regine', 'CELIBATAIRE', '', '', '', '', 'MBONZO Stanislas', '+236 754415 / 72720476', '', '', 'CDD', 0, 17, '', '', 'VIREMENT'),
(3779, 1567, 1, 'BOUBA', 'CS01-00295', 'CS01', 'Blanchard Michael', '34000', NULL, 4, 0, '', 1, '1985-07-02', '', 'Bangui', '1', '20201110122507197', NULL, '+236 72408624', '+236 75333799', '', NULL, '2019-03-31', NULL, NULL, 'Bangui', 'Bangui', '', 'Seconde ', '2', '', '', '2021-05-08', 1, 'Ouango, 7e arrondissement ', 1, 1, 0, 'BOUBA Paul', 'LOIKOUZOU Elisabeth', 'CELIBATAIRE', '', '', '', '', 'BOUBA Jean', '+236 75687593', '', '', 'CDD', 0, 17, '', '', 'VIREMENT'),
(3780, 1538, 1, 'BALEZOU', 'CS01-00296', 'CS01', 'Melissa', '34000', NULL, 3, 0, '', 1, '1992-12-27', '', 'Bangui', '1', '', NULL, '', '+236 75521829', '', NULL, '2019-07-31', NULL, NULL, '', '', '', 'Seconde ', '2', '', '', '2021-05-08', 1, 'Mandaba, 4e arrondissement ', 2, 1, 0, 'BALEZOU Alphonse', 'DOUNGO Jeanne ', 'CELIBATAIRE', '', '', '', '', 'BALEZOU Alphonse', '+236 72451934', '', '', 'CDD', 0, 17, '', '', 'VIREMENT'),
(3781, 1538, 1, 'RAWAGO MANDA MEYA', 'CS01-00297', 'CS01', 'Jonas', '34000', NULL, 2, 0, '', 1, '1998-06-29', '', 'Bangui', '1', '11029313211131', NULL, '+236 75394179', '+236 72520626', '', NULL, '2020-07-30', NULL, NULL, 'Bangui', 'Bangui', '', '1ere annee', '3', '', '', '2021-05-08', 1, 'Cité Asecna, 1er arrondissement ', 1, 1, 0, 'RAWAGO Paul', 'RAWAGO Leolie', 'CELIBATAIRE', '362', '', '', '', 'RAWAGO Ozias', '+236 72070519 / 75525215', '', '', 'CDD', 0, 17, '', '', 'VIREMENT'),
(3782, 1538, 1, 'DOURNABAZ', 'CS01-00298', 'CS01', 'Oscar Michael Le Doux', '34009', NULL, 3, 0, '', 1, '1996-09-17', '', 'Alindao', '1', '', NULL, '+236 72062914', '+236 75716220', '', NULL, '2020-09-13', NULL, NULL, '', '', '', 'Seconde ', '2', '', '', '2021-05-08', 1, '7e arrondissement ', 1, 1, 0, 'DOURNABAZ Guy', 'OUANTEDE Annette', 'CELIBATAIRE', 'N 37', '', '', '', 'DOURNABAZ Jim', '+236 75201436 / 75271106', '', '', 'CDD', 0, 17, '', '', 'VIREMENT'),
(3783, 1505, 1, 'KABOU', 'CS01-00299', 'CS01', 'Carine Gertrude', '34000', NULL, 4, 0, '', 1, '1987-01-11', '', 'Bangui', '1', '', NULL, '+236 72675339', '+236 75019018', '', NULL, '2017-08-30', NULL, NULL, '', '', '', '6e', '1', '', '', '2021-05-08', 1, 'Fouh, 4e arrondissement ', 2, 1, 0, 'NDOMANGA Mathias', 'KABOU Juliette ', 'CELIBATAIRE', '', '', '', '', 'KABOU Petula', '+236 72740585', '', '', 'CDD', 0, 17, '', '', 'VIREMENT'),
(3784, 1505, 1, 'NDALLOT', 'CS01-00300', 'CS01', 'Melanie', '34000', NULL, 4, 0, '', 1, '1979-01-12', '', 'Kaga-Bandoro ', '1', '', NULL, '+236 72416315', '+236 75700965', '', NULL, '2017-08-27', NULL, NULL, '', '', '', '1ere annee ', '3', '', '', '2021-05-08', 1, 'Kpetene, 6e arrondissement ', 2, 1, 0, 'NDALLOT FRANCOIS', 'YAGAKA Celestine', 'CELIBATAIRE', 'N 14', '', '', '', 'KOLEMBI Tonine', '+236 75703559 / 72627767', '', '', 'CDD', 0, 17, '', '', 'VIREMENT'),
(3785, 1505, 1, 'OLIS', 'CS01-00301', 'CS01', 'Georges Gaston', '34000', NULL, 2, 0, '', 1, '1994-04-22', '', 'Kembe, Basse-Kotto', '1', '', NULL, '', '+236 75062423', '', NULL, '2018-05-03', NULL, NULL, '', '', '', '1ere', '2', '', '', '2021-05-08', 1, 'Bangui', 1, 1, 0, 'OLIS Charles', 'KALIME Madeleine', 'CELIBATAIRE', '', '', '', '', 'VALIDA YAPENDA Julien', '+236 75044138', '', '', 'CDD', 0, 17, '', '', 'VIREMENT'),
(3786, 1505, 1, 'KPIBEMO', 'CS01-00302', 'CS01', 'Bruno', '34000', NULL, 4, 0, '', 1, '1970-06-26', '', 'Gambo', '1', '', NULL, '', '+236 72017916', '', NULL, '2021-05-08', NULL, NULL, '', '', '', 'Terminale ', '2', '', '', '2021-05-08', 1, 'Gbaloko, Pk16 Boali', 1, 1, 0, 'KANDA Maurice', 'BEGBASSA Leoni', 'CELIBATAIRE', '', '', '', '', 'KANDA Thierry Bertrand ', '+236 72653623', '', '', 'CDD', 0, 17, '', '', 'VIREMENT'),
(3787, 1512, 1, 'GBAYATAMBALA', 'CS01-00303', 'CS01', 'PATRICK', '34000', NULL, 2, 0, '', 0, '1990-08-16', '', 'BIMBO', '1', '1089003216731', NULL, '75 83 56 93/ 72 34 25 91', '', '', NULL, '2020-10-27', NULL, NULL, '', '', '', 'UNIVERSITAIRE ', '3', '', '', '2021-05-09', 1, 'BIMBO', 1, 1, 0, 'GBAYA JOACHIM', 'YANZA JULIENNE', 'CELIBATAIRE', '', '', '', '', 'KEBELE FRANCIS', '72 53 62 84', '', '', 'CDD', 0, 0, '', '', ''),
(3788, 1512, 1, 'KONZIAMA', 'CS01-00304', 'CS01', 'FREDDY ', '34000', NULL, 8, 0, '', 0, '1979-10-07', '', 'BIMBO', '1', '1107900002122848', '2020-06-17', '75 26 23 23/ 72 57 18 99', '', '', '2030-06-17', '2017-12-02', NULL, NULL, '', '', '', 'SECONDAIRE', '2', '', '', '2021-05-09', 1, 'MODOUA', 1, 1, 0, 'SONGUELEAMA', 'HEPO PAULINE', 'CELIBATAIRE', 'N°422', '', '', '', 'MBONGO CATHERINE', '75 03 24 77', '', '', 'CDD', 0, 0, '', '', ''),
(3789, 1512, 1, 'SANODJI', 'CS01-00305', 'CS01', 'ENOCK', '34000', NULL, 8, 0, '', 0, '1958-03-28', '', 'BATAGATO', '1', '', NULL, '72 46 09 16/ 75 94 88 41', '', '', NULL, NULL, NULL, NULL, '', '', '', 'PRIMAIRE', NULL, '', '', '2021-05-09', 1, '', 1, 1, 0, 'WANANGAM', 'NOOUMIA KALTOUMA', 'CELIBATAIRE', '', '', '', '', 'SANODJI TATIANA', '72 10 55 91', '', '', 'CDD', 0, 0, '', '', ''),
(3790, 1512, 1, 'BALLEY-DJIMOUG', 'CS01-00306', 'CS01', 'GUY SOSTHENE', '34000', NULL, 2, 0, '', 0, '1994-07-01', '', 'BANGUI', '1', '10794360398650000', NULL, '72 53 44 81/ 75 17 26 55', '', '', NULL, '2018-03-02', NULL, NULL, '', '', '', 'UNIVERSITAIRE ', '3', '', '', '2021-05-09', 1, 'BANGUI', 1, 1, 0, 'BALLEY LUC', 'MOIKASSI ROSELINE', 'CELIBATAIRE', 'N°3626', '', '', '', 'WAGO EPIPHANIE', '75 17 26 55', '', '', 'CDD', 0, 0, '', '', ''),
(3791, 1512, 1, 'GONDIA GBOKISSIA', 'CS01-00307', 'CS01', 'IRENE LAROSE', '34000', NULL, 5, 0, '', 0, '1981-01-09', '', 'BRIA', '1', '', NULL, '72 79 57 52/ 75 03 96 82', '', '', NULL, '2017-07-28', NULL, NULL, '', '', '', 'TERMINAL ', '3', '', '', '2021-05-09', 1, '', 2, 1, 0, 'GONDIA ANDRE', 'OPATEKO GEORGINE', 'CELIBATAIRE', 'N°654', '', '', '', 'NGUERENENDJI JEAN', '75 04 69 79', '', '', 'CDD', 0, 0, '', '', ''),
(3792, 1512, 1, 'BISSENGODA', 'CS01-00308', 'CS01', 'BERTILLE', '34000', NULL, 5, 0, '', 0, '1990-03-19', '', 'BOALI', '1', '', NULL, '72 55 53 66/ 75 84 19 81', '', '', NULL, NULL, NULL, NULL, '', '', '', '3eme', '2', '', '', '2021-05-09', 1, 'BANGUI', 2, 1, 0, 'BISSEGONDA', 'UGOYE ROSALIE', 'CELIBATAIRE', '', '', '', '', 'BOUNGUINZA FREDY', '75 11 11 91', '', '', 'CDD', 0, 0, '', '', ''),
(3793, 1512, 1, 'KOMEYA', 'CS01-00309', 'CS01', 'YANNICK', '34000', NULL, 2, 0, '', 0, '1997-09-12', '', 'MBIBO', '1', '', NULL, '72 51 55 96/ 75 82 01 43', '', '', NULL, '2019-10-05', NULL, NULL, '', '', '', 'UNIVERSITAIRE ', '3', '', '', '2021-05-09', 1, 'BANGUI', 1, 1, 0, 'KOMEYA G', 'YOBAROUM MARTELLE', 'CELIBATAIRE', '', '', '', '', 'NGOUNIDJI NELLY', '75 51 16 46', '', '', 'CDD', 0, 0, '', '', ''),
(3794, 1512, 1, 'POUSSOU NGBANDA ', 'CS01-00310', 'CS01', 'FLAVIO LASSUS', '34000', NULL, 2, 0, '', 0, '1994-09-07', '', 'BANGUI', '1', '1099401004193616', NULL, '75 35 10 62/ 72 17 62 03', '', '', NULL, '2019-06-01', NULL, NULL, '', '', '', 'UNIVERSITAIRE ', '3', '', '', '2021-05-09', 1, 'COMBATTANT', 1, 1, 0, 'POUSSOU EMMANUEL', 'GBIYORO RUTH', 'CELIBATAIRE', '', '', '', '', 'POUSSOU LEONEL', '75 75 82 22', '', '', 'CDD', 0, 0, '', '', ''),
(3795, 1512, 1, 'KAINE', 'CS01-00311', 'CS01', 'LETICIA MAMINA', '34000', NULL, 8, 0, '', 0, '1992-10-20', '', 'SIBUT', '1', '', NULL, '72 91 75 12/ 75 55 22 22', '', '', NULL, '2017-07-10', NULL, NULL, '', '', '', '3ème', '2', '', '', '2021-05-09', 1, '', 2, 1, 0, 'KAINE ANATOL', 'GNAMA VERONICK', 'CELIBATAIRE', '', '', '', '', 'KAINE SABINE', '72 05 49 55', '', '', 'CDD', 0, 0, '', '', ''),
(3796, 1512, 1, 'YAMBENGUE', 'CS01-00312', 'CS01', 'FABIEN', '34000', NULL, 4, 0, '', 0, '1989-11-25', '', 'BANGUI', '1', '', NULL, '72 17 36 17/ 75 17 36 17', '', '', NULL, '2020-10-04', NULL, NULL, '', '', '', 'SECONDAIRE', '2', '', '', '2021-05-09', 1, 'DAMALA', 1, 1, 0, 'SADAKA ALPHONS', 'NDOLO FRANCOISE', 'CELIBATAIRE', '', '', '', '', 'NGISSIMALE REINE', '72 48 52 36', '', '', 'CDD', 0, 0, '', '', ''),
(3797, 1512, 1, 'WELE', 'CS01-00313', 'CS01', 'MISTRAL MELVIN', '34000', NULL, 4, 0, '', 0, '1998-10-23', '', 'BOSSANGOA', '1', '', NULL, '72 62 14 88/ 75 28 85 68', '', '', NULL, '2021-04-15', NULL, NULL, '', '', '', 'TERMINAL ', '2', '', '', '2021-05-09', 1, 'BANGUI', 1, 1, 0, 'WELE VALENTIN', 'DIMANCHE RODALIE', 'CELIBATAIRE', 'N403/98', '', '', '', 'PENEA STEPHANE', '72 10 41 62', '', '', 'CDD', 0, 0, '', '', ''),
(3798, 1512, 1, 'KASSA', 'CS01-00314', 'CS01', 'STEPHANE', '34000', NULL, 3, 0, '', 0, '1994-12-10', '', 'BANGUI', '1', '1129401000930125', NULL, '72 14 01 20 / 75 18 19 84', '', '', NULL, '2017-07-28', NULL, NULL, '', '', '', 'TERMINAL ', '3', '', '', '2021-05-09', 1, 'GALABADJA', 1, 1, 0, 'KASSA THOMAS', 'BENOU OLGA', 'CELIBATAIRE', '', '', '', '', 'KASSA RANGEL', '72 26 87 63', '', '', 'CDD', 0, 0, '', '', ''),
(3799, 1512, 1, 'MARIDA', 'CS01-00315', 'CS01', 'ROMUALD SAINT VINCENT DE PAUL', '34000', NULL, 3, 0, '', 0, '1993-06-19', '', 'BANGUI', '1', '', NULL, '75 75 27 57/ 72 72 27 57', '', '', NULL, '2019-06-19', NULL, NULL, '', '', '', 'TERMINAL ', '3', '', '', '2021-05-09', 1, 'BENZ-VI', 1, 1, 0, 'MARIDA PAUL', 'YASSI ODILE', 'CELIBATAIRE', '', '', '', '', 'MARIDA GABIN ULRICH', '75 20 44 98/ 72 72 24 12', '', '', 'CDD', 0, 0, '', '', ''),
(3800, 1543, 1, 'LENGAMA', 'CS01-00316', 'CS01', 'MOISE', '34000', NULL, 2, 0, '', 0, '1990-09-08', '', 'BANGUI', '1', '', NULL, '72 19 47 19/ 75 57 91 51', '', '', NULL, '2020-07-01', NULL, NULL, '', '', '', 'UNIVERSITAIRE ', '3', '', '', '2021-05-09', 1, 'BANGUI', 1, 1, 0, 'LENGAMA ALPHONSE', 'ZEGNATRICE PHILIENNE', 'CELIBATAIRE', 'N°0402212', '', '', '', 'LENGAMA LILIANE', '75 50 91 30', '', '', 'CDD', 0, 0, '', '', ''),
(3801, 1505, 1, 'NDOKOBANDA', 'CS01-00317', 'CS01', 'RICHELLE EVE JOSETTE', '34000', NULL, 3, 0, '', 0, '1982-09-11', '', 'BANGUI', '1', '20201228180284', NULL, '72 15 03 05/ 75 55 76 13', '', '', NULL, '2017-12-02', NULL, NULL, '', '', '', '3ème', '2', '', '', '2021-05-09', 1, 'FOU', 2, 1, 0, 'NDOKOBANDA CLAUDE', 'ORONOU VALENTINE', 'CELIBATAIRE', '', '', '', '', 'NDOKOBANDA ', '72 66 60 50', '', '', 'CDD', 0, 0, '', '', ''),
(3802, 1616, 1, 'NGBIAGNON', 'CS01-00318', 'CS01', 'HUGUE JULIEN', '34000', NULL, 3, 0, '', 0, '1987-07-04', '', 'BANGUI', '1', '000069541', NULL, '75 53 77 88', '', '', NULL, '2020-11-28', NULL, NULL, '', '', '', '3ème', '2', '', '', '2021-05-09', 1, 'SAIDOU', 1, 1, 0, 'NGBIAGNON-OUGOU J.R', 'NGUERENYABOUIE MARGUERITR', 'CELIBATAIRE', 'N°87022012', '', '', '', 'MOKOUMBIALO JOEL LANDRY', '75 53 08 58', '', '', 'CDD', 0, 0, '', '', ''),
(3803, 1713, 1, 'YABOLO OUFINON', 'CS01-00319', 'CS01', 'MERNIOZ LOUIS-MARIE', '34000', NULL, 2, 0, '', 0, '1991-02-27', '', 'BANGASSOU', '1', '', NULL, '72 11 26 58/ 75 83 10 09', '', '', NULL, '2020-03-13', NULL, NULL, '', '', '', 'UNIVERSITAIRE ', '3', '', '', '2021-05-09', 1, 'BANGUI', 1, 1, 0, 'YABOLO JEAN PAUL', 'YABOLO CLEMENTINE', 'CELIBATAIRE', 'N°294', '', '', '', 'YABOLO JEAN PAUL', '72 03 44 35/ 75 16 70 09', '', '', 'CDD', 0, 0, '', '', ''),
(3804, 1614, 1, 'NGONYAGRE SESSEWA', 'CS01-00320', 'CS01', 'REGINE-J', '34000', NULL, 5, 0, '', 0, '1989-09-07', '', 'BANGUI', '1', '', NULL, '75 07 06 24', '', '', NULL, '2017-09-01', NULL, NULL, '', '', '', 'SECONDAIRE', '2', '', '', '2021-05-09', 1, 'YAPELE', 2, 1, 0, 'NGONYAGRE ', 'DIEU DONNE', 'CELIBATAIRE', '', '', '', '', 'YAMAKA MIMI', '72 43 75 69', '', '', 'CDD', 0, 0, '', '', ''),
(3805, 1540, 1, 'YANGO ZOBANGA', 'CS01-00321', 'CS01', 'OUBLON EVRA', '34000', NULL, 1, 0, '', 0, '1995-08-25', '', 'BANGUI', '1', '000131031', NULL, '72 53 75 76', '', '', NULL, '2021-04-01', NULL, NULL, '', '', '', 'UNIVERSITAIRE ', '5', '', '', '2021-05-09', 1, 'DAUPHI ROYAL', 1, 1, 0, 'YANGO JOSEPH', 'GUINAHUI PRISCA', 'CELIBATAIRE', 'N°986/18', '', '', '', 'LEPPA GERVOIS', '75 50 36 83', '', '', 'CDD', 0, 0, '', '', ''),
(3806, 1547, 1, 'GANLI NABIA', 'CS01-00322', 'CS01', 'TEDDY', '34000', NULL, 2, 0, '', 0, '1992-06-01', '', 'BANGUI', '1', '', NULL, '72 16 76 40/ 75 16 72 01', '', '', NULL, '2019-04-10', NULL, NULL, '', '', '', 'UNIVERSITAIRE ', '5', '', '', '2021-05-09', 1, 'BANGUI', 1, 1, 0, 'GANLI LOUIS', 'WANDOUTO JEAN', 'CELIBATAIRE', '', '', '', '', 'SANZE JEAN ', '72 10 17 10', '', '', 'CDD', 0, 0, '', '', ''),
(3807, 1547, 1, 'MBEMBE ', 'CS01-00323', 'CS01', 'LUCIAN', '34000', NULL, 4, 0, '', 0, '1989-02-07', '', 'BANGUI', '1', '', NULL, '75 88 93 48/ 72 65 25 07', '', '', NULL, '2017-12-02', NULL, NULL, '', '', '', 'UNIVERSITAIRE ', '5', '', '', '2021-05-09', 1, 'BANGUI', 1, 1, 0, 'MBEMBE GABRIEL', 'BENI MILENE', 'CELIBATAIRE', 'N°18', '', '', '', 'GBOTOLO DELPHINE', '72 53 56 64', '', '', 'CDD', 0, 0, '', '', ''),
(3808, 1545, 1, 'MAYOUNGA', 'CS01-00324', 'CS01', 'BERENGER GIRAUD VICTORIEN', '34000', NULL, 4, 0, '', 0, '1985-04-07', '', 'BANGUI', '1', '10485011001548', NULL, '75 04 57 65/ 72 24 12 21', '', '', NULL, '2019-10-04', NULL, NULL, '', '', '', 'UNIVERSITAIRE ', '3', '', '', '2021-05-09', 1, 'BANGUI', 1, 1, 0, 'MAYOUNGA AIME CHRISTIAN', 'LAMBOT BRIGITTE', 'CELIBATAIRE', 'N°1791', '', '', '', 'MOKOLA KEVIN', '75 57 68 74', '', '', 'CDD', 0, 0, '', '', ''),
(3809, 1545, 1, 'KAIMBA', 'CS01-00325', 'CS01', 'JOHN NESMIN', '34000', NULL, 9, 0, '', 0, '1984-11-15', '', 'BANGUI', '1', '15118400002546', NULL, '75 60 08 02', '', '', NULL, '2017-12-02', NULL, NULL, '', '', '', '3ème', '2', '', '', '2021-05-09', 1, 'BANGUI', 1, 1, 0, 'OUANDA VICTOR', 'NGUINDJA MONIQUE', 'CELIBATAIRE', 'N°4834', 'N°6237', '', '', 'VICKO GERTUDE', '75 24 67 26', '', '', 'CDD', 0, 0, '', '', ''),
(3810, 1545, 1, 'ZIAMBI', 'CS01-00326', 'CS01', 'THIERRY', '34000', NULL, 4, 0, '', 0, '1989-05-25', '', 'BANGUI', '1', '11273400003725', NULL, '75 55 59 68', '', '', NULL, '2019-01-01', NULL, NULL, '', '', '', 'UNIVERSITAIRE ', '3', '', '', '2021-05-09', 1, 'BANGUI', 1, 1, 0, 'ZIAMBI GABRIEL', 'MOTHIU LOUISE', 'CELIBATAIRE', 'N°0047', 'N°106', '', '', 'NGBOKOTTO BRETIN', '75 19 58 70', '', '', 'CDD', 0, 0, '', '', ''),
(3811, 1548, 1, 'KOYAHOTO', 'CS01-00327', 'CS01', 'BERNARD', '34000', NULL, 7, 0, '', 0, '1966-07-18', '', 'BANGUI', '1', '', NULL, '75 51 71 08', '', '', NULL, '2018-12-07', NULL, NULL, '', '', '', 'TERMINAL ', '2', '', '', '2021-05-09', 1, 'BANGUI', 1, 1, 0, 'PENDA-JEAN', 'MONKOMBA LUCIENNE', 'CELIBATAIRE', 'N°89', '', '', '', 'KOYAHOTO SAINT CYR', '75 86 04 13', '', '', 'CDD', 0, 0, '', '', ''),
(3812, 1548, 1, 'NOIVOGO', 'CS01-00328', 'CS01', 'TITO CHRISTIAN', '34000', NULL, 2, 0, '', 0, '1995-09-10', '', 'KAYA BANLORO', '1', '199507001700753', NULL, '72 80 23 81/ 75 45 39 07', '', '', NULL, '2017-10-16', NULL, NULL, '', '', '', 'SECONDAIRE', '2', '', '', '2021-05-09', 1, 'UGOLO BIBO', 1, 1, 0, 'UOIVOYO DANIEL', 'NGANABEAN DORINE', 'CELIBATAIRE', '', '', '', '', 'UOIVOYO DANIEL', '72 61 94 87 / 75  19 99 67', '', '', 'CDD', 0, 0, '', '', ''),
(3813, 1548, 1, 'SIOPATHIS KOGUEMON', 'CS01-00329', 'CS01', 'EVELYN SYDNEY', '34000', NULL, 2, 0, '', 0, '2000-05-21', '', 'MOBAYE', '1', '10682011000233', NULL, '72 11 07 84/ 75 53 31 08', '', '', NULL, '2020-12-07', NULL, NULL, '', '', '', 'UNIVERSITAIRE ', '3', '', '', '2021-05-09', 1, 'BIMBO', 1, 1, 0, 'SIOPATHIS GREKOGUEMOU MAX', 'VOUYE HENRIETTE', 'CELIBATAIRE', '', '', '', '', 'SIOPATHIS MATHURIN', '72 23 91 23/ 75 01 39 90', '', '', 'CDD', 0, 0, '', '', ''),
(3814, 1542, 1, 'DOUNDA', 'CS01-00330', 'CS01', 'ROMAIN', '34000', NULL, 5, 0, '', 0, '1976-07-09', '', 'BAMBARI', '1', '10776011117999', NULL, '75 73 14 37/ 72 35 09 37', '', '', NULL, '2020-06-27', NULL, NULL, '', '', '', '5ème', '1', '', '', '2021-05-09', 1, 'BANZ-VI', 1, 1, 0, 'DOUNDA ISSAKA', 'ANINA YATORO', 'CELIBATAIRE', '', 'N°17605', '', '', 'BIZZO JACQUELINE', '75 68 33 73/ 72 72 85 64', '', '', 'CDD', 0, 0, '', '', ''),
(3815, 113, 1, 'ELETOPEMOBOU', 'CS01-00331', 'CS01', 'FAUSTIN', '34000', NULL, 3, 0, '', 0, '1970-08-13', '', 'MONGOUNBA', '1', '', NULL, '75 74 21 20', '', '', NULL, '2017-11-03', NULL, NULL, '', '', '', '3ème', '2', '', '', '2021-05-09', 1, 'BIMBO', 1, 1, 0, 'ELETOPEMOBOU XAVIER', 'MAZOUEMBOU ANNE MARIE', 'CELIBATAIRE', 'N°299', '', '', '', 'INGBALA AGATHE', '75 84 0606', '', '', 'CDD', 0, 0, '', '', ''),
(3816, 1509, 1, 'WOGNOMON KOYANGOUALO', 'CS01-00332', 'CS01', 'JOCELYNE OLGA', '34000', NULL, 4, 0, '', 0, '1985-07-16', '', 'BANGUI', '1', '', NULL, '75 44 74 04/ 72 18 30 09', '', '', NULL, '2019-07-28', NULL, NULL, '', '', '', 'UNIVERSITAIRE ', '3', '', '', '2021-05-09', 1, 'MBOSSORO', 2, 1, 0, 'WOYANGOUALO PIERRE', 'KOMBE MARIE', 'CELIBATAIRE', 'N°802', '', '', '', 'KOYANGOVALO PIERRE', '75 05 50 16', '', '', 'CDD', 0, 0, '', '', ''),
(3817, 113, 1, 'NGOUMAKALET DIT DAGBIATIMA', 'CS01-00333', 'CS01', 'DANIEL YANICK', '34000', NULL, 4, 0, '', 0, '1986-05-19', '', 'BANGASSOU', '1', '1058601000553307', NULL, '75 20 02 37/ 72 17 23 47', '', '', NULL, NULL, NULL, NULL, '', '', '', 'TERMINAL ', '3', '', '', '2021-05-09', 1, 'KPETENE', 1, 1, 0, 'DAGBIATIMA LEOPARLD', 'YABOBO ANTOINETE', 'CELIBATAIRE', 'N°607', '', '', '', 'KAIMBA JOSUE', '75 50 52 20/ 72 50 52 22', '', '', 'CDD', 0, 0, '', '', ''),
(3818, 1551, 1, 'KELLY KOYANGUE', 'CS01-00334', 'CS01', 'URBAIN', '34000', NULL, 5, 0, '', 0, '1984-08-24', '', 'BANGUI', '1', '10892011000532', NULL, '75 24 54 85', '', '', NULL, '2017-10-14', NULL, NULL, '', '', '', '3ème', '2', '', '', '2021-05-09', 1, 'BANGUI', 1, 1, 0, 'KELLY MAURICE', 'BEKPA-EMELLIE', 'CELIBATAIRE', 'N°4579', '', '', '', 'KELLY MAURICE', '75 02 67 08', '', '', 'CDD', 0, 0, '', '', ''),
(3819, 1551, 1, 'DOMA DAMAS', 'CS01-00335', 'CS01', 'TRESOR MARIUS', '34000', NULL, 2, 0, '', 0, '1996-12-19', '', 'BANGUI', '1', '', NULL, '72 37 64 25', '', '', NULL, '2017-12-02', NULL, NULL, '', '', '', 'TERMINAL ', '3', '', '', '2021-05-09', 1, 'BANGUI', 1, 1, 0, 'DOMA KETTE MICHEL', 'BISSI MARIE', 'CELIBATAIRE', '', '', '', '', 'DOMA KETTE MICHEL', '75 50 61 00', '', '', 'CDD', 0, 0, '', '', ''),
(3820, 113, 1, 'KOYALEGA', 'CS01-00336', 'CS01', 'YVES', '34000', NULL, 12, 0, '', 0, '1971-10-19', '', 'NGBANDINGA ', '1', '117112000284537', NULL, '72 39 32 55/ 75 93 57 23', '', '', NULL, '2018-02-03', NULL, NULL, '', '', '', '4ème', '1', '', '', '2021-05-09', 1, 'BANGUI', 1, 1, 0, 'WOZA FOUNGOULAMISSO', 'YAKPATA THERESE', 'CELIBATAIRE', '', '', '', '', 'YAKPATA LYDIANNE', '72 35 40 70', '', '', 'CDD', 0, 0, '', '', ''),
(3821, 1570, 1, 'WEKERE TOYOWANE', 'CS01-00337', 'CS01', 'WICTOIRE', '34000', NULL, 2, 0, '', 0, '1993-12-29', '', 'BERBERATI', '1', '', NULL, '72 40 47 74/ 75 67 64 38', '', '', NULL, '2019-02-05', NULL, NULL, '', '', '', '3ème', '2', '', '', '2021-05-09', 1, 'BANGUI', 1, 1, 0, 'WEKERE JACQUE', 'YASSIGUERE MARIE', 'CELIBATAIRE', '', '', '', '', 'WEKERE JACQUE', '72 10 30 85', '', '', 'CDD', 0, 0, '', '', ''),
(3822, 1570, 1, 'PONGBOTE', 'CS01-00338', 'CS01', 'SAINT CLAIR', '34000', NULL, 0, 0, '', 0, '1966-08-12', '', 'BANGUI', '1', '', NULL, '72 36 56 30/ 75 54 61 34', '', '', NULL, '2017-08-01', NULL, NULL, '', '', '', '3ème', '2', '', '', '2021-05-09', 1, 'BANGUI', 1, 1, 0, 'PONGBOTE JOSEPH', 'DENDO MARIE', 'CELIBATAIRE', '', '', '', '', 'BANGA DOMBA SYLVAIN ', '72 22 33 49', '', '', 'CDD', 0, 0, '', '', '');
INSERT INTO `agent` (`id`, `postegarde`, `grade`, `nom`, `matricule`, `prefixematricule`, `prenoms`, `salairefixe`, `primes`, `charge`, `cotisation`, `numeroemploye`, `typesalairie`, `datenaissance`, `photo`, `lieunaissance`, `nationalite`, `referencecarteidentite`, `dateetablissementcarteidentite`, `telephone`, `portable`, `email`, `dateexpirationcarteidentite`, `datedebutcontrat`, `datefincontrat`, `datefintraitementsalarial`, `lieuetablissementcarteidentite`, `autoriteetablissementcarteidentite`, `notes`, `niveauetude`, `dernierdiplome`, `anneeobtentiondiplome`, `lieuobtentiondiplome`, `datecreation`, `documentidentite`, `adresse`, `sexe`, `actif`, `anpe`, `nomprenomspere`, `nomprenomsmere`, `situationmatrimoniale`, `referencesextraitnais`, `referencescasierjudiciaire`, `referencesenquetemoralite`, `referencespromotion`, `nompersonneaprevenir1`, `telpersonneaprevenir1`, `nompersonneaprevenir2`, `telpersonneaprevenir2`, `formecontrat`, `autreprime`, `banque`, `codeguichet`, `comptebancaire`, `modepaiement`) VALUES
(3823, 113, 1, 'ENDJIMBREGO NIDA', 'CS01-00339', 'CS01', 'PRINCE AUDREY', '34000', NULL, 2, 0, '', 0, '1997-03-15', '', 'BANGUI', '1', '', NULL, '72 79 32 04/ 75 96 34 79', '', '', NULL, '2020-12-07', NULL, NULL, '', '', '', 'UNIVERSITAIRE ', '5', '', '', '2021-05-09', 1, 'KOLONGO', 1, 1, 0, 'ENDJIMBREGO JEAN NOEL', 'DANGOUA NIDA', 'CELIBATAIRE', 'N°99/97', 'N°84107', '', '', 'NIDA DANGOUA', '75 04 12 65', '', '', 'CDD', 0, 0, '', '', ''),
(3824, 1570, 1, 'MOKAMANEDE', 'CS01-00340', 'CS01', 'GILDAS CONSTANTIN FLAVIEN', '34000', NULL, 3, 0, '', 0, '1995-04-02', '', 'BIMBO', '1', '10497000057841', NULL, '75 59 50 35', '', '', NULL, '2018-01-08', NULL, NULL, '', '', '', '3ème', '2', '', '', '2021-05-09', 1, 'BIMBO', 1, 1, 0, 'MOKAMANEDO RAOUL', 'ZEBIAKAO NICOLE', 'CELIBATAIRE', '', '', '', '', 'MOKAMANEDE RAOUL', '75 71 45 58', '', '', 'CDD', 0, 0, '', '', ''),
(3825, 1570, 1, 'GANDHA', 'CS01-00341', 'CS01', 'BLANDINE CHARLOTTE', '34000', NULL, 3, 0, '', 0, '1983-02-15', '', 'BIMBO', '1', '', NULL, '75 16 21 38/ 72 46 66 91', '', '', NULL, '2018-05-10', NULL, NULL, '', '', '', 'TERMINAL ', '2', '', '', '2021-05-09', 1, '', 2, 1, 0, 'GANDHA CHARLES', 'AMALET EUGENIE', 'CELIBATAIRE', '', '', '', '', 'GANDHA GISELE', '72 87 31 16', '', '', 'CDD', 0, 0, '', '', ''),
(3826, 1566, 1, 'GAMBA ', 'CS01-00342', 'CS01', 'BIANGOU EMMA', '34000', NULL, 5, 0, '', 0, '1986-07-03', '', 'BANGUI', '1', '', NULL, '75 67 89 89', '', '', NULL, '2020-05-01', NULL, NULL, '', '', '', 'SECONDAIRE', '2', '', '', '2021-05-09', 1, 'BANGUI', 2, 1, 0, 'GAMBA MAURICE', 'KOBILO MARIE ELENE', 'CELIBATAIRE', 'N°000012', '', '', '', 'SIALO SEVERIN ROCK', '75 77 07 21', '', '', 'CDD', 0, 0, '', '', ''),
(3827, 1566, 1, 'MOUSSA', 'CS01-00343', 'CS01', 'FORTUNET', '34000', NULL, 3, 0, '', 0, '1984-11-13', '', 'BANGUI', '1', '1118413001112458', NULL, '72 91 78 06', '', '', NULL, '2017-04-06', NULL, NULL, '', '', '', '4ème', '1', '', '', '2021-05-09', 1, 'BANGUI', 1, 1, 0, 'MOUSSA JOSEPH', 'SAMBOUI BERTHE', 'CELIBATAIRE', 'N°1339', '', '', '', 'ASSANA VICTOIRE', '72 86 26 08', '', '', 'CDD', 0, 0, '', '', ''),
(3828, 1551, 1, 'NGUETO-BISSE', 'CS01-00344', 'CS01', 'INNOCENT', '34000', NULL, 6, 0, '', 0, '1980-07-26', '', 'GRIMARI', '1', '10784011116623', NULL, '75 60 60 34', '', '', NULL, '2017-10-14', NULL, NULL, '', '', '', '3ème', '2', '', '', '2021-05-09', 1, 'BANGUI', 1, 1, 0, 'NGUETO ROBERT', 'TEPASSIO AUGUSTIN', 'CELIBATAIRE', 'N°281', '', '', '', 'RAMADANE STELLA', '75 80 62 92', '', '', 'CDD', 0, 0, '', '', ''),
(3829, 113, 1, 'VOYASSUADE', 'CS01-00345', 'CS01', 'R.RAMSES', '34000', NULL, 3, 0, '', 0, '1994-12-06', '', 'BANGUI', '1', '', NULL, '75 35 86 32', '', '', NULL, NULL, NULL, NULL, '', '', '', 'SECONDAIRE', '2', '', '', '2021-05-09', 1, '6èARRD', 1, 1, 0, 'VOYASSUADE ', 'LOVODGA', 'CELIBATAIRE', 'N°2246', '', '', '', 'LOVO OLGA', '75 17 38 48', '', '', 'CDD', 0, 0, '', '', ''),
(3830, 113, 1, 'SANZE WIKON', 'CS01-00346', 'CS01', 'RODRIGUE', '34000', NULL, 2, 0, '', 0, '1995-03-10', '', 'BIMBO', '1', '', NULL, '72 07 16 08', '', '', NULL, '2018-09-10', NULL, NULL, '', '', '', 'SECONDAIRE', '2', '', '', '2021-05-09', 1, 'FOUTH DDS', 1, 1, 0, 'SANZE ROBERT', 'SANGUIZA MARIE', 'CELIBATAIRE', 'N°2691', '', '', '', 'SANZE ROMEO', '75 33 24 33', '', '', 'CDD', 0, 0, '', '', ''),
(3831, 1544, 1, 'BAWILI', 'CS01-00347', 'CS01', 'HONORE', '34000', NULL, 4, 0, '', 0, '1978-04-26', '', 'BANGUI', '1', '1127500002827', NULL, '75 80 27 01/ 72 33 12 41', '', '', NULL, '2017-12-15', NULL, NULL, '', '', '', 'TERMINAL ', '2', '', '', '2021-05-09', 1, 'BANGUI', 1, 1, 0, 'BAWILI THOMAS', 'GBAKO MARIE', 'CELIBATAIRE', 'N°355', '', '', '', 'BAWILI AMBROISE', '75 04 74 86', '', '', 'CDD', 0, 0, '', '', ''),
(3832, 1544, 1, 'MAVOT', 'CS01-00348', 'CS01', 'STEPHANE', '34000', NULL, 2, 0, '', 0, '1995-03-27', '', 'BANGUI', '1', '00081681', NULL, '75 49 92 02/ 72 55 85 73', '', '', NULL, '2017-12-15', NULL, NULL, '', '', '', 'UNIVERSITAIRE ', '4', '', '', '2021-05-09', 2, 'BANGUI', 1, 1, 0, 'MAVOT HYACINTHE', 'MOLOUTHO VALERIE', 'CELIBATAIRE', 'N°797/16', '', '', '', 'YABEZOUA BEATRICE', '75 04 40 12', '', '', 'CDD', 0, 0, '', '', ''),
(3833, 1544, 1, 'WABANGUE', 'CS01-00349', 'CS01', 'GASTONY', '34000', NULL, 1, 0, '', 0, '1998-03-03', '', 'BEGOUA', '1', '', NULL, '72 52 53 55/ 75 28 54 04', '', '', NULL, '2017-12-02', NULL, NULL, '', '', '', 'UNIVERSITAIRE ', '4', '', '', '2021-05-09', 1, 'BANGUI', 1, 1, 0, 'WABANGUE JEAN', 'NGOMBALA  MICHELINE', 'CELIBATAIRE', '', '', '', '', '', '', '', '', 'CDD', 0, 0, '', '', ''),
(3834, 1543, 1, 'MAKAYAS', 'CS01-00350', 'CS01', 'GUY', '34000', NULL, 4, 0, '', 0, '1975-06-16', '', 'BANGUI', '1', '1068401001826980', NULL, '72 48 18 58/ 75 08 78 64', '', '', NULL, '2016-08-12', NULL, NULL, '', '', '', 'TERMINAL ', '2', '', '', '2021-05-09', 1, 'BANGUUI', 1, 1, 0, 'MAKAYAS RENE', 'AWA HENRIETTE', 'CELIBATAIRE', 'N°0844', '', '', '', 'HERITIER', '72 32 00 00', '', '', 'CDD', 0, 0, '', '', ''),
(3835, 1650, 1, 'KOMBO', 'CS01-00351', 'CS01', 'CLAVERT', '34000', NULL, 3, 0, '', 0, '1995-01-02', '', 'BOLLEMBA', '1', '000121255', NULL, '75 08 30 35/ 72 79 48 08', '', '', NULL, '2020-12-07', NULL, NULL, '', '', '', 'UNIVERSITAIRE ', '3', '', '', '2021-05-09', 1, 'BANGUI', 1, 1, 0, 'KOMBO ALPHONSE', 'NDAMA PAULINE', 'CELIBATAIRE', 'N°045', '', '', '', 'ZAMATH PHANIE', '75 08 02 17', '', '', 'CDD', 0, 0, '', '', ''),
(3836, 1512, 1, 'NGAÏPORO-NGRENGBA', 'CS01-00352', 'CS01', 'BLAISE', '34000', NULL, 5, 0, '', 0, '2021-02-03', '', 'Bangui', '1', '', NULL, '75268662', '72396773', '', NULL, '2019-05-06', NULL, NULL, '', '', '', '', '2', '', '', '2021-05-09', 4, 'Bimbo 4', 1, 1, 0, 'NGAÏPORO NOËL', 'NGODI ADELE', 'CELIBATAIRE', '', '', '', '', 'SENADER SEFIO', '72882605', '', '', 'CDD', 0, 17, '', '', 'VIREMENT'),
(3837, 1512, 1, 'BOULOUBA', 'CS01-00353', 'CS01', 'ROGER', '34000', NULL, 9, 0, '', 0, '1971-08-16', '', 'BANGUI', '1', '', NULL, '72147621', '75745990', '', NULL, '2017-12-28', NULL, NULL, '', '', '', '', '2', '', '', '2021-05-09', 4, 'BANGUI', 1, 1, 0, 'BOULOUBA RENÉ', 'RENEKOUZOU YVONNE', 'CELIBATAIRE', '', '', '', '', 'ENDJIKENDJI Patricia', '75022014', '', '', 'CDD', 0, 17, '', '', 'VIREMENT'),
(3838, 1512, 1, 'OUILIKON', 'CS01-00354', 'CS01', 'PRINCE BAUDELAIRE', '34000', NULL, 2, 0, '', 0, '1995-12-12', '', 'BANGUI', '1', '', NULL, '75630712', '72398249', '', NULL, '2017-10-28', NULL, NULL, '', '', '', '', '3', '', '', '2021-05-09', 4, 'MISKINE', 1, 1, 0, 'OUILIKON HONORE', 'YAGUELA ODETTE', 'CELIBATAIRE', '', '', '', '', 'OUILIKON BRICE', '', '', '', 'CDD', 0, 17, '', '', 'VIREMENT'),
(3839, 1512, 1, 'YAPENDET FARBOADEGAZANA', 'CS01-00355', 'CS01', 'ARIEL OPEL', '34000', NULL, 3, 0, '', 0, '1998-11-03', '', 'BERBERATI', '1', '', NULL, '75153430', '72195247', '', NULL, '2018-12-31', NULL, NULL, '', '', '', '', '2', '', '', '2021-05-09', 4, 'BOY-RABE', 1, 1, 0, 'GOUNOUMOUNDJOU MARCEL', 'YAHOTO CHRISTINE', 'CELIBATAIRE', '', '', '', '', 'GOUNOUMOUNDJOU MARCEL', '75044840/72119574', '', '', 'CDD', 0, 17, '', '', 'VIREMENT'),
(3840, 1512, 1, 'NGBOGONDO-NGARCHE', 'CS01-00356', 'CS01', 'DONATIEN', '34000', NULL, 3, 0, '', 0, '1994-05-09', '', 'MOBAYE', '1', '', NULL, '72654100', '75850552', '', NULL, '2020-06-26', NULL, NULL, '', '', '', '', '2', '', '', '2021-05-09', 4, 'MODOUA\n6e arrondissement', 1, 1, 0, 'NGARCHE ZACHÉE', 'AMBAKE CHRISTINE', 'CELIBATAIRE', '', '', '', '', 'NGARCHE ZACHÉE', '72015335', '', '', 'CDD', 0, 17, '', '', 'VIREMENT'),
(3841, 1512, 1, 'BALEZOU', 'CS01-00357', 'CS01', 'Jean Nino', '34000', NULL, 7, 0, '', 0, '1976-12-15', '', 'BAMINGUI', '1', '', NULL, '72305281', '75729647', '', NULL, '2020-03-31', NULL, NULL, '', '', '', '', '2', '', '', '2021-05-09', 4, 'Yangato\n8e arrondissement', 1, 1, 0, 'BALEZOU Maurice', 'INDOGO Agathe', 'CELIBATAIRE', '', '', '', '', 'MAPOUKA David', '75293170', '', '', 'CDD', 0, 17, '', '', 'VIREMENT'),
(3842, 1512, 1, 'SINDO-NDEKELET', 'CS01-00358', 'CS01', 'Thierry', '34000', NULL, 1, 0, '', 0, '1993-07-01', '', 'BAMBARI', '1', '', NULL, '', '75254656', '', NULL, '2019-08-19', NULL, NULL, '', '', '', '', '2', '', '', '2021-05-09', 4, 'Basse kotto', 1, 1, 0, 'SINDO Alphonse', 'YANGBANDA Marie Jeanne', 'CELIBATAIRE', '', '', '', '', 'KOYABANDA Méthode', '72045476', '', '', 'CDD', 0, 17, '', '', 'VIREMENT'),
(3843, 1512, 1, 'NAMBONA', 'CS01-00359', 'CS01', 'Salomon Assirus', '34000', NULL, 2, 0, '', 0, '1996-10-30', '', 'BANGUI', '1', '', NULL, '75380619', '72329311', '', NULL, '2017-07-28', NULL, NULL, '', '', '', '', '3', '', '', '2021-05-09', 4, 'MISKINE', 1, 1, 0, 'NAMBONA Fabien', 'NGANAFEÏ Reine', 'CELIBATAIRE', '', '', '', '', 'NAMBONA Fabien', '72322951/75721350', '', '', 'CDD', 0, 17, '', '', 'VIREMENT'),
(3844, 1512, 1, 'ZACKA-OROÏ', 'CS01-00360', 'CS01', 'Eric', '34000', NULL, 5, 0, '', 0, '1985-05-26', '', 'BANGUI', '1', '', NULL, '75525968', '72421083', '', NULL, '2017-12-01', NULL, NULL, '', '', '', '', '2', '', '', '2021-05-09', 4, 'SOCATI\n5e arrondissement', 1, 1, 0, 'OROÏ Paul', 'DONIFIO Georgine', 'CELIBATAIRE', '', '', '', '', 'NAMBOKINENA Arsène', '72366960', '', '', 'CDD', 0, 17, '', '', 'VIREMENT'),
(3845, 1512, 1, 'GOFETE', 'CS01-00361', 'CS01', 'Hervé Brinode', '34000', NULL, 3, 0, '', 0, '1990-04-20', '', 'ALINDAO', '1', '', NULL, '75669646', '72208259', '', NULL, '2021-03-22', NULL, NULL, '', '', '', '', '3', '', '', '2021-05-09', 4, 'SOCATI', 1, 1, 0, 'GOFETE Jean Paul', 'PAGBENGUE Alphonsine', 'CELIBATAIRE', '', '', '', '', 'OUKETTE Paul', '72409327', '', '', 'CDD', 0, 17, '', '', 'VIREMENT'),
(3846, 1512, 1, 'BANGUET LIDENGUE', 'CS01-00362', 'CS01', 'Silver', '34000', NULL, 4, 0, '', 0, '1990-06-20', '', 'BANGUI', '1', '', NULL, '72061819', '75061819', 'banguet.silver@yahoo.fr', NULL, '2020-10-27', NULL, NULL, '', '', '', '', '4', '', '', '2021-05-09', 4, 'Benz-ville', 1, 1, 0, 'BANGUET Germain', 'YABANGUE Agathe', 'CELIBATAIRE', '', '', '', '', 'BANGUET Jean Baptiste', '72486376/72510707', '', '', 'CDD', 0, 17, '', '', 'VIREMENT'),
(3847, 1512, 1, 'NGOUYOMBO', 'CS01-00363', 'CS01', 'Tony Juvenal', '34000', NULL, 3, 0, '', 0, '1982-06-05', '', ' BANGUI', '1', '', NULL, '72487234', '75028785', '', NULL, '2018-04-03', NULL, NULL, '', '', '', '', '2', '', '', '2021-05-09', 4, 'GOBONGO 4', 1, 1, 0, 'DAMBETI Edouard', 'NGOUYOMBO Brigitte', 'CELIBATAIRE', '', '', '', '', 'DAMBETI Séverin', '75050784/72372681', '', '', 'CDD', 0, 17, '', '', 'VIREMENT'),
(3848, 1512, 1, 'DILNDO', 'CS01-00364', 'CS01', 'Arthur', '34000', NULL, 3, 0, '', 0, '1995-07-05', '', 'KAGA-BANDORO', '1', '', NULL, '75114252', '72347612', '', NULL, '2017-11-27', NULL, NULL, '', '', '', '', '2', '', '', '2021-05-09', 4, 'Bangui', 1, 1, 0, 'DILNDO Abel', 'MYENDA Sarah', 'CELIBATAIRE', '', '', '', '', 'GBABOUA Clarisse', '75506100/72506100', '', '', 'CDD', 0, 17, '', '', 'VIREMENT'),
(3849, 1512, 1, 'GOUNINDJI', 'CS01-00365', 'CS01', 'Max Heritier', '34000', NULL, 6, 0, '', 0, '1997-09-06', '', 'BANGUI', '1', '', NULL, '72502972', '75769058', '', NULL, '2021-05-08', NULL, NULL, '', '', '', '', '3', '', '', '2021-05-09', 4, 'BOY-RABE\nISSA 1', 1, 1, 0, 'GOUNINDJI Denis', 'ADOUM Félicité Annick', 'CELIBATAIRE', '', '', '', '', 'DENAMGUERE Constance', '75274082', '', '', 'CDD', 0, 17, '', '', 'VIREMENT'),
(3850, 1512, 1, 'YARISSE', 'CS01-00366', 'CS01', 'Trésor', '34000', NULL, 0, 0, '', 0, '1999-05-22', '', 'BANGUI', '1', '', NULL, '72342313', '75512906', '', NULL, '2017-11-27', NULL, NULL, '', '', '', '', '2', '', '', '2021-05-09', 4, 'BOY-RABE\nISSA 1', 1, 1, 0, 'GOUNINDJI Denis', 'ADOUM Annick Félicité', 'CELIBATAIRE', '', '', '', '', 'GOUNINDJI BHE Constant', '75332229', '', '', 'CDD', 0, 17, '', '', 'VIREMENT'),
(3851, 1512, 1, 'AMAKPIO', 'CS01-00367', 'CS01', 'Yvon Gaël', '34000', NULL, 3, 0, '', 0, '1987-06-25', '', 'BANGUI', '1', '', NULL, '72445072', '75212225', '', NULL, '2019-06-20', NULL, NULL, '', '', '', '', '3', '', '', '2021-05-09', 4, 'BANGUI', 1, 1, 0, 'AMAKPIO Casimir', 'MESSAKO Bernadette', 'CELIBATAIRE', '', '', '', '', 'AMAKPIO Alban', '75218176', '', '', 'CDD', 0, 17, '', '', 'VIREMENT'),
(3852, 1512, 1, 'TOUZOUBE', 'CS01-00368', 'CS01', 'Valentin', '34000', NULL, 4, 0, '', 0, '1989-05-01', '', 'BANGUI', '1', '', NULL, '', '75736212', '', NULL, '2020-02-06', NULL, NULL, '', '', '', '', '2', '', '', '2021-05-09', 4, 'WALIGBA', 1, 1, 0, 'TOUZOUBE René', 'THOMA Marie', 'CELIBATAIRE', '', '', '', '', 'TOUZOUBE Daniel', '72329365', '', '', 'CDD', 0, 17, '', '', 'VIREMENT'),
(3853, 1512, 1, 'LEKA-GBANOUGBA', 'CS01-00369', 'CS01', 'Manège Aurely', '34000', NULL, 2, 0, '', 0, '1996-10-10', '', 'BOUAR', '1', '', NULL, '72712992', '75529450', '', NULL, '2021-05-09', NULL, NULL, '', '', '', '', '3', '', '', '2021-05-09', 4, 'Combattant', 1, 1, 0, 'LEKA André', 'GBANOUGBA Denise', 'CELIBATAIRE', '', '', '', '', 'GBANOUGBA Denise', '72448049/75460062', '', '', 'CDD', 0, 17, '', '', 'VIREMENT'),
(3854, 1512, 1, 'SALAGBA', 'CS01-00370', 'CS01', 'Ghislain Juvenal', '34000', NULL, 4, 0, '', 0, '1982-11-22', '', 'BOUAR', '1', '', NULL, '', '75861752', '', NULL, '2021-05-09', NULL, NULL, '', '', '', '', '1', '', '', '2021-05-09', 4, 'Bimbo 2', 1, 1, 0, 'SALAGBA Régis', 'BAKOLA Marie', 'CELIBATAIRE', '', '', '', '', 'SALAGBA Evelyne', '75755204', '', '', 'CDD', 0, 17, '', '', 'VIREMENT'),
(3855, 1512, 1, 'SEMATOHO', 'CS01-00371', 'CS01', 'Hubert Junior', '34000', NULL, 9, 0, '', 0, '2021-05-09', '', 'BANGUI', '1', '', NULL, '72441094', '75585020', '', NULL, '2017-07-28', NULL, NULL, '', '', '', '', '2', '', '', '2021-05-09', 4, 'Guitangola Source', 1, 1, 0, 'SEMATOHO Hubert', 'SEMATOHO Clara', 'CELIBATAIRE', '', '', '', '', 'SEMATOHO Hubert', '75901439/75097701', '', '', 'CDD', 0, 17, '', '', 'VIREMENT'),
(3856, 1512, 1, 'GUEREPAYO', 'CS01-00372', 'CS01', 'Délivrance', '34000', NULL, 5, 0, '', 0, '1994-09-18', '', 'BANGUI', '1', '', NULL, '75525098', '72448171', '', NULL, '2017-07-29', NULL, NULL, '', '', '', '', '2', '', '', '2021-05-09', 4, 'BANGUI', 1, 1, 0, 'NGUEREPAYO', 'TAFANGUERE Thérèse', 'CELIBATAIRE', '', '', '', '', 'NGUEREPAYO Simplice', '72653324/75736928', '', '', 'CDD', 0, 17, '', '', 'VIREMENT'),
(3857, 1512, 1, 'KONZELO', 'CS01-00373', 'CS01', 'Junior', '34000', NULL, 3, 0, '', 0, '1998-05-24', '', 'BAMBARI', '1', '', NULL, '72082627', '75153736', '', NULL, '2018-01-31', NULL, NULL, '', '', '', '', '5', '', '', '2021-05-09', 4, 'NZAGOGNA', 1, 1, 0, 'KONZELO Hubert', 'GNIGBO Julienne', 'CELIBATAIRE', '', '', '', '', 'GNIGBO Alain', '75582000', '', '', 'CDD', 0, 17, '', '', 'VIREMENT'),
(3858, 1512, 1, 'NGANAFEÏ ', 'CS01-00374', 'CS01', 'Sophie Ludivine', '34000', NULL, 5, 0, '', 0, '1985-04-13', '', 'Bangui', '1', '', NULL, '75025365', '72627108', '', NULL, '2021-05-09', NULL, NULL, '', '', '', '', '2', '', '', '2021-05-09', 4, 'YANGATO', 2, 1, 0, 'NGANAFEÏ Simon', 'MBOYONA Monique', 'CELIBATAIRE', '', '', '', '', 'NAMBONA Michel', '72642289', '', '', 'CDD', 0, 17, '', '', 'VIREMENT'),
(3859, 1512, 1, 'SANA', 'CS01-00375', 'CS01', 'Geoffroy Crépin', '34000', NULL, 3, 0, '', 0, '1987-05-31', '', 'Bangui', '1', '', NULL, '', '72051789', '', NULL, '2021-05-09', NULL, NULL, '', '', '', '', '2', '', '', '2021-05-09', 4, '\nDEDENGUE 2', 1, 1, 0, 'SANA Pierre', 'SOUFIE Madeleine', 'CELIBATAIRE', '', '', '', '', 'EUGUENA Natascha', '72614641', '', '', 'CDD', 0, 17, '', '', 'VIREMENT'),
(3860, 1512, 1, 'FIO-OROÏ', 'CS01-00376', 'CS01', 'Dieudonné', '34000', NULL, 6, 0, '', 0, '1972-04-13', '', 'BOSSANGOA', '1', '', NULL, '', '72521941', '', NULL, '2021-05-09', NULL, NULL, '', '', '', '', '2', '', '', '2021-05-09', 4, 'DAMALA', 1, 1, 0, 'FIO-OROÏ Jean', 'KOMBOYE Josephine', 'CELIBATAIRE', '', '', '', '', 'WESSENGAÏ Evariste', '72227987', '', '', 'CDD', 0, 17, '', '', 'VIREMENT'),
(3861, 1512, 1, 'GONI IPENDE', 'CS01-00377', 'CS01', 'Melvine Victoire', '34000', NULL, 2, 0, '', 0, '1987-09-24', '', 'SIBUT', '1', '', NULL, '72370742', '75453587', '', NULL, '2017-10-06', NULL, NULL, '', '', '', '', '2', '', '', '2021-05-09', 4, 'BOY-RABE', 2, 1, 0, 'GONI David', 'ABIBA Odette', 'CELIBATAIRE', '', '', '', '', 'DAPKAÏDIMI Simone', '75030708', '', '', 'CDD', 0, 17, '', '', 'VIREMENT'),
(3862, 1512, 1, 'NOUTENE ', 'CS01-00378', 'CS01', 'Isabelle', '34000', NULL, 6, 0, '', 0, '1079-01-10', '', 'BANGUI', '1', '', NULL, '72476125', '75780398', '', NULL, '2017-12-14', NULL, NULL, '', '', '', '', '2', '', '', '2021-05-09', 4, '', 2, 1, 0, 'DOUNIA Pascal', 'IBOUE Pauline', 'CELIBATAIRE', '', '', '', '', 'NOUTENE Isabelle', '72476125', '', '', 'CDD', 0, 17, '', '', 'VIREMENT'),
(3865, 1549, 1, 'BELLA', 'CS01-00379', 'CS01', 'Cyr Teddy Herly', '34000', NULL, 3, 0, '', 1, '1995-06-12', '', 'Begoua', '1', '', NULL, '+236 75001598', '+236 72279202', '', NULL, '2019-07-28', NULL, NULL, '', '', '', 'Seconde', '2', '', '', '2021-05-11', 1, 'Boeing', 1, 1, 0, 'BELLA Celestin', 'WENENGAI Regine', 'CELIBATAIRE', 'N 999', '', '', '', '', '', '', '', 'CDD', 0, 17, '', '', 'VIREMENT'),
(3866, 1549, 1, 'KONDAMOYEN', 'CS01-00380', 'CS01', 'Adele', '34000', NULL, 3, 0, '', 1, '1983-11-20', '', 'Bimbo', '1', '', NULL, '', '+236 75611113', '', NULL, '2017-08-31', NULL, NULL, '', '', '', '1ere', '2', '', '', '2021-05-11', 1, 'Pont Mpoko, Bimbo', 2, 1, 0, 'KONDAMOYEN Gaston', 'GUEMGBA Marian', 'CELIBATAIRE', 'N 983', '', '', '', 'LAGUERET Victoire', '+236 75130405', '', '', 'CDD', 0, 17, '', '', 'VIREMENT'),
(3867, 1505, 1, 'HOULOUBA', 'CS01-00381', 'CS01', 'Mitterand Francois Freddy', '30000', NULL, 4, 0, '', 0, '1993-11-30', '', 'Bimbo', '1', '', NULL, '', '+236 72528822', 'mhoulouba@gmail.com', NULL, '2021-05-09', NULL, NULL, '', '', '', '4e annee de sociologie ', '5', '', '', '2021-05-11', 1, 'Fatima', 1, 1, 0, 'LOCKA Valery', 'YAKOBENDE Elene', 'CELIBATAIRE', '', '', '', '', 'KOLEKOU Aime', '+236 72096755', '', '', 'ESSAI', 0, 17, '', '', 'VIREMENT'),
(3868, 1505, 1, 'DONGO GBEZIMA BABO', 'CS01-00382', 'CS01', 'Larry Crepin', '30009', NULL, 2, 0, '', 0, '1997-03-17', '', 'Bangui', '1', '', NULL, '+236 75369227', '+236 72677932', '', NULL, '2021-05-09', NULL, NULL, '', '', '', '1ere annee ', '3', '', '', '2021-05-11', 1, 'Kolingo II, 5e arrondissement ', 1, 1, 0, 'DONGO Emmanuel ', 'SEMBOUE Pierrette', 'CELIBATAIRE', '', '', '', '', 'SEMBOUE Pierrette', '+236 72012108 / 75250347', '', '', 'ESSAI', 0, 17, '', '', 'VIREMENT'),
(3869, 1505, 1, 'GONDIA KOUMOU NGAMBONDO', 'CS01-00383', 'CS01', 'Freud Bonheur', '30000', NULL, 0, 0, '', 0, '2000-03-26', '', 'Bangui', '1', '', NULL, '+236 72448266', '+236 75182986', '', NULL, '2021-05-09', NULL, NULL, '', '', '', 'Seconde ', '2', '', '', '2021-05-11', 1, 'Bimbo', 1, 1, 0, 'GONDIA Antoine', 'MBOYA Yvette ', 'CELIBATAIRE', '', '', '', '', 'NZONZA Roland ', '+236 75404641', '', '', 'ESSAI', 0, 17, '', '', 'VIREMENT'),
(3870, 1717, 1, 'BOLO MAINGUE', 'CS01-00384', 'CS01', 'Cyrille Edgard', '34000', NULL, 3, 0, '', 0, '1986-09-12', '', 'Bangui', '1', '', NULL, '+236 75422540', '+236 72742814', '', NULL, '2021-04-06', NULL, NULL, '', '', '', '1ere annee ', '3', '', '', '2021-05-11', 1, '5e arrondissement ', 1, 1, 0, 'BOLO MAINGUE Christophe', 'BELDOKONI Adeline', 'CELIBATAIRE', 'N 86/188', '', '', '', 'BERO Virginie', '+236 72764557', '', '', 'CDD', 0, 17, '', '', 'VIREMENT'),
(3871, 1505, 1, 'NGAKETTE', 'CS01-00385', 'CS01', 'Emmanuel ', '34000', NULL, 2, 0, '', 0, '1989-12-29', '', 'Bangui', '1', '', NULL, '', '+236 75073933', '', NULL, '2018-05-15', NULL, NULL, '', '', '', '1ere', '2', '', '', '2021-05-11', 1, 'Ouango, 7e arrondissement ', 1, 1, 0, 'NGBA Fidele', 'YABIANGOU Julienne ', 'CELIBATAIRE', '', '', '', '', 'BIANGOU Alban', '+236 75477168', '', '', 'CDD', 0, 17, '', '', 'VIREMENT'),
(3872, 1512, 1, 'MIHINI PAIVOULOU', 'CS01-00386', 'CS01', 'Elisabeth ', '34009', NULL, 5, 0, '', 1, '1980-09-07', '', 'Obo', '1', '', NULL, '+236 75523123', '+236 72527486', '', NULL, '2017-07-28', NULL, NULL, '', '', '', 'Seconde ', '2', '', '', '2021-05-11', 1, 'Gobongo, 4e arrondissement ', 1, 1, 0, 'KOUTAMBOULA', 'NABINGA Louise', 'CELIBATAIRE', '', '', '', '', 'FOKPIO Micheline', '+236 72555953', '', '', 'CDD', 0, 17, '', '', 'VIREMENT'),
(3873, 1512, 1, 'AZOUNDOU', 'CS01-00387', 'CS01', 'ALFRED DE MICHEL', '34000', NULL, 4, 0, '', 0, '1997-06-02', '', 'BANGUI', '1', 'N°888', NULL, '72 05 26 99/ 75 01 82 74', '', '', NULL, '2021-02-01', NULL, NULL, '', '', '', 'UNIVERSITAIRE ', '3', '', '', '2021-05-12', 1, 'MBOSSOR', 1, 1, 0, 'BATANDJI G', 'MOUGUINZA BERNADETTE', 'CELIBATAIRE', 'N°825', '', '', '', 'BATANDJI GOTZAND', '72 05 64 75', '', '', 'CDD', 0, 0, '', '', ''),
(3874, 1512, 1, 'OUSMANE', 'CS01-00388', 'CS01', 'FABRICE IGOR', '34000', NULL, 2, 0, '', 0, '1998-08-22', '', 'BANGUI', '1', '10888003989834', NULL, '72 13 88 80/ 75 63 14 88', '', '', NULL, '2016-01-01', NULL, NULL, '', '', '', 'UNIVERSITAIRE ', '3', '', '', '2021-05-12', 1, 'BANGUI', 1, 1, 0, 'OUSMANE H', 'ABIBA BLANDINE', 'CELIBATAIRE', 'N°1275', 'N°139', '', '', 'MADEKOUNDJI PRISLLA', '72 54 25 43', '', '', 'CDD', 0, 0, '', '', ''),
(3875, 1512, 1, 'NGUEREMLA', 'CS01-00389', 'CS01', 'BERTIN MAXIME', '34000', NULL, 4, 0, '', 0, '1980-04-12', '', 'BANGUI', '1', '1048036398650000', NULL, '72 32 35 34/ 75 33 83 21', '', '', NULL, '2016-05-05', NULL, NULL, '', '', '', 'SECONDAIRE', '2', '', '', '2021-05-12', 1, 'BANGUI', 1, 1, 0, 'KONGBO BENOIT', 'IBACKY LUCIENNE', 'CELIBATAIRE', 'N°2048', '', '', '', 'MOUSSA CHANCELA', '72 32 35 33', '', '', 'CDD', 0, 0, '', '', ''),
(3876, 1542, 1, 'SINGHA YAKEHE', 'CS01-00390', 'CS01', 'LUC', '34000', NULL, 7, 0, '', 0, '1965-02-02', '', 'FORT LAMY', '1', '1026501001422490', NULL, '70 16 70 38/ 75  54 50 68', '', '', NULL, '2016-04-01', NULL, NULL, '', '', '', '3ème', '1', '', '', '2021-05-12', 1, 'BANGUI', 1, 1, 0, 'SINGHA MATHIEU', 'KOUNDOU PAULINE', 'CELIBATAIRE', '', '', '', '', 'KPALKOYO MELANIE', '72 67 12 64', '', '', 'CDD', 0, 0, '', '', ''),
(3877, 113, 1, 'GREMBAMBA', 'CS01-00391', 'CS01', 'MAX', '34000', NULL, 3, 0, '', 0, '1986-06-28', '', 'BANGUI', '1', '', NULL, '72 11 14 13', '', '', NULL, '2017-12-02', NULL, NULL, '', '', '', 'TERMINAL ', '2', '', '', '2021-05-12', 1, 'BANGUI', 1, 1, 0, 'GREMBAMBA JEAN', 'YATRO CECILLE', 'CELIBATAIRE', 'N°1996', '', '', '', 'SEMODIDI ELOGE', '', '', '', 'CDD', 0, 0, '', '', ''),
(3878, 1512, 1, 'MANDY LOGOGBANOU', 'CS01-00392', 'CS01', 'CEPHAS', '34000', NULL, 1, 0, '', 0, '1997-01-01', '', 'BAMBARI', '1', '', NULL, '72 67 47 06/ 75 09 84 36', '', '', NULL, '2019-01-15', NULL, NULL, '', '', '', '3ème', '2', '', '', '2021-05-12', 1, 'DAMALA DON BOSCO', 1, 1, 0, 'MANDY DOMINIQUE', 'YASSIMO JOSEPHINE', 'CELIBATAIRE', '', '', '', '', 'MANDY RENE', '72 60 72 43', '', '', 'CDD', 0, 0, '', '', ''),
(3879, 1615, 1, 'OUANDO KOBANGA', 'CS01-00393', 'CS01', 'JULES FLEURUS', '34000', NULL, 3, 0, '', 0, '1991-09-24', '', 'BIMBO', '1', '', NULL, '75 30 75 14/ 72 03 75 88', '', '', NULL, '2019-06-24', NULL, NULL, '', '', '', 'TERMINAL ', '3', '', '', '2021-05-12', 1, 'BIMBO', 1, 1, 0, 'OUANDO JOSEPH', 'YAOUANDE MASSA', 'CELIBATAIRE', 'N°688', '', '', '', 'OUANDO NADIA', '75 54 77 69', '', '', 'CDD', 0, 0, '', '', ''),
(3880, 1615, 1, 'BENZA', 'CS01-00394', 'CS01', 'FREDDY-QUIRIN', '34000', NULL, 2, 0, '', 0, '1986-08-03', '', 'BANGUI', '1', '', NULL, '75 10 42 90/ 72 25 82 41', '', '', NULL, '2019-06-24', NULL, NULL, '', '', '', 'TERMINAL ', '3', '', '', '2021-05-12', 1, 'BACONGO', 1, 1, 0, 'BENZA MAX', 'BAHOU ARLETTE', 'CELIBATAIRE', 'N°1860', '', '', '', 'BONOKO BLANDIN', '75 25 68 36', '', '', 'CDD', 0, 0, '', '', ''),
(3881, 1615, 1, 'KOUALET', 'CS01-00395', 'CS01', 'LASSY-SIMEON', '34000', NULL, 1, 0, '', 0, '1997-04-05', '', 'SATEMA', '1', '', NULL, '75 93 32 19', '', '', NULL, '2020-06-28', NULL, NULL, '', '', '', 'UNIVERSITAIRE ', '5', '', '', '2021-05-12', 1, 'BIMBO', 1, 1, 0, 'KOUALET MARTIN', 'YANDI MELANIE', 'CELIBATAIRE', 'N°040', '', '', '', 'KOUALET MARTIN', '72 72 88 05', '', '', 'CDD', 0, 0, '', '', ''),
(3882, 1615, 1, 'BANGA', 'CS01-00396', 'CS01', 'RAISSA-LAURANCIA SURVINE', '34000', NULL, 2, 0, '', 0, '1996-11-02', '', 'OUANGO', '1', '', NULL, '75 26 79 71', '', '', NULL, '2020-02-08', NULL, NULL, '', '', '', 'TERMINAL ', '3', '', '', '2021-05-12', 1, 'GBANGOUMA', 2, 1, 0, 'KOSSI JOSE', 'DENEMANDJI ARMELLE', 'CELIBATAIRE', '', '', '', '', 'DENEMANDJI ARMELLE', '75 91 76 36', '', '', 'CDD', 0, 0, '', '', ''),
(3883, 1616, 1, 'AMAKPIE BEMADE', 'CS01-00397', 'CS01', 'FRANCKLIN GILDAS', '34000', NULL, 5, 0, '', 0, '1986-04-23', '', 'BANGUI', '1', '109942300113976', NULL, '75 38 90 26/ 72 31 35 38', '', '', NULL, '2017-07-17', NULL, NULL, '', '', '', 'UNIVERSITAIRE ', '3', '', '', '2021-05-12', 1, 'BIMBO', 1, 1, 0, 'AMAKPIO CASMIR', 'AMABOU MARI', 'CELIBATAIRE', '', '', '', '', 'GBILIMQKO FAUSTIN', '75 50 87 12/ 75 15 47 25', '', '', 'CDD', 0, 0, '', '', ''),
(3884, 1512, 1, 'MATINOT ', 'CS01-00398', 'CS01', 'REGIS MARTIAL', '34000', NULL, 7, 0, '', 0, '1995-12-11', '', 'BANGUI', '1', '202010103155993', NULL, '72 20 98 99', '', '', NULL, NULL, NULL, NULL, '', '', '', 'UNIVERSITAIRE ', '3', '', '', '2021-05-12', 1, 'BIMBO', 1, 1, 0, 'MATINOT EMILE', 'OGALAMA CECHE', 'CELIBATAIRE', '', '', '', '', 'KOBADOBO BRUNO', '75 50 32 76/ 72 50 32 76', '', '', 'CDD', 0, 0, '', '', ''),
(3885, 1616, 1, 'MOKONAYO', 'CS01-00399', 'CS01', 'SCHELLA MEREILLE', '34000', NULL, 4, 0, '', 0, '1990-09-14', '', 'BIMBO', '1', 'N°12140', NULL, '75 19 68 33/ 72 76 34 28', '', '', NULL, '2020-07-12', NULL, NULL, '', '', '', '3ème', '2', '', '', '2021-05-12', 1, 'BANGUI', 1, 1, 0, 'MOKONDAVO JOSEPH', 'DOLEKPIAN LORENTINE', 'CELIBATAIRE', 'N°5050', 'N°4326', '', '', 'NGAINA BIENVENU', '75 57 80 30', '', '', 'CDD', 0, 0, '', '', ''),
(3886, 1512, 1, 'MAMBIA LEZONGO YALA', 'CS01-00400', 'CS01', 'GUYLAINE', '34000', NULL, 4, 0, '', 0, '1995-02-12', '', 'BANGUI', '1', '', NULL, '72 68 47 45', '', '', NULL, '2017-08-01', NULL, NULL, '', '', '', 'TERMINAL ', '2', '', '', '2021-05-12', 1, '4 ARRD', 1, 1, 0, 'LEZONGO YALA', 'MAMBIA MIZER', 'CELIBATAIRE', '', '', '', '', 'GBAYE MELVA', '72 11 75 13', '', '', 'CDD', 0, 0, '', '', ''),
(3887, 1713, 1, 'BAIOTOU-LAIMO', 'CS01-00401', 'CS01', 'VIANEY EDGARD', '34000', NULL, 2, 0, '', 0, '1998-05-15', '', 'BANGUI', '1', '21044004', NULL, '72 70 25 49/ 75 75 94 71', '', '', NULL, '2017-07-28', NULL, NULL, '', '', '', 'UNIVERSITAIRE ', '3', '', '', '2021-05-12', 1, 'BANGUI', 1, 1, 0, 'LAIMO SAMUEL', 'NGOMBALA MARCELINE', 'CELIBATAIRE', 'N°1938/19', '', '', '', 'NGOMBALA ROGER', '72 50 70 91/ 75 50 70 91', '', '', 'CDD', 0, 0, '', '', ''),
(3888, 1512, 1, 'NDOKOBANDA ', 'CS01-00402', 'CS01', 'RICHETTE EVE JOSETTE', '34000', NULL, 3, 0, '', 0, '1997-05-12', '', 'BANGUI', '1', '', NULL, '72 19 03 05/ 75 55 76 13', '', '', NULL, '2020-12-05', NULL, NULL, '', '', '', 'TERMINAL ', '3', '', '', '2021-05-12', 1, 'FOU', 2, 1, 0, 'KONIMBAI THOMAS', 'NGATOULI MARTINE', 'CELIBATAIRE', '', '', '', '', 'KONIMBAI FRED', '72 50 99 96', '', '', 'CDD', 0, 0, '', '', ''),
(3889, 1616, 1, 'MOKONDAVO', 'CS01-00403', 'CS01', 'SCHELLA MEREILLE', '34000', NULL, 4, 0, '', 0, '1990-09-14', '', 'BIMBO', '1', 'N°12140', NULL, '75 19 68 33/ 72 76 34 28', '', '', NULL, '2020-07-12', NULL, NULL, '', '', '', '3ème', '2', '', '', '2021-05-12', 1, 'BANGUI', 2, 1, 0, 'MOKONDAVO JOSEPH', 'DOLEKPIAN LORENTINE', 'CELIBATAIRE', 'N°5050', 'N°4326', '', '', 'NGAINA BIENVENU', '75 57 80 30', '', '', 'CDD', 0, 0, '', '', ''),
(3890, 113, 1, 'KANAMINI', 'CS01-00404', 'CS01', 'GUILLAUMINE SIDOINE', '34000', NULL, 2, 0, '', 0, '1992-10-25', '', 'BANGUI', '1', '2109201001383435', NULL, '72 29 85 78', '', '', NULL, '2018-01-01', NULL, NULL, '', '', '', 'UNIVERSITAIRE ', '3', '', '', '2021-05-12', 1, 'FOUH', 2, 1, 0, 'YASSOUMA GUY SYLVAIN', 'PAMADAN SYLVIE', 'CELIBATAIRE', 'N°1495', '', '', '', 'COTONNEE DAMLAI RACHEL', '72 32 47 96', '', '', 'CDD', 0, 0, '', '', ''),
(3891, 113, 1, 'TEIBONAZOUI', 'CS01-00405', 'CS01', 'ISMAEL', '34000', NULL, 2, 0, '', 0, '1991-06-20', '', 'BOUAR', '1', '10691011000088', NULL, '72 34 31 50/ 75 53 52 95', '', '', NULL, '2021-05-12', NULL, NULL, '', '', '', 'UNIVERSITAIRE ', '3', '', '', '2021-05-12', 1, 'BEGOUA', 1, 1, 0, 'FEIBONAZOUI ISSAC', 'MOMBOYE ROSALIE', 'CELIBATAIRE', 'N°380', '', '', '', 'YAGBATIA JEMINA', '72 34 31 56', '', '', 'CDD', 0, 0, '', '', ''),
(3892, 113, 1, 'ENDJIKRE', 'CS01-00406', 'CS01', 'BETHSAIL', '34000', NULL, 2, 0, '', 0, '1996-02-22', '', 'BANGUI', '1', '37226010004461462', NULL, '72 74 99 90', '', '', NULL, '2020-12-07', NULL, NULL, '', '', '', 'UNIVERSITAIRE ', '3', '', '', '2021-05-12', 1, 'FOUH', 1, 1, 0, 'ENDJIKRE ADBIAS', 'YASSIMO CELINE', 'CELIBATAIRE', 'N°247', '', '', '', 'ENDJIKRE FREDDY', '75 61 02 09', '', '', 'CDD', 0, 0, '', '', ''),
(3893, 1548, 1, 'TENGAYE BITA', 'CS01-00407', 'CS01', 'JEAN MARTIAL', '34000', NULL, 3, 0, '', 0, '1983-08-21', '', 'BEGOUA', '1', '37222010004449265', NULL, '75 30 26 64/ 72 65 1610', '', '', NULL, NULL, NULL, NULL, '', '', '', 'UNIVERSITAIRE ', '3', '', '', '2021-05-12', 1, 'BANGUI', 1, 1, 0, 'TENGAYE JEAN NOEL', 'KOFIO JULIENNE', 'CELIBATAIRE', 'N°055', '', '', '', 'DOUMANA JEAN BERNARD', '75 13 35 01', '', '', 'CDD', 0, 0, '', '', ''),
(3895, 1621, 1, 'FIO ', 'CS01-00408', 'CS01', 'Destin Loic', '34000', NULL, 2, 0, '', 1, '1996-02-15', '', 'Bangui ', '1', '', NULL, '+236 75883863', '+236 72673384', '', NULL, '2020-07-27', NULL, NULL, '', '', '', 'Seconde ', '2', '', '', '2021-05-12', 1, 'Boy-rabe', 1, 1, 0, 'FIO Nicoig', 'FIO INGDEINA Irene', 'CELIBATAIRE', '', '', '', '', 'FIO INGDEINA Irene', '+236 72208601', '', '', 'CDD', 0, 17, '', '', 'VIREMENT'),
(3896, 1538, 1, 'MBANGO WALETE', 'CS01-00409', 'CS01', 'Francis Edgard', '34000', NULL, 3, 0, '', 1, '2019-08-01', '', 'Bangui', '1', '', NULL, '+236 72774218', '+236 75170158', '', NULL, '2020-07-30', NULL, NULL, '', '', '', 'Seconde ', '2', '', '', '2021-05-12', 1, 'Ouango, 7e arrondissement ', 1, 1, 0, 'MBANGO Mbappe', 'YASSE Julienne ', 'CELIBATAIRE', '', '', '', '', 'NDEMAMON Alida', '+236 75910841', '', '', 'CDD', 0, 17, '', '', 'VIREMENT'),
(3897, 1512, 1, 'YAMBALE', 'CS01-00410', 'CS01', 'ORNELLA', '34000', NULL, 2, 0, '', 0, '1991-10-25', '', 'BANGUI', '1', '', NULL, '72797972', '75499999', '', NULL, '2020-04-30', NULL, NULL, '', '', '', '', '2', '', '', '2021-05-17', 4, 'BANGUI', 2, 1, 0, 'GREBAMBA JEAN', 'YATROCE CECILE', 'CELIBATAIRE', '', '', '', '', 'GREBAMBA JEAN', '75676035', '', '', 'CDD', 0, 17, '', '', 'VIREMENT'),
(3898, 1513, 1, 'GAÏ', 'CS01-00411', 'CS01', 'BIENVENU', '34000', NULL, 2, 0, '', 0, '1992-10-14', '', 'BIMBO', '1', '', NULL, '', '75429758', '', NULL, '2020-12-06', NULL, NULL, '', '', '', '', '5', '', '', '2021-05-17', 4, 'BANGUI', 1, 1, 0, 'GAÏ FIDEL', 'FEÏBOUKO SARAH', 'CELIBATAIRE', '', '', '', '', 'AUBIN CHARLES SENTOUA', '75545213', '', '', 'CDD', 0, 17, '', '', 'VIREMENT'),
(3899, 1516, 1, 'MOUSSA', 'CS01-00412', 'CS01', 'FLORIS GERVAIS', '34000', NULL, 3, 0, '', 0, '1995-05-05', '', 'BANGUI', '1', '', NULL, '75129840', '72886635', '', NULL, '2020-11-30', NULL, NULL, '', '', '', '', '3', '', '', '2021-05-17', 4, 'BEGOUA', 1, 1, 0, 'MOUSSA KAROUA', 'SAMBEKO SIRIAGE', 'CELIBATAIRE', '', '', '', '', 'KAROUA KENNY', '72171404', '', '', 'CDD', 0, 17, '', '', 'VIREMENT'),
(3900, 1512, 1, 'DEGANAÏ-KINIYOUNA', 'CS01-00413', 'CS01', 'Evelyne', '34000', NULL, 3, 0, '', 0, '1995-11-22', '', 'BANGUI', '1', '', NULL, '72841898', '75022858', '', NULL, '2020-02-06', NULL, NULL, '', '', '', '', '2', '', '', '2021-05-17', 4, 'BANGUI', 2, 1, 0, 'DEGANAÏ MOÏSE', 'IGALA SUZANNE', 'CELIBATAIRE', '', '', '', '', 'NGAKOSSI STEVE AXEL', '72898360/75123934', '', '', 'CDD', 0, 17, '', '', 'VIREMENT'),
(3901, 1621, 1, 'SENDE-LOGOBALET', 'CS01-00414', 'CS01', 'ELLA TATIANA', '34000', NULL, 5, 0, '', 0, '1992-04-14', '', 'BAMBARI', '1', '', NULL, '75461122', '72494868', '', NULL, '2020-12-06', NULL, NULL, '', '', '', '', '2', '', '', '2021-05-17', 4, 'NGOLA - ABATTOIRE', 2, 1, 0, 'LOGOBALET JEAN PIERRE', 'YANGUE WILFRIED', 'CELIBATAIRE', '', '', '', '', 'YANGUE WILFRIED', '72556170', '', '', 'CDD', 0, 17, '', '', 'VIREMENT'),
(3902, 1512, 1, 'MOCKE', 'CS01-00415', 'CS01', 'PULCHERIE SYLVIE', '34000', NULL, 6, 0, '', 0, '1972-09-10', '', 'BANGUI', '1', '', NULL, '72418313', '75721546', '', NULL, '2019-06-10', NULL, NULL, '', '', '', '', '2', '', '', '2021-05-17', 4, 'BANGUI\nFOUH', 2, 1, 0, 'MOCKE ABEL', 'DIANIGALE PAULINE', 'CELIBATAIRE', '', '', '', '', 'BERAM STEPHIE', '75501463/72413738', '', '', 'CDD', 0, 17, '', '', 'VIREMENT'),
(3903, 1512, 1, 'NZAPASSARA', 'CS01-00416', 'CS01', 'FREDERIC', '34000', NULL, 4, 0, '', 0, '1988-06-08', '', 'BANGUI', '1', '', NULL, '', '72547263', '', NULL, '2021-10-27', NULL, NULL, '', '', '', '', '2', '', '', '2021-05-17', 4, 'BIMBO 3', 1, 1, 0, 'BIMBOLI', 'IGBAKA', 'CELIBATAIRE', '', '', '', '', 'IGBAKA ', '72537292', '', '', 'CDD', 0, 17, '', '', 'VIREMENT'),
(3904, 1512, 1, 'BAKONGO', 'CS01-00417', 'CS01', 'REINE', '34000', NULL, 2, 0, '', 0, '1990-07-16', '', 'SIBUT', '1', '', NULL, '', '72487812', '', NULL, '2017-12-01', NULL, NULL, '', '', '', '', '2', '', '', '2021-05-17', 4, 'BANGUI\nFOUH', 1, 1, 0, 'BAKONGO ROBERT', 'GBENON AGNES', 'CELIBATAIRE', '', '', '', '', 'BAKONGO MICHAEL', '72703864/75122563', '', '', 'CDD', 0, 17, '', '', 'VIREMENT'),
(3905, 1521, 1, 'YANDOKO', 'CS01-00418', 'CS01', 'YVON', '34000', NULL, 4, 0, '', 0, '1988-08-11', '', 'GANI-PAOUA', '1', '', NULL, '75665335', '72074549', '', NULL, '2021-03-31', NULL, NULL, '', '', '', '', '5', '', '', '2021-05-17', 4, 'BANGUI\nNGONGONON', 1, 1, 0, 'NANDOUPE DAVID', 'NDAKALA ALICE', 'CELIBATAIRE', '', '', '', '', 'HOULZIA HUBERT ABEL', '72535365/75750189', '', '', 'CDD', 0, 17, '', '', 'VIREMENT'),
(3906, 1512, 1, 'GUIMONDO', 'CS01-00419', 'CS01', 'NADEGE', '34000', NULL, 0, 0, '05', 0, '1978-09-10', '', 'BANGUI', '1', '', NULL, '', '72750796', '', NULL, '2021-05-17', NULL, NULL, '', '', '', '', '2', '', '', '2021-05-17', 4, 'BANGUI', 2, 1, 0, 'GUIMONDO JEAN', 'SAWI JULIETTE', 'CELIBATAIRE', '', '', '', '', 'GUIMONDO ARSENE', '72382204', '', '', 'CDD', 0, 17, '', '', 'VIREMENT'),
(3907, 1512, 1, 'ONAM', 'CS01-00420', 'CS01', 'BOVICE - BENY', '34000', NULL, 4, 0, '', 0, '1993-02-19', '', 'M\'BAÏKI', '1', '', NULL, '', '72269231', '', NULL, '2021-03-08', NULL, NULL, '', '', '', '', '2', '', '', '2021-05-17', 4, 'GUITANGOLA SOURCE', 1, 1, 0, 'ONAM BENOIT', 'KATOUKA MARIE GISELE', 'CELIBATAIRE', '', '', '', '', 'SILA GERICK', '75346384', '', '', 'CDD', 0, 17, '', '', 'VIREMENT'),
(3908, 1512, 1, 'NDALLOT-YEMA', 'CS01-00421', 'CS01', 'VERNA-HOLIDAY', '34000', NULL, 2, 0, '', 0, '1982-03-02', '', 'BAKOUMA', '1', '', NULL, '', '75633521', '', NULL, '2017-07-29', NULL, NULL, '', '', '', '', '2', '', '', '2021-05-17', 4, 'BANGUI', 1, 1, 0, 'NDALLOT FAUSTIN', 'NDALLOT MARIE-CLAIRE', 'CELIBATAIRE', '', '', '', '', '', '', '', '', 'CDD', 0, 17, '', '', 'VIREMENT'),
(3909, 1515, 1, 'NGOZO', 'CS01-00422', 'CS01', 'EDGARD FIRMIN', '34000', NULL, 8, 0, '', 0, '1969-06-09', '', 'BANGUI', '1', '', NULL, '72671301', '75090504', '', NULL, '2018-09-29', NULL, NULL, '', '', '', '', '2', '', '', '2021-05-17', 4, 'SAKPA-MBORLA\nBIMBO 3', 1, 1, 0, 'NGOZO BERNARD', 'SAMBIA BERTHE', 'CELIBATAIRE', '', '', '', '', 'SONGUET CHRISTIANE', '75191952', '', '', 'CDD', 0, 17, '', '', 'VIREMENT'),
(3910, 1512, 1, 'YAMINDJI', 'CS01-00423', 'CS01', 'GUY DIEUDONNE', '34000', NULL, 6, 0, '', 0, '1973-08-15', '', 'BEGOUA', '1', '', NULL, '', '72592329', '', NULL, '2017-07-28', NULL, NULL, '', '', '', '', '2', '', '', '2021-05-17', 4, 'BEGOUA', 1, 1, 0, 'BAGAZA DIEUDONNE', 'SEKEMBO LOUISE', 'CELIBATAIRE', '', '', '', '', 'ZONGAYELE NATHALIE', '72804957', '', '', 'CDD', 0, 17, '', '', 'VIREMENT'),
(3911, 1621, 1, 'GRENGBONGA KOYANGBO', 'CS01-00424', 'CS01', 'TRESOR MALICK', '34000', NULL, 2, 0, '', 0, '1994-09-03', '', 'KEMBE', '1', '', NULL, '72495164', '75171611', '', NULL, '2019-08-19', NULL, NULL, '', '', '', '', '5', '', '', '2021-05-17', 4, 'BANGUI\nWALINGBA', 1, 1, 0, 'GRENGBONGA EDOUARD', 'YABALASSI THERESE', 'CELIBATAIRE', '', '', '', '', 'YABALASSI THERESE', '75379572', '', '', 'CDD', 0, 17, '', '', 'VIREMENT'),
(3912, 1512, 1, 'MOUHOUNGA', 'CS01-00425', 'CS01', 'YVON', '34000', NULL, 3, 0, '', 0, '1985-05-28', '', 'BANGUI', '1', '', NULL, '75213608', '72407946', '', NULL, '2020-06-26', NULL, NULL, '', '', '', '', '2', '', '', '2021-05-17', 4, '2E ARRONDISSEMENT', 1, 1, 0, 'MOUHOUNGA ALAIN', 'TRONZAPAS BLANDINE', 'CELIBATAIRE', '', '', '', '', '', '', '', '', 'CDD', 0, 17, '', '', 'VIREMENT'),
(3913, 1577, 1, 'SOKAMBI ZOUNGOULA', 'CS01-00426', 'CS01', 'CHRISTIAN', '34000', NULL, 5, 0, '', 0, '1981-06-19', '', 'BANGUI', '1', '', NULL, '', '72078085', '', NULL, '2021-05-17', NULL, NULL, '', '', '', '', '2', '', '', '2021-05-17', 4, 'BANGUI', 1, 1, 0, 'SOKAMBI BERNARD', 'ZOUNGOULA GERTRUDE', 'CELIBATAIRE', '', '', '', '', 'SOKAMBI MARIE-DOMINIQUE ', '75507954', '', '', 'CDD', 0, 17, '', '', 'VIREMENT'),
(3914, 1577, 1, 'NGUENESSOU', 'CS01-00427', 'CS01', 'ROLLAND SATURNIN', '34000', NULL, 2, 0, '', 0, '1986-06-29', '', 'BOGUILA', '1', '', NULL, '', '75545242', '', NULL, '2018-04-26', NULL, NULL, '', '', '', '', '3', '', '', '2021-05-17', 4, 'BANGUI\nFOUH', 1, 1, 0, 'NGUENESSOU SADO NICOLAS', 'GUENEZONGA MARGUERITE', 'CELIBATAIRE', '', '', '', '', 'GANAZOUI GUY BLAISE', '75052594/75505941', '', '', 'CDD', 0, 17, '', '', 'VIREMENT'),
(3915, 1563, 1, 'ASSADI-TAPODI', 'CS01-00428', 'CS01', 'ALAIN NARCISSE', '34000', NULL, 3, 0, '', 0, '1990-02-28', '', 'BANGASSOU', '1', '', NULL, '', '75149647', '', NULL, '2021-05-17', NULL, NULL, '', '', '', '', '3', '', '', '2021-05-17', 4, 'QUARTIER YONGORO', 1, 1, 0, 'TAPODI NARCISSE', 'YAKELEDA ASTRID', 'CELIBATAIRE', '', '', '', '', 'YABONGNZE VANESSA', '72785859/75696483', '', '', 'CDD', 0, 17, '', '', 'VIREMENT'),
(3916, 1563, 1, 'BONDOBHO', 'CS01-00429', 'CS01', 'MARIEN JUVENAL', '34000', NULL, 2, 0, '', 0, '1993-03-08', '', 'BANGUI', '1', '', NULL, '72791032', '75048695', '', NULL, '2019-08-19', NULL, NULL, '', '', '', '', '3', '', '', '2021-05-17', 4, 'BANGUI\nMBOSSORO', 1, 1, 0, 'BONDOBHO DIEUDONNE', 'BAMBOULA SIMONE', 'CELIBATAIRE', '', '', '', '', '', '', '', '', 'CDD', 0, 17, '', '', 'VIREMENT');

--
-- Déclencheurs `agent`
--
DELIMITER $$END
$$
DELIMITER ;

-- --------------------------------------------------------

--
-- Structure de la table `approvisionnement`
--

CREATE TABLE `approvisionnement` (
  `id` bigint(11) NOT NULL,
  `numero` varchar(50) NOT NULL,
  `date` datetime NOT NULL,
  `fournisseur` bigint(11) NOT NULL,
  `referenceblfournisseur` varchar(150) DEFAULT NULL,
  `depot` bigint(11) NOT NULL,
  `total` double NOT NULL
) ENGINE=InnoDB DEFAULT CHARSET=latin1;

--
-- Contenu de la table `approvisionnement`
--

INSERT INTO `approvisionnement` (`id`, `numero`, `date`, `fournisseur`, `referenceblfournisseur`, `depot`, `total`) VALUES
(7, '00002', '2021-05-06 10:08:24', 1, '', 1, 0),
(8, '00003', '2021-04-30 22:00:00', 1, '', 1, 0),
(9, '00004', '2021-04-30 22:00:00', 1, '', 1, 0),
(10, '00005', '2021-04-30 22:00:00', 1, '', 1, 0),
(11, '00006', '2021-04-30 22:00:00', 1, '', 1, 0),
(12, '00007', '2021-04-30 22:00:00', 1, '', 1, 0),
(13, '00007', '2021-05-06 14:14:28', 1, '', 1, 0),
(14, '00008', '2021-05-06 14:16:46', 1, '', 1, 0),
(15, '00009', '2021-05-06 14:18:20', 1, '', 1, 0),
(16, '00010', '2021-05-06 14:24:54', 1, '', 1, 0),
(17, '00011', '2021-05-14 09:42:20', 1, '', 1, 0),
(18, '00012', '2021-05-14 09:43:40', 1, '', 1, 0),
(19, '00013', '2021-05-14 09:48:10', 1, '', 1, 0),
(20, '00014', '2021-05-14 09:49:19', 1, '', 1, 0),
(21, '00015', '2021-05-14 09:51:25', 1, '', 1, 0);

--
-- Déclencheurs `approvisionnement`
--
DELIMITER $$END
$$
DELIMITER ;

-- --------------------------------------------------------

--
-- Structure de la table `banque`
--

CREATE TABLE `banque` (
  `id` bigint(11) NOT NULL,
  `code` varchar(150) NOT NULL,
  `libelle` varchar(150) NOT NULL
) ENGINE=InnoDB DEFAULT CHARSET=latin1;

--
-- Contenu de la table `banque`
--

INSERT INTO `banque` (`id`, `code`, `libelle`) VALUES
(1, 'BFA-001', 'UBA'),
(2, 'BFA-002', 'BANQUE ATLANTIQUE '),
(5, 'BFA-005', 'BOA'),
(8, 'BFA-008', 'CBAO'),
(10, 'BFA-010', 'ECOBANK'),
(14, 'BFA-013', 'ORABANK'),
(17, 'RCA-001', 'SOFIA CREDIT ');

-- --------------------------------------------------------

--
-- Structure de la table `client`
--

CREATE TABLE `client` (
  `id` bigint(20) NOT NULL,
  `partpro` varchar(1) NOT NULL DEFAULT '2',
  `nom` varchar(255) NOT NULL,
  `prenom` varchar(255) DEFAULT NULL,
  `numero` varchar(100) DEFAULT NULL,
  `ville` varchar(100) DEFAULT NULL,
  `secteuractivite` varchar(100) DEFAULT NULL,
  `ifu` varchar(100) DEFAULT NULL,
  `rccm` varchar(100) DEFAULT NULL,
  `divisionfiscale` varchar(100) DEFAULT NULL,
  `regimefiscale` varchar(100) DEFAULT NULL,
  `typeclient` int(11) DEFAULT NULL,
  `telephone` varchar(100) DEFAULT NULL,
  `portable` varchar(100) DEFAULT NULL,
  `email` varchar(100) DEFAULT NULL,
  `adresse` text,
  `datecreation` date DEFAULT NULL,
  `numerocontrat` varchar(100) DEFAULT NULL,
  `datedebutcontrat` date DEFAULT NULL,
  `datefincontrat` date DEFAULT NULL,
  `regimetaxation` int(1) NOT NULL DEFAULT '1',
  `cumulprestation` double DEFAULT NULL,
  `statutfacture` int(1) NOT NULL DEFAULT '0',
  `datepaiement` datetime DEFAULT NULL,
  `actif` int(1) NOT NULL DEFAULT '1',
  `secteur` varchar(150) DEFAULT NULL,
  `porte` varchar(150) DEFAULT NULL,
  `parcelle` varchar(150) DEFAULT NULL,
  `quartier` varchar(155) DEFAULT NULL,
  `siteweb` varchar(155) DEFAULT NULL,
  `avenue` varchar(155) DEFAULT NULL,
  `rue` varchar(155) DEFAULT NULL,
  `section` varchar(155) DEFAULT NULL,
  `dpsp` varchar(155) DEFAULT NULL,
  `lot` varchar(155) DEFAULT NULL,
  `agrement` varchar(155) DEFAULT NULL,
  `region` varchar(155) DEFAULT NULL,
  `pays` varchar(155) DEFAULT NULL,
  `arrete` varchar(155) DEFAULT NULL
) ENGINE=InnoDB DEFAULT CHARSET=latin1;

--
-- Contenu de la table `client`
--

INSERT INTO `client` (`id`, `partpro`, `nom`, `prenom`, `numero`, `ville`, `secteuractivite`, `ifu`, `rccm`, `divisionfiscale`, `regimefiscale`, `typeclient`, `telephone`, `portable`, `email`, `adresse`, `datecreation`, `numerocontrat`, `datedebutcontrat`, `datefincontrat`, `regimetaxation`, `cumulprestation`, `statutfacture`, `datepaiement`, `actif`, `secteur`, `porte`, `parcelle`, `quartier`, `siteweb`, `avenue`, `rue`, `section`, `dpsp`, `lot`, `agrement`, `region`, `pays`, `arrete`) VALUES
(1, '2', 'TETTEH Emmanuel', 'MINUSCA', '00001', 'Bangui', '', '', '', '', '', 4, '', '', '', '36 Villas ', '2021-05-07', '202105-0000000001', '2021-05-07', NULL, 1, 540000, 0, NULL, 1, '', '', '', '', '', '', '', '', '', '', '', '', 'CENTRAFRIQUE', ''),
(2, '2', 'BOUBACAR ADIZA AMADOU ', 'BOUBACAR ADIZA AMADOU ', '00002', 'BANGUI ', '', '', '', '', '', 4, '+236 75 98 2516', '', 'adiza.adamou@un.org', '', '2021-05-11', '202105-0000000002', '2020-12-08', '2021-12-09', 1, 720000, 0, NULL, 1, '', '', '', '14 VILLAS ', '', '', '', '', '', '', '', '', 'CENTRAFRIQUE ', ''),
(3, '2', 'TSCHONGHONGEI ZENNKOWEN EKEI EPSE CHE', 'TSCHONGHONGEI ZENNKOWEN EKEI EPSE CHE', '00003', 'BANGUI', '', '', '', '', '', 4, '+236 75 98 07 98 ', '', 'ekei@un.org', '', '2021-05-11', '202105-0000000003', '2020-12-03', NULL, 1, 720000, 0, NULL, 1, '', '', '', '200 VILLAS ', '', '', '', '', '', '', '', '', 'CENTRAFRIQUE ', ''),
(4, '2', 'SOCITE IPL ', 'LOUI PERRIERE', '00004', 'BANGUI ', '', '', '', '', '', 4, '+236 75 50 18 04', '', 'louiperriere@gmail.com', '', '2021-05-11', '202105-0000000004', '2021-01-01', '2021-12-31', 2, 67227, 0, NULL, 1, '', '', '', 'CENTRE VILLE ', '', '', '', '', '', '', '', '', 'CENTRAFRIQUE ', ''),
(5, '2', 'BRASSERIE KISS', 'HERVE PERRIERE ', '00005', 'BANGUI ', '', '', '', '', '', 4, '', '', 'ghperriere@gmail.com', '', '2021-05-11', '202105-0000000005', '2019-12-31', '2020-12-31', 2, 6722700, 0, NULL, 1, '', '', '', 'CENTRE VILLE ', '', '', '', '', '', '', '', '', 'CENTRFRIQUE ', ''),
(6, '2', 'KONAN N\'ZUE HELENE', 'KONAN N\'ZUE HELENE', '00006', 'BANGUI', '', '', '', '', '', 4, '+236 70 60 49 65', '', 'konanhelene40@yahoo.fr', '', '2021-05-14', '202105-0000000006', '2021-05-14', NULL, 1, 360000, 0, NULL, 1, '', '', '', '200 VILLAS ', '', '', '', '', '', '', '', '', 'CENTRAFRIQUE ', ''),
(7, '2', 'SOMDA MALINAON FLEUR', 'SOMDA MALINAON FLEUR', '00007', 'BANGUI', '', '', '', '', '', 4, '+ 236 72 78 00 48', '', 'lorennes81@gmail.com', '', '2021-12-24', '202105-0000000007', '2020-11-25', NULL, 1, 360000, 0, NULL, 1, '', '', '', 'SICA 1 ', '', '', '', '', '', '', '', '', 'CENTRAFRIQUE ', ''),
(8, '2', 'ALHADJI KEMOKAI', 'ALHADJI KEMOKAI', '00008', 'BANGUI', '', '', '', '', '', 4, '+236 75 98 02 49', '', 'kemokaia@un.org', '', '2021-12-30', '202105-0000000008', '2020-12-31', NULL, 1, 180000, 0, NULL, 1, '', '', '', 'LAKOUANGA ', '', '', '', '', '', '', '', '', 'CENTRAFRIQUE ', ''),
(9, '2', 'PALINFO DAKINI', 'PALINFO DAKINI', '00009', 'BANGUI', '', '', '', '', '', 4, '+236 72 67 40 23', '', 'DAKINIPALINF@yahoo.fr', '', '2021-07-13', '202105-0000000009', '2020-09-01', NULL, 1, 180000, 0, NULL, 1, '', '', '', 'SICA 1 ', '', '', '', '', '', '', '', '', 'CENTRAFRIQUE ', ''),
(10, '2', 'NANCASSA Nelson Jose Carlos', '', '00010', 'BANGUI ', '', '', '', '', '', 4, '+236 72 13 67 74', '', 'nancassa@un.org', '', '2021-08-30', '202105-0000000010', '2021-05-14', NULL, 1, 180000, 0, NULL, 1, '', '', '', 'LAKOUANGA ', '', '', '', '', '', '', '', '', 'CENTRAFRIQUE ', ''),
(11, '2', 'DEBOMBO MARTIAL JUNIOR', '', '00011', 'BANGUI', '', '', '', '', '', 4, '+236 75 54 30 30', '', 'm.debombo@yahoo.fr', '', '2021-05-14', '202105-0000000011', '2021-05-14', NULL, 2, 80000, 0, NULL, 1, '', '', '', 'CITE CORNICHE ', '', '', '', '', '', '', '', '', 'CENTRAFRIQUE ', ''),
(12, '2', 'BOULKASSOUM YACINE CISSE', 'BOULKASSOUM YACINE CISSE', '00012', 'BANGUI ', '', '', '', '', '', 4, '+ 236 75 89 72 ', '', 'hiameymodibo@gmail.com', '', '2021-04-20', '202105-0000000012', '2020-10-20', NULL, 1, 180000, 0, NULL, 1, '', '', '', '200 VILLAS ', '', '', '', '', '', '', '', '', 'CENTRAFRIQUE ', ''),
(13, '2', 'BAHINGA VICTOIRE ', 'BAHINGA VICTOIRE', '00013', 'BANGUI ', '', '', '', '', '', 4, '+236 75 04 48 14 ', '', '', '', '2021-10-18', '202105-0000000013', '2020-10-19', NULL, 2, 60000, 0, NULL, 1, '', '', '', 'NGARAGBA', '', '', '', '', '', '', '', '', 'BANGUI', ''),
(14, '2', 'Mme GUEDE NATHALIE GEOGETTE', 'Mme GUEDE NATHALIE GEOGETTE', '00014', 'BANGUI', '', '', '', '', '', 4, '236 70 60 49 80', '', '', '', '2021-09-29', '202105-0000000014', '2020-09-30', NULL, 1, 360000, 0, NULL, 1, '', '', '', '200 VILLAS ', '', '', '', '', '', '', '', '', 'CENTRAFRIQUE ', ''),
(15, '2', 'CHEIKH NDIAYE ', 'CHEIKH NDIAYE ', '00015', 'BANGUI', '', '', '', '', '', 4, '+236 72 74 89 07', '', 'bfikh@hotmail.com', '', '2021-04-22', '202105-0000000015', '2020-09-23', NULL, 1, 180000, 0, NULL, 1, '', '', '', 'MARABENA', '', '', '', '', '', '', '', '', 'CENTRAFRIQUE', ''),
(16, '2', 'ESPACE LINGATERE', 'Mme ELVIR ANNICK ADJAMONSI', '00016', 'BANGUI', '', '', '', '', '', 4, '+236 72 76 67 44', '', 'elvir71@gmail.com', '', '2021-09-20', '202105-0000000016', '2020-09-15', NULL, 1, 100000, 0, NULL, 1, '', '', '', 'GALABADJA', '', '', '', '', '', '', '', '', 'CENTRAFRIQUE ', ''),
(17, '2', 'TIYA JOSLANE ', 'TIYA JOSLANE ', '00017', 'BANGUI', '', '', '', '', '', 4, '+236 75 17 57', '', 'TIYA@UN.ORG', '', '2021-09-05', '202105-0000000017', '2020-09-06', NULL, 1, 360000, 0, NULL, 1, '', '', '', 'NGARAGBA', '', '', '', '', '', '', '', '', 'CENTRAFRIQUE', ''),
(18, '2', 'FAO', 'KATEPA KALALA PERPETUA', '00018', 'BANGUI', '', '', '', '', '', 4, '+236 72 40 86 96', '', 'Perpetua.KatepaKalala@fao.org', '', '2021-08-13', '202105-0000000018', '2020-08-14', NULL, 1, 180000, 0, NULL, 1, '', '', '', 'SICA 1', '', '', '', '', '', '', '', '', 'CENTRAFRIQUE ', '');

--
-- Déclencheurs `client`
--
DELIMITER $$END
$$
DELIMITER ;

-- --------------------------------------------------------

--
-- Structure de la table `client_postegarde`
--

CREATE TABLE `client_postegarde` (
  `id` bigint(20) NOT NULL,
  `client` bigint(20) NOT NULL,
  `postegarde` bigint(20) NOT NULL
) ENGINE=InnoDB DEFAULT CHARSET=latin1;

--
-- Contenu de la table `client_postegarde`
--

INSERT INTO `client_postegarde` (`id`, `client`, `postegarde`) VALUES
(1, 1, 1558),
(2, 6, 1569);

-- --------------------------------------------------------

--
-- Structure de la table `client_prestation`
--

CREATE TABLE `client_prestation` (
  `id` bigint(20) NOT NULL,
  `client` bigint(20) NOT NULL,
  `prestation` bigint(20) NOT NULL,
  `quantite` int(11) NOT NULL DEFAULT '1',
  `price` double NOT NULL,
  `nbjour` int(11) NOT NULL DEFAULT '30'
) ENGINE=InnoDB DEFAULT CHARSET=latin1;

--
-- Contenu de la table `client_prestation`
--

INSERT INTO `client_prestation` (`id`, `client`, `prestation`, `quantite`, `price`, `nbjour`) VALUES
(1, 1, 3, 1, 180000, 30),
(2, 1, 4, 2, 180000, 30),
(3, 2, 3, 2, 180000, 30),
(4, 2, 4, 2, 180000, 30),
(5, 3, 3, 2, 180000, 30),
(6, 3, 4, 2, 180000, 30),
(9, 5, 3, 1, 6722700, 30),
(10, 4, 3, 1, 67227, 30),
(11, 6, 3, 2, 180000, 30),
(12, 7, 3, 2, 180000, 30),
(13, 9, 3, 1, 180000, 30),
(14, 10, 3, 1, 180000, 30),
(15, 11, 3, 1, 80000, 30),
(16, 12, 3, 1, 180000, 30),
(17, 13, 3, 1, 60000, 30),
(18, 14, 3, 2, 180000, 30),
(19, 15, 3, 1, 180000, 30),
(20, 16, 3, 1, 100000, 30),
(21, 17, 3, 2, 180000, 30),
(22, 18, 3, 1, 180000, 30);

-- --------------------------------------------------------

--
-- Structure de la table `conge`
--

CREATE TABLE `conge` (
  `id` bigint(20) NOT NULL,
  `debut` date NOT NULL,
  `fin` date NOT NULL,
  `agent` bigint(20) NOT NULL,
  `agentname` varchar(255) NOT NULL,
  `motif` text NOT NULL,
  `statut` int(1) NOT NULL DEFAULT '0',
  `datecreation` datetime NOT NULL
) ENGINE=InnoDB DEFAULT CHARSET=latin1;

-- --------------------------------------------------------

--
-- Structure de la table `demission`
--

CREATE TABLE `demission` (
  `id` bigint(20) NOT NULL,
  `date` date NOT NULL,
  `agent` bigint(20) NOT NULL,
  `agentname` varchar(255) NOT NULL,
  `motif` text NOT NULL,
  `statut` int(1) NOT NULL DEFAULT '0',
  `datecreation` datetime NOT NULL
) ENGINE=InnoDB DEFAULT CHARSET=latin1;

-- --------------------------------------------------------

--
-- Structure de la table `depot`
--

CREATE TABLE `depot` (
  `id` bigint(11) NOT NULL,
  `code` varchar(150) NOT NULL,
  `libelle` varchar(150) NOT NULL
) ENGINE=InnoDB DEFAULT CHARSET=latin1;

--
-- Contenu de la table `depot`
--

INSERT INTO `depot` (`id`, `code`, `libelle`) VALUES
(1, '001', 'BANGUI');

-- --------------------------------------------------------

--
-- Structure de la table `depotequipement`
--

CREATE TABLE `depotequipement` (
  `id` bigint(20) NOT NULL,
  `depot` bigint(20) NOT NULL,
  `equipement` bigint(20) NOT NULL,
  `price` double DEFAULT NULL,
  `nbstock` int(11) DEFAULT NULL
) ENGINE=InnoDB DEFAULT CHARSET=latin1;

--
-- Contenu de la table `depotequipement`
--

INSERT INTO `depotequipement` (`id`, `depot`, `equipement`, `price`, `nbstock`) VALUES
(1, 1, 26, 5000, 0),
(2, 1, 37, 0, 2),
(3, 1, 37, 0, 2),
(4, 1, 37, 0, 2),
(5, 1, 28, 0, 28),
(6, 1, 28, 0, 28),
(7, 1, 39, 0, 4),
(8, 1, 40, 0, 4),
(9, 1, 41, 0, 134),
(10, 1, 43, 0, 2),
(11, 1, 44, 0, 12),
(12, 1, 42, 0, 91),
(13, 1, 45, 0, 2),
(14, 1, 31, 0, 16),
(15, 1, 46, 0, 12),
(16, 1, 34, 0, 3);

-- --------------------------------------------------------

--
-- Structure de la table `dotation`
--

CREATE TABLE `dotation` (
  `id` bigint(20) NOT NULL,
  `type` int(1) NOT NULL DEFAULT '1',
  `agent` bigint(20) NOT NULL,
  `equipement` bigint(20) DEFAULT NULL,
  `date` date DEFAULT NULL,
  `commentaire` text
) ENGINE=InnoDB DEFAULT CHARSET=latin1;

--
-- Contenu de la table `dotation`
--

INSERT INTO `dotation` (`id`, `type`, `agent`, `equipement`, `date`, `commentaire`) VALUES
(1, 1, 3443, NULL, '2021-05-05', '');

-- --------------------------------------------------------

--
-- Structure de la table `dotationequipement`
--

CREATE TABLE `dotationequipement` (
  `id` bigint(20) NOT NULL,
  `dotation` bigint(20) NOT NULL,
  `equipement` bigint(20) NOT NULL
) ENGINE=InnoDB DEFAULT CHARSET=latin1;

--
-- Contenu de la table `dotationequipement`
--

INSERT INTO `dotationequipement` (`id`, `dotation`, `equipement`) VALUES
(1, 1, 22),
(2, 1, 23),
(3, 1, 25),
(4, 1, 36);

-- --------------------------------------------------------

--
-- Structure de la table `dotationgroupee`
--

CREATE TABLE `dotationgroupee` (
  `id` bigint(20) NOT NULL,
  `numero` varchar(50) NOT NULL,
  `depot` bigint(20) NOT NULL,
  `site` bigint(20) NOT NULL,
  `date` date DEFAULT NULL,
  `commentaire` text,
  `originedemande` varchar(150) DEFAULT NULL,
  `referencedemande` varchar(150) DEFAULT NULL,
  `total` double NOT NULL DEFAULT '0'
) ENGINE=InnoDB DEFAULT CHARSET=latin1;

--
-- Déclencheurs `dotationgroupee`
--
DELIMITER $$END
$$
DELIMITER ;

-- --------------------------------------------------------

--
-- Structure de la table `droit`
--

CREATE TABLE `droit` (
  `id` bigint(20) NOT NULL,
  `libelle` varchar(100) NOT NULL,
  `actif` bigint(20) NOT NULL DEFAULT '1'
) ENGINE=InnoDB DEFAULT CHARSET=latin1;

--
-- Contenu de la table `droit`
--

INSERT INTO `droit` (`id`, `libelle`, `actif`) VALUES
(1, 'Personnel', 1),
(2, 'Clientele', 1),
(3, 'Gestion des utilisateurs', 1),
(4, 'Gestion des droits', 1),
(5, 'Facturation', 1),
(6, 'Paiement', 1),
(7, 'Parametrage', 1),
(8, 'Dotation', 1),
(9, 'Affectation', 1),
(10, 'Pointage', 1),
(11, 'Gestionstock', 1),
(12, 'Site', 1);

-- --------------------------------------------------------

--
-- Structure de la table `droit_groupe`
--

CREATE TABLE `droit_groupe` (
  `id` bigint(20) NOT NULL,
  `droit` bigint(20) NOT NULL,
  `groupe` bigint(20) NOT NULL,
  `privilege` varchar(25) NOT NULL
) ENGINE=InnoDB DEFAULT CHARSET=latin1;

--
-- Contenu de la table `droit_groupe`
--

INSERT INTO `droit_groupe` (`id`, `droit`, `groupe`, `privilege`) VALUES
(1, 1, 2, 'MODIFICATION'),
(2, 7, 1, 'MODIFICATION'),
(3, 7, 1, 'MODIFICATION');

-- --------------------------------------------------------

--
-- Structure de la table `droit_user`
--

CREATE TABLE `droit_user` (
  `id` bigint(20) NOT NULL,
  `droit` bigint(20) NOT NULL,
  `user` bigint(20) NOT NULL,
  `privilege` varchar(25) NOT NULL
) ENGINE=InnoDB DEFAULT CHARSET=latin1;

--
-- Contenu de la table `droit_user`
--

INSERT INTO `droit_user` (`id`, `droit`, `user`, `privilege`) VALUES
(1, 9, 30, 'MODIFICATION'),
(2, 6, 30, 'MODIFICATION'),
(3, 10, 30, 'VALIDATION'),
(4, 12, 30, 'MODIFICATION'),
(5, 7, 30, 'MODIFICATION'),
(6, 1, 31, 'MODIFICATION'),
(7, 6, 31, 'GENERATION'),
(8, 5, 32, 'MODIFICATION'),
(9, 11, 34, 'MODIFICATION'),
(10, 8, 34, 'MODIFICATION'),
(11, 5, 35, 'GENERATION'),
(12, 2, 35, 'MODIFICATION');

-- --------------------------------------------------------

--
-- Structure de la table `equipement`
--

CREATE TABLE `equipement` (
  `id` bigint(20) NOT NULL,
  `typeequipement` bigint(20) NOT NULL,
  `libelle` varchar(255) NOT NULL,
  `reference` varchar(100) DEFAULT NULL,
  `equipementsite` int(1) DEFAULT '0',
  `price` double DEFAULT '0',
  `nbstock` int(11) DEFAULT '0'
) ENGINE=InnoDB DEFAULT CHARSET=latin1;

--
-- Contenu de la table `equipement`
--

INSERT INTO `equipement` (`id`, `typeequipement`, `libelle`, `reference`, `equipementsite`, `price`, `nbstock`) VALUES
(22, 1, 'PANTALON', 'PT001', 0, 0, 0),
(23, 2, 'POLO', 'PL001', 0, 0, 0),
(24, 3, 'CHEMISE', 'CH001', 0, 0, 0),
(25, 4, 'ARME / PA', 'AP001', 0, 0, 0),
(26, 5, 'CHIEN DE GARDE', 'CN001', 0, 0, 0),
(27, 6, 'SIFFLET', 'SF001', 0, 0, 0),
(28, 7, 'MATRAQUE', 'MT001', 0, 0, 0),
(29, 8, 'MELOTTE', 'ML001', 0, 0, 0),
(30, 9, 'CORDELETTE', 'CR001', 0, 0, 0),
(31, 10, 'GILET', 'GL001', 0, 0, 0),
(32, 11, 'TORCHE', 'TC001', 0, 0, 0),
(33, 12, 'LANCE PIERRE', 'LP001', 0, 0, 0),
(34, 13, 'CEINTURE', 'CT001', 0, 0, 0),
(35, 14, 'VEHICULE', 'VL001', 0, 0, 0),
(36, 15, 'MOTO', 'MT001', 0, 0, 0),
(37, 16, 'CHAUSSURE DE SECURITE', 'CH001', 0, 0, 0),
(38, 17, 'FUSIL DE CHASSE', 'AR001', 0, 0, 0),
(39, 18, 'DETECTEUR DE METAUX', 'DT00001', 0, 0, 0),
(40, 1, 'Pantalon Chef de Site', 'PT001', 1, 0, 0),
(41, 2, 'Polo Orange', 'PL001', 1, 0, 0),
(42, 2, 'Polo Jaune', 'PL001', 1, 0, 0),
(43, 10, 'Gilet Inspecteur ', 'GL001', 1, 0, 0),
(44, 10, 'Gilet Contrôleur ', 'GL001', 1, 0, 0),
(45, 19, 'Tenue Agent', 'TN001', 1, 0, 0),
(46, 19, 'Tenue Chef de Site', 'TN001', 1, 0, 0);

-- --------------------------------------------------------

--
-- Structure de la table `facture`
--

CREATE TABLE `facture` (
  `id` bigint(20) NOT NULL,
  `numerofacture` varchar(50) DEFAULT NULL,
  `client` bigint(20) NOT NULL,
  `clientnom` varchar(255) DEFAULT NULL,
  `clientnumero` varchar(100) NOT NULL,
  `numcontrat` varchar(100) DEFAULT NULL,
  `mois` varchar(100) NOT NULL,
  `annee` varchar(100) NOT NULL,
  `cumulprestation` double DEFAULT NULL,
  `statut` int(11) DEFAULT '0',
  `datepaiement` date DEFAULT NULL,
  `actif` int(1) DEFAULT '1',
  `etat` int(11) DEFAULT '0',
  `echue` int(1) DEFAULT '0',
  `echeance` date DEFAULT NULL,
  `modepaiement` int(11) DEFAULT NULL,
  `referencepaiement` varchar(155) DEFAULT NULL,
  `banque` bigint(11) DEFAULT NULL,
  `retenue5pourcent` int(1) NOT NULL DEFAULT '0'
) ENGINE=InnoDB DEFAULT CHARSET=latin1;

--
-- Contenu de la table `facture`
--

INSERT INTO `facture` (`id`, `numerofacture`, `client`, `clientnom`, `clientnumero`, `numcontrat`, `mois`, `annee`, `cumulprestation`, `statut`, `datepaiement`, `actif`, `etat`, `echue`, `echeance`, `modepaiement`, `referencepaiement`, `banque`, `retenue5pourcent`) VALUES
(1, '210500001', 1, 'TETTEH Emmanuel MINUSCA', '00001', '202105-0000000001', '5', '2021', 540000, 0, NULL, 1, 0, 0, '2021-06-06', NULL, NULL, NULL, 0);

--
-- Déclencheurs `facture`
--
DELIMITER $$END
$$
DELIMITER ;

-- --------------------------------------------------------

--
-- Structure de la table `fournisseur`
--

CREATE TABLE `fournisseur` (
  `id` bigint(11) NOT NULL,
  `code` varchar(150) NOT NULL,
  `libelle` varchar(150) NOT NULL,
  `telephone` varchar(150) NOT NULL,
  `adresse` varchar(255) NOT NULL
) ENGINE=InnoDB DEFAULT CHARSET=latin1;

--
-- Contenu de la table `fournisseur`
--

INSERT INTO `fournisseur` (`id`, `code`, `libelle`, `telephone`, `adresse`) VALUES
(1, '001', 'NON INDIQUE', '', '');

-- --------------------------------------------------------

--
-- Structure de la table `grade`
--

CREATE TABLE `grade` (
  `id` bigint(20) NOT NULL,
  `libelle` varchar(255) NOT NULL,
  `code` varchar(100) NOT NULL
) ENGINE=InnoDB DEFAULT CHARSET=latin1;

--
-- Contenu de la table `grade`
--

INSERT INTO `grade` (`id`, `libelle`, `code`) VALUES
(1, 'AGENT DE SECURITE', 'AG001'),
(2, 'SUPERVISEUR', 'SP001'),
(3, 'ADMINISTRATEUR', 'AD001');

-- --------------------------------------------------------

--
-- Structure de la table `groupe`
--

CREATE TABLE `groupe` (
  `id` bigint(20) NOT NULL,
  `libelle` varchar(100) NOT NULL
) ENGINE=InnoDB DEFAULT CHARSET=latin1;

--
-- Contenu de la table `groupe`
--

INSERT INTO `groupe` (`id`, `libelle`) VALUES
(1, 'Administrateur'),
(2, 'Rédacteur');

-- --------------------------------------------------------

--
-- Structure de la table `inventaire`
--

CREATE TABLE `inventaire` (
  `id` bigint(20) NOT NULL,
  `numero` varchar(50) NOT NULL,
  `depot` bigint(20) NOT NULL,
  `date` datetime NOT NULL,
  `user` bigint(11) NOT NULL,
  `statut` bigint(1) DEFAULT '0',
  `uservalideur` bigint(11) DEFAULT NULL,
  `datevalidation` datetime DEFAULT NULL
) ENGINE=InnoDB DEFAULT CHARSET=latin1;

--
-- Déclencheurs `inventaire`
--
DELIMITER $$END
$$
DELIMITER ;

-- --------------------------------------------------------

--
-- Structure de la table `licenciement`
--

CREATE TABLE `licenciement` (
  `id` bigint(20) NOT NULL,
  `date` date NOT NULL,
  `agent` bigint(20) NOT NULL,
  `agentname` varchar(255) NOT NULL,
  `motif` text NOT NULL,
  `statut` int(1) NOT NULL DEFAULT '0',
  `datecreation` datetime NOT NULL
) ENGINE=InnoDB DEFAULT CHARSET=latin1;

-- --------------------------------------------------------

--
-- Structure de la table `ligneapprovisionnement`
--

CREATE TABLE `ligneapprovisionnement` (
  `id` bigint(11) NOT NULL,
  `approvisionnement` bigint(11) NOT NULL,
  `idarticle` bigint(11) NOT NULL,
  `article` varchar(255) NOT NULL,
  `price` double NOT NULL,
  `quantite` int(10) NOT NULL,
  `valeurajoutee` varchar(255) NOT NULL
) ENGINE=InnoDB DEFAULT CHARSET=latin1;

--
-- Contenu de la table `ligneapprovisionnement`
--

INSERT INTO `ligneapprovisionnement` (`id`, `approvisionnement`, `idarticle`, `article`, `price`, `quantite`, `valeurajoutee`) VALUES
(2, 7, 37, 'CH001-CHAUSSURE DE SECURITE', 0, 2, ''),
(3, 8, 37, 'CH001-CHAUSSURE DE SECURITE', 0, 2, ''),
(4, 9, 37, 'CH001-CHAUSSURE DE SECURITE', 0, 2, ''),
(5, 10, 28, 'MT001-MATRAQUE', 0, 28, ''),
(6, 11, 28, 'MT001-MATRAQUE', 0, 28, ''),
(7, 12, 39, 'DT00001-DETECTEUR DE METAUX', 0, 4, ''),
(8, 13, 40, 'PT001-Pantalon Chef de Site', 0, 4, ''),
(9, 14, 41, 'PL001-Polo Orange', 0, 134, ''),
(10, 15, 43, 'GL001-Gilet Inspecteur ', 0, 2, ''),
(11, 16, 44, 'GL001-Gilet Contrôleur ', 0, 12, ''),
(12, 17, 42, 'PL001-Polo Jaune', 0, 91, ''),
(13, 18, 45, 'TN001-Tenue Agent', 0, 2, ''),
(14, 19, 31, 'GL001-GILET', 0, 16, ''),
(15, 20, 46, 'TN001-Tenue Chef de Site', 0, 12, ''),
(16, 21, 34, 'CT001-CEINTURE', 0, 3, '');

-- --------------------------------------------------------

--
-- Structure de la table `lignedotationgroupee`
--

CREATE TABLE `lignedotationgroupee` (
  `id` bigint(11) NOT NULL,
  `dotation` bigint(11) NOT NULL,
  `idarticle` bigint(11) NOT NULL,
  `article` varchar(255) NOT NULL,
  `price` double NOT NULL,
  `quantite` int(10) NOT NULL,
  `valeurajoutee` varchar(255) NOT NULL
) ENGINE=InnoDB DEFAULT CHARSET=latin1;

-- --------------------------------------------------------

--
-- Structure de la table `ligneinventaire`
--

CREATE TABLE `ligneinventaire` (
  `id` bigint(20) NOT NULL,
  `inventaire` bigint(20) NOT NULL,
  `equipement` bigint(20) NOT NULL,
  `typeequipement` bigint(20) NOT NULL,
  `libelle` varchar(255) NOT NULL,
  `reference` varchar(100) DEFAULT NULL,
  `equipementsite` int(1) DEFAULT '0',
  `price` double DEFAULT '0',
  `nbstock` int(11) DEFAULT '0',
  `nbinventorie` int(11) DEFAULT NULL
) ENGINE=InnoDB DEFAULT CHARSET=latin1;

-- --------------------------------------------------------

--
-- Structure de la table `lignemouvementinterdepot`
--

CREATE TABLE `lignemouvementinterdepot` (
  `id` bigint(11) NOT NULL,
  `mouvementinterdepot` bigint(11) NOT NULL,
  `idarticle` bigint(11) NOT NULL,
  `article` varchar(255) NOT NULL,
  `price` double NOT NULL,
  `quantite` int(10) NOT NULL
) ENGINE=InnoDB DEFAULT CHARSET=latin1;

-- --------------------------------------------------------

--
-- Structure de la table `mouvementinterdepot`
--

CREATE TABLE `mouvementinterdepot` (
  `id` bigint(20) NOT NULL,
  `numero` varchar(50) NOT NULL,
  `date` datetime NOT NULL,
  `depotorigine` bigint(20) NOT NULL,
  `depotdestination` bigint(20) NOT NULL,
  `total` double NOT NULL
) ENGINE=MyISAM DEFAULT CHARSET=latin1;

--
-- Déclencheurs `mouvementinterdepot`
--
DELIMITER $$END
$$
DELIMITER ;

-- --------------------------------------------------------

--
-- Structure de la table `numeroautogenere`
--

CREATE TABLE `numeroautogenere` (
  `id` bigint(20) NOT NULL,
  `numero` varchar(100) NOT NULL,
  `annee` varchar(4) NOT NULL DEFAULT '2020',
  `commentaire` varchar(100) NOT NULL
) ENGINE=InnoDB DEFAULT CHARSET=latin1;

--
-- Contenu de la table `numeroautogenere`
--

INSERT INTO `numeroautogenere` (`id`, `numero`, `annee`, `commentaire`) VALUES
(1, '00775', '2020', 'Numéro de matricule'),
(2, '00001', '2020', 'Numéro client'),
(3, '0000000001', '2020', 'Numéro de contrat'),
(6, '00006', '2020', 'Numéro prestation'),
(7, '00001', '2020', 'Numéro approvisionnement'),
(8, '000001', '2020', 'Numéro inventaire'),
(9, '000001', '2020', 'Numéro de dotation groupée'),
(10, '000001', '2020', 'Numéro Mouvement Inter/Dépôt');

-- --------------------------------------------------------

--
-- Structure de la table `numerofacture`
--

CREATE TABLE `numerofacture` (
  `id` bigint(20) NOT NULL,
  `annee` varchar(4) NOT NULL,
  `numero` varchar(10) NOT NULL,
  `commentaire` varchar(150) DEFAULT NULL
) ENGINE=InnoDB DEFAULT CHARSET=latin1;

-- --------------------------------------------------------

--
-- Structure de la table `paiement`
--

CREATE TABLE `paiement` (
  `id` bigint(20) NOT NULL,
  `agentid` bigint(20) NOT NULL,
  `agentnomprenom` varchar(255) DEFAULT NULL,
  `agentmatricule` varchar(100) DEFAULT NULL,
  `moispaye` varchar(100) NOT NULL,
  `anneepaye` varchar(100) NOT NULL,
  `fixe` double DEFAULT NULL,
  `brute` double DEFAULT '0',
  `prime` double DEFAULT '0',
  `primesite` double DEFAULT '0',
  `primesansrepos` double DEFAULT '0',
  `primeautres` double DEFAULT '0',
  `heuresup` double DEFAULT '0',
  `fonction` double DEFAULT '0',
  `transport` double NOT NULL DEFAULT '0',
  `indemnite` double DEFAULT '0',
  `logement` double NOT NULL DEFAULT '0',
  `cnss` double NOT NULL DEFAULT '0',
  `cnsspatronal` double DEFAULT '0',
  `iuts` double NOT NULL DEFAULT '0',
  `iutsnet` double DEFAULT '0',
  `retenue` double DEFAULT '0',
  `tpa` double NOT NULL DEFAULT '0',
  `impot` double NOT NULL DEFAULT '0',
  `net` double DEFAULT '0',
  `cotisation` double DEFAULT '0',
  `anpe` double NOT NULL DEFAULT '0',
  `jourtravaille` int(3) DEFAULT NULL,
  `datepaiement` date DEFAULT NULL,
  `actif` int(1) DEFAULT '1',
  `formecontrat` varchar(50) DEFAULT NULL,
  `charge` int(11) DEFAULT '0',
  `sexe` int(11) DEFAULT '1',
  `numeroemploye` varchar(50) DEFAULT NULL,
  `banque` bigint(11) DEFAULT NULL,
  `comptebancaire` varchar(150) DEFAULT NULL,
  `periodepaie` int(1) DEFAULT NULL,
  `nbjoursabsents` double NOT NULL DEFAULT '0',
  `salairepresence` double NOT NULL DEFAULT '0',
  `cnsspartsalarial` double NOT NULL DEFAULT '0',
  `indemnitedeplacement` double NOT NULL DEFAULT '0',
  `indemnitesalissure` double NOT NULL DEFAULT '0',
  `indemnitepanier` double NOT NULL DEFAULT '0',
  `indemnitetournee` double NOT NULL DEFAULT '0',
  `indemniteoutillage` double NOT NULL DEFAULT '0',
  `indemnitetotal` double NOT NULL DEFAULT '0',
  `indemnitetauxabsences` double NOT NULL DEFAULT '0',
  `indemnites` double NOT NULL DEFAULT '0',
  `acomptes` double NOT NULL DEFAULT '0',
  `prets` double NOT NULL DEFAULT '0',
  `retenues` double NOT NULL DEFAULT '0',
  `irpp` double NOT NULL DEFAULT '0',
  `salairenet` double NOT NULL DEFAULT '0',
  `salaireapayer` double NOT NULL DEFAULT '0',
  `cds` double NOT NULL DEFAULT '0',
  `acfpe` double NOT NULL DEFAULT '0'
) ENGINE=InnoDB DEFAULT CHARSET=latin1;

-- --------------------------------------------------------

--
-- Structure de la table `pointage`
--

CREATE TABLE `pointage` (
  `id` bigint(20) NOT NULL,
  `zone` bigint(20) NOT NULL,
  `postegarde` bigint(20) NOT NULL,
  `agent` bigint(20) NOT NULL,
  `date` varchar(100) DEFAULT NULL,
  `periode` int(1) DEFAULT NULL,
  `presence` int(1) DEFAULT NULL,
  `heuresupp` int(1) DEFAULT NULL,
  `sansrepos` int(11) NOT NULL DEFAULT '0',
  `posture` int(1) DEFAULT NULL,
  `tenue` int(1) NOT NULL DEFAULT '0',
  `user` bigint(20) DEFAULT NULL,
  `datesaisie` datetime DEFAULT NULL,
  `usermodification` bigint(20) DEFAULT NULL,
  `datemodification` datetime DEFAULT NULL,
  `latitude` varchar(150) DEFAULT NULL,
  `longitude` varchar(150) DEFAULT NULL,
  `statut` int(1) DEFAULT '0',
  `valideur` bigint(20) DEFAULT NULL,
  `datevalidation` datetime DEFAULT NULL,
  `zonestring` varchar(255) DEFAULT NULL,
  `postegardestring` varchar(255) DEFAULT NULL,
  `agentstring` varchar(255) DEFAULT NULL,
  `periodestring` varchar(20) DEFAULT NULL,
  `presencestring` varchar(20) DEFAULT NULL,
  `heuresuppstring` varchar(10) DEFAULT 'Non',
  `sansreposstring` varchar(10) DEFAULT 'Non'
) ENGINE=InnoDB DEFAULT CHARSET=latin1;

--
-- Contenu de la table `pointage`
--

INSERT INTO `pointage` (`id`, `zone`, `postegarde`, `agent`, `date`, `periode`, `presence`, `heuresupp`, `sansrepos`, `posture`, `tenue`, `user`, `datesaisie`, `usermodification`, `datemodification`, `latitude`, `longitude`, `statut`, `valideur`, `datevalidation`, `zonestring`, `postegardestring`, `agentstring`, `periodestring`, `presencestring`, `heuresuppstring`, `sansreposstring`) VALUES
(1, 1, 113, 3546, '09/05/2021', 1, 2, 0, 0, 0, 0, 1, '2021-05-09 12:30:21', 30, '2021-05-09 13:44:05', '4.4019', '18.5497', 0, NULL, NULL, 'Z003-ZONE 3', 'PDG001', 'CS01-00112/GON  OSCAR', 'Jour', 'Absent', 'Non', 'Non'),
(2, 1, 113, 3697, '09/05/2021', 1, 4, 0, 0, 0, 0, 1, '2021-05-09 12:55:00', 30, '2021-05-09 13:44:08', '4.4019', '18.5497', 0, NULL, NULL, 'Z003-ZONE 3', 'PDG001', 'CS01-00254/NOUZELE SHENE SHIELL', 'Jour', 'Maladie', 'Non', 'Non'),
(3, 1, 113, 3572, '09/05/2021', 1, 1, 1, 0, 2, 0, 1, '2021-05-09 12:55:00', 30, '2021-05-09 13:44:08', '4.4019', '18.5497', 0, NULL, NULL, 'Z003-ZONE 3', 'PDG001', 'CS01-00138/NGOUAMATCHI MARIE BLANDINE ', 'Jour', 'Présent', 'Oui', 'Non'),
(4, 1, 113, 3726, '09/05/2021', 1, 5, 0, 0, 0, 0, 30, '2021-05-09 13:44:08', NULL, NULL, '4.4019', '18.5497', 0, NULL, NULL, 'Z003-ZONE 3', 'PDG001', 'CS01-00245/KAMNDOM EMERIC GHISLAIN', 'Jour', 'Repos', 'Non', 'Non'),
(5, 1, 113, 3731, '09/05/2021', 1, 1, 0, 1, 1, 0, 30, '2021-05-09 13:44:08', NULL, NULL, '4.4019', '18.5497', 0, NULL, NULL, 'Z003-ZONE 3', 'PDG001', 'CS01-00250/OUIABONA GUY WILFRIED', 'Jour', 'Présent', 'Non', 'Oui'),
(6, 1, 113, 3758, '09/05/2021', 1, 1, 1, 1, 1, 2, 30, '2021-05-09 13:44:10', NULL, NULL, '4.4019', '18.5497', 0, NULL, NULL, 'Z003-ZONE 3', 'PDG001', 'CS01-00277/LINGDI-WONZOU MARIE ANGE CHANCELLA', 'Jour', 'Présent', 'Oui', 'Oui'),
(7, 1, 113, 3747, '09/05/2021', 1, 1, 0, 0, 0, 0, 30, '2021-05-09 13:44:10', NULL, NULL, '4.4019', '18.5497', 0, NULL, NULL, 'Z003-ZONE 3', 'PDG001', 'CS01-00266/KATCHIAMATCHI ANICET EDWIGE', 'Jour', 'Présent', 'Non', 'Non'),
(8, 1, 113, 3815, '09/05/2021', 1, 4, 0, 0, 0, 0, 30, '2021-05-09 13:44:10', NULL, NULL, '4.4019', '18.5497', 0, NULL, NULL, 'Z003-ZONE 3', 'PDG001', 'CS01-00331/ELETOPEMOBOU FAUSTIN', 'Jour', 'Maladie', 'Non', 'Non'),
(9, 1, 113, 3546, '12/05/2021', 1, 1, 0, 0, 1, 1, 38, '2021-05-12 12:08:18', NULL, NULL, '4.3852', '18.5604', 0, NULL, NULL, 'Z003-ZONE 3', 'PDG001', 'CS01-00112/GON  OSCAR', 'Jour', 'Présent', 'Non', 'Non'),
(10, 1, 113, 3546, '14/05/2021', 1, 1, 0, 0, 1, 1, 1, '2021-05-14 05:36:49', NULL, NULL, '4.3655', '18.5655', 0, NULL, NULL, 'Z003-ZONE 3', 'PDG001', 'CS01-00112/GON  OSCAR', 'Jour', 'Présent', 'Non', 'Non'),
(11, 1, 113, 3572, '14/05/2021', 1, 1, 0, 0, 1, 1, 1, '2021-05-14 05:37:51', NULL, NULL, '4.3655', '18.5655', 0, NULL, NULL, 'Z003-ZONE 3', 'PDG001', 'CS01-00138/NGOUAMATCHI MARIE BLANDINE ', 'Jour', 'Présent', 'Non', 'Non'),
(12, 1, 113, 3726, '14/05/2021', 1, 1, 0, 0, 1, 1, 1, '2021-05-14 05:37:51', NULL, NULL, '4.3655', '18.5655', 0, NULL, NULL, 'Z003-ZONE 3', 'PDG001', 'CS01-00245/KAMNDOM EMERIC GHISLAIN', 'Jour', 'Présent', 'Non', 'Non'),
(13, 1, 113, 3747, '14/05/2021', 1, 1, 0, 0, 1, 1, 1, '2021-05-14 05:37:51', NULL, NULL, '4.3655', '18.5655', 0, NULL, NULL, 'Z003-ZONE 3', 'PDG001', 'CS01-00266/KATCHIAMATCHI ANICET EDWIGE', 'Jour', 'Présent', 'Non', 'Non'),
(14, 1, 113, 3697, '14/05/2021', 1, 1, 0, 0, 1, 1, 1, '2021-05-14 05:37:51', NULL, NULL, '4.3655', '18.5655', 0, NULL, NULL, 'Z003-ZONE 3', 'PDG001', 'CS01-00254/NOUZELE SHENE SHIELL', 'Jour', 'Présent', 'Non', 'Non'),
(15, 1, 113, 3731, '14/05/2021', 1, 1, 0, 0, 1, 1, 1, '2021-05-14 05:37:51', NULL, NULL, '4.3655', '18.5655', 0, NULL, NULL, 'Z003-ZONE 3', 'PDG001', 'CS01-00250/OUIABONA GUY WILFRIED', 'Jour', 'Présent', 'Non', 'Non'),
(16, 1, 113, 3758, '14/05/2021', 1, 1, 0, 0, 1, 1, 1, '2021-05-14 05:37:51', NULL, NULL, '4.3655', '18.5655', 0, NULL, NULL, 'Z003-ZONE 3', 'PDG001', 'CS01-00277/LINGDI-WONZOU MARIE ANGE CHANCELLA', 'Jour', 'Présent', 'Non', 'Non'),
(17, 1, 113, 3815, '14/05/2021', 1, 1, 0, 0, 1, 1, 1, '2021-05-14 05:37:51', NULL, NULL, '4.3655', '18.5655', 0, NULL, NULL, 'Z003-ZONE 3', 'PDG001', 'CS01-00331/ELETOPEMOBOU FAUSTIN', 'Jour', 'Présent', 'Non', 'Non'),
(18, 1, 113, 3817, '14/05/2021', 1, 1, 0, 0, 1, 1, 1, '2021-05-14 05:37:52', NULL, NULL, '4.3655', '18.5655', 0, NULL, NULL, 'Z003-ZONE 3', 'PDG001', 'CS01-00333/NGOUMAKALET DIT DAGBIATIMA DANIEL YANICK', 'Jour', 'Présent', 'Non', 'Non'),
(19, 1, 113, 3823, '14/05/2021', 1, 1, 0, 0, 1, 1, 1, '2021-05-14 05:37:52', NULL, NULL, '4.3655', '18.5655', 0, NULL, NULL, 'Z003-ZONE 3', 'PDG001', 'CS01-00339/ENDJIMBREGO NIDA PRINCE AUDREY', 'Jour', 'Présent', 'Non', 'Non'),
(20, 1, 113, 3820, '14/05/2021', 1, 1, 0, 0, 1, 1, 1, '2021-05-14 05:37:52', NULL, NULL, '4.3655', '18.5655', 0, NULL, NULL, 'Z003-ZONE 3', 'PDG001', 'CS01-00336/KOYALEGA YVES', 'Jour', 'Présent', 'Non', 'Non'),
(21, 1, 113, 3830, '14/05/2021', 1, 1, 0, 0, 1, 1, 1, '2021-05-14 05:37:52', NULL, NULL, '4.3655', '18.5655', 0, NULL, NULL, 'Z003-ZONE 3', 'PDG001', 'CS01-00346/SANZE WIKON RODRIGUE', 'Jour', 'Présent', 'Non', 'Non'),
(22, 1, 113, 3829, '14/05/2021', 1, 1, 0, 0, 1, 1, 1, '2021-05-14 05:37:52', NULL, NULL, '4.3655', '18.5655', 0, NULL, NULL, 'Z003-ZONE 3', 'PDG001', 'CS01-00345/VOYASSUADE R.RAMSES', 'Jour', 'Présent', 'Non', 'Non'),
(23, 1, 113, 3877, '14/05/2021', 1, 1, 0, 0, 1, 0, 1, '2021-05-14 05:37:52', NULL, NULL, '4.3655', '18.5655', 0, NULL, NULL, 'Z003-ZONE 3', 'PDG001', 'CS01-00391/GREMBAMBA MAX', 'Jour', 'Présent', 'Non', 'Non'),
(24, 1, 113, 3546, '17/05/2021', 1, 1, 0, 0, 1, 1, 1, '2021-05-17 13:03:21', 30, '2021-05-17 14:49:32', '4.3852', '18.5604', 0, NULL, NULL, 'Z003-ZONE 3', 'PDG001', 'CS01-00112/GON  OSCAR', 'Jour', 'Présent', 'Non', 'Non'),
(25, 1, 113, 3572, '17/05/2021', 1, 1, 0, 0, 1, 1, 1, '2021-05-17 13:03:21', NULL, NULL, '4.3852', '18.5604', 0, NULL, NULL, 'Z003-ZONE 3', 'PDG001', 'CS01-00138/NGOUAMATCHI MARIE BLANDINE ', 'Jour', 'Présent', 'Non', 'Non'),
(26, 1, 113, 3697, '17/05/2021', 1, 1, 0, 0, 1, 1, 1, '2021-05-17 13:03:21', NULL, NULL, '4.3852', '18.5604', 0, NULL, NULL, 'Z003-ZONE 3', 'PDG001', 'CS01-00254/NOUZELE SHENE SHIELL', 'Jour', 'Présent', 'Non', 'Non'),
(27, 1, 113, 3731, '17/05/2021', 1, 1, 0, 0, 1, 1, 1, '2021-05-17 13:03:22', 30, '2021-05-17 14:18:21', '4.3854', '18.5601', 0, NULL, NULL, 'Z003-ZONE 3', 'PDG001', 'CS01-00250/OUIABONA GUY WILFRIED', 'Jour', 'Présent', 'Non', 'Non'),
(28, 1, 113, 3726, '17/05/2021', 1, 1, 0, 0, 1, 1, 1, '2021-05-17 13:03:22', NULL, NULL, '4.3852', '18.5604', 0, NULL, NULL, 'Z003-ZONE 3', 'PDG001', 'CS01-00245/KAMNDOM EMERIC GHISLAIN', 'Jour', 'Présent', 'Non', 'Non'),
(29, 1, 113, 3747, '17/05/2021', 1, 1, 0, 0, 1, 1, 1, '2021-05-17 13:03:22', NULL, NULL, '4.3852', '18.5604', 0, NULL, NULL, 'Z003-ZONE 3', 'PDG001', 'CS01-00266/KATCHIAMATCHI ANICET EDWIGE', 'Jour', 'Présent', 'Non', 'Non'),
(30, 1, 113, 3758, '17/05/2021', 1, 1, 0, 0, 1, 1, 1, '2021-05-17 13:03:22', NULL, NULL, '4.3852', '18.5604', 0, NULL, NULL, 'Z003-ZONE 3', 'PDG001', 'CS01-00277/LINGDI-WONZOU MARIE ANGE CHANCELLA', 'Jour', 'Présent', 'Non', 'Non'),
(31, 1, 113, 3815, '17/05/2021', 1, 1, 0, 0, 1, 1, 1, '2021-05-17 13:03:23', NULL, NULL, '4.3852', '18.5604', 0, NULL, NULL, 'Z003-ZONE 3', 'PDG001', 'CS01-00331/ELETOPEMOBOU FAUSTIN', 'Jour', 'Présent', 'Non', 'Non'),
(32, 1, 113, 3817, '17/05/2021', 1, 1, 0, 0, 1, 1, 1, '2021-05-17 13:03:23', NULL, NULL, '4.3852', '18.5604', 0, NULL, NULL, 'Z003-ZONE 3', 'PDG001', 'CS01-00333/NGOUMAKALET DIT DAGBIATIMA DANIEL YANICK', 'Jour', 'Présent', 'Non', 'Non'),
(33, 1, 113, 3823, '17/05/2021', 1, 1, 0, 0, 1, 1, 1, '2021-05-17 13:03:23', NULL, NULL, '4.3852', '18.5604', 0, NULL, NULL, 'Z003-ZONE 3', 'PDG001', 'CS01-00339/ENDJIMBREGO NIDA PRINCE AUDREY', 'Jour', 'Présent', 'Non', 'Non'),
(34, 1, 113, 3820, '17/05/2021', 1, 1, 0, 0, 1, 1, 1, '2021-05-17 13:03:23', NULL, NULL, '4.3852', '18.5604', 0, NULL, NULL, 'Z003-ZONE 3', 'PDG001', 'CS01-00336/KOYALEGA YVES', 'Jour', 'Présent', 'Non', 'Non'),
(35, 1, 113, 3829, '17/05/2021', 1, 1, 0, 0, 1, 1, 1, '2021-05-17 13:03:23', NULL, NULL, '4.3852', '18.5604', 0, NULL, NULL, 'Z003-ZONE 3', 'PDG001', 'CS01-00345/VOYASSUADE R.RAMSES', 'Jour', 'Présent', 'Non', 'Non'),
(36, 1, 113, 3830, '17/05/2021', 1, 1, 0, 0, 1, 1, 1, '2021-05-17 13:03:23', NULL, NULL, '4.3852', '18.5604', 0, NULL, NULL, 'Z003-ZONE 3', 'PDG001', 'CS01-00346/SANZE WIKON RODRIGUE', 'Jour', 'Présent', 'Non', 'Non'),
(37, 1, 113, 3877, '17/05/2021', 1, 1, 0, 0, 1, 0, 1, '2021-05-17 13:03:23', NULL, NULL, '4.3852', '18.5604', 0, NULL, NULL, 'Z003-ZONE 3', 'PDG001', 'CS01-00391/GREMBAMBA MAX', 'Jour', 'Présent', 'Non', 'Non'),
(38, 68, 1505, 3543, '17/05/2021', 1, 1, 0, 0, 1, 1, 1, '2021-05-17 13:46:32', NULL, NULL, '4.3851', '18.5603', 0, NULL, NULL, 'Z000-ZONE 0', 'SIT00001', 'CS01-00110/BATCHY JESUS JEAN NOEL CEORICK', 'Jour', 'Présent', 'Non', 'Non'),
(39, 68, 1505, 3783, '17/05/2021', 1, 1, 0, 0, 1, 1, 1, '2021-05-17 13:46:32', NULL, NULL, '4.3851', '18.5603', 0, NULL, NULL, 'Z000-ZONE 0', 'SIT00001', 'CS01-00299/KABOU Carine Gertrude', 'Jour', 'Présent', 'Non', 'Non'),
(40, 68, 1505, 3784, '17/05/2021', 1, 1, 0, 0, 1, 1, 1, '2021-05-17 13:46:33', NULL, NULL, '4.3851', '18.5603', 0, NULL, NULL, 'Z000-ZONE 0', 'SIT00001', 'CS01-00300/NDALLOT Melanie', 'Jour', 'Présent', 'Non', 'Non'),
(41, 68, 1505, 3786, '17/05/2021', 1, 1, 0, 0, 1, 1, 1, '2021-05-17 13:46:33', NULL, NULL, '4.3851', '18.5603', 0, NULL, NULL, 'Z000-ZONE 0', 'SIT00001', 'CS01-00302/KPIBEMO Bruno', 'Jour', 'Présent', 'Non', 'Non'),
(42, 68, 1505, 3801, '17/05/2021', 1, 1, 0, 0, 1, 1, 1, '2021-05-17 13:46:33', NULL, NULL, '4.3851', '18.5603', 0, NULL, NULL, 'Z000-ZONE 0', 'SIT00001', 'CS01-00317/NDOKOBANDA RICHELLE EVE JOSETTE', 'Jour', 'Présent', 'Non', 'Non'),
(43, 68, 1505, 3867, '17/05/2021', 1, 1, 0, 0, 1, 1, 1, '2021-05-17 13:46:33', NULL, NULL, '4.3851', '18.5603', 0, NULL, NULL, 'Z000-ZONE 0', 'SIT00001', 'CS01-00381/HOULOUBA Mitterand Francois Freddy', 'Jour', 'Présent', 'Non', 'Non'),
(44, 68, 1505, 3868, '17/05/2021', 1, 1, 0, 0, 1, 1, 1, '2021-05-17 13:46:33', NULL, NULL, '4.3851', '18.5603', 0, NULL, NULL, 'Z000-ZONE 0', 'SIT00001', 'CS01-00382/DONGO GBEZIMA BABO Larry Crepin', 'Jour', 'Présent', 'Non', 'Non'),
(45, 68, 1505, 3785, '17/05/2021', 1, 1, 0, 0, 1, 1, 1, '2021-05-17 13:46:34', NULL, NULL, '4.3851', '18.5603', 0, NULL, NULL, 'Z000-ZONE 0', 'SIT00001', 'CS01-00301/OLIS Georges Gaston', 'Jour', 'Présent', 'Non', 'Non'),
(46, 69, 1506, 3574, '17/05/2021', 1, 1, 0, 0, 1, 1, 1, '2021-05-17 13:48:48', NULL, NULL, '4.3851', '18.5603', 0, NULL, NULL, 'Z001-ZONE 1', 'SIT00002', 'CS01-00133/NDANGUE JEAN MARIE', 'Jour', 'Présent', 'Non', 'Non'),
(47, 70, 1512, 3711, '17/05/2021', 1, 1, 0, 0, 1, 1, 1, '2021-05-17 14:03:46', NULL, NULL, '4.3851', '18.5603', 0, NULL, NULL, 'Z002-ZONE 2', 'SIT00008', 'CS01-00231/PONDOS -YAYOLO EROSTINE-MARINA', 'Jour', 'Présent', 'Non', 'Non'),
(48, 70, 1512, 3713, '17/05/2021', 1, 1, 0, 0, 1, 1, 1, '2021-05-17 14:03:46', NULL, NULL, '4.3851', '18.5603', 0, NULL, NULL, 'Z002-ZONE 2', 'SIT00008', 'CS01-00232/DOTE CHRISTELLE', 'Jour', 'Présent', 'Non', 'Non'),
(49, 70, 1512, 3714, '17/05/2021', 1, 1, 0, 0, 1, 1, 1, '2021-05-17 14:03:47', NULL, NULL, '4.3851', '18.5603', 0, NULL, NULL, 'Z002-ZONE 2', 'SIT00008', 'CS01-00233/KAMNDOM EMERIC GHISLAIN', 'Jour', 'Présent', 'Non', 'Non'),
(50, 70, 1512, 3717, '17/05/2021', 1, 1, 0, 0, 1, 1, 1, '2021-05-17 14:03:47', NULL, NULL, '4.3851', '18.5603', 0, NULL, NULL, 'Z002-ZONE 2', 'SIT00008', 'CS01-00236/YOLOMALE FANNY BENEDICTE', 'Jour', 'Présent', 'Non', 'Non'),
(51, 70, 1512, 3723, '17/05/2021', 1, 1, 0, 0, 1, 1, 1, '2021-05-17 14:03:47', NULL, NULL, '4.3851', '18.5603', 0, NULL, NULL, 'Z002-ZONE 2', 'SIT00008', 'CS01-00242/PEYABOY CARINE', 'Jour', 'Présent', 'Non', 'Non'),
(52, 70, 1512, 3725, '17/05/2021', 1, 1, 0, 0, 1, 1, 1, '2021-05-17 14:03:47', NULL, NULL, '4.3851', '18.5603', 0, NULL, NULL, 'Z002-ZONE 2', 'SIT00008', 'CS01-00244/NGEMBOUA MARIUS', 'Jour', 'Présent', 'Non', 'Non'),
(53, 70, 1512, 3724, '17/05/2021', 1, 1, 0, 0, 1, 1, 1, '2021-05-17 14:03:47', NULL, NULL, '4.3851', '18.5603', 0, NULL, NULL, 'Z002-ZONE 2', 'SIT00008', 'CS01-00243/NDOMANGA JOSUE', 'Jour', 'Présent', 'Non', 'Non'),
(54, 70, 1512, 3727, '17/05/2021', 1, 1, 0, 0, 1, 1, 1, '2021-05-17 14:03:47', NULL, NULL, '4.3851', '18.5603', 0, NULL, NULL, 'Z002-ZONE 2', 'SIT00008', 'CS01-00246/DOTE CHRISTELLE', 'Jour', 'Présent', 'Non', 'Non'),
(55, 70, 1512, 3728, '17/05/2021', 1, 1, 0, 0, 1, 1, 1, '2021-05-17 14:03:47', NULL, NULL, '4.3851', '18.5603', 0, NULL, NULL, 'Z002-ZONE 2', 'SIT00008', 'CS01-00247/PONDOS-YAYOLO EROSTINE MARINA', 'Jour', 'Présent', 'Non', 'Non'),
(56, 70, 1512, 3715, '17/05/2021', 1, 1, 0, 0, 1, 1, 1, '2021-05-17 14:03:48', NULL, NULL, '4.3851', '18.5603', 0, NULL, NULL, 'Z002-ZONE 2', 'SIT00008', 'CS01-00234/BALAMOTO JOELLE NATACHA', 'Jour', 'Présent', 'Non', 'Non');

-- --------------------------------------------------------

--
-- Structure de la table `postegarde`
--

CREATE TABLE `postegarde` (
  `id` bigint(20) NOT NULL,
  `zone` bigint(20) NOT NULL,
  `actif` int(1) NOT NULL DEFAULT '1',
  `libelle` varchar(255) NOT NULL,
  `code` varchar(100) NOT NULL,
  `ville` varchar(100) NOT NULL,
  `province` varchar(100) NOT NULL,
  `pays` varchar(100) NOT NULL,
  `adresse` varchar(100) NOT NULL,
  `telephone` varchar(100) DEFAULT NULL,
  `type` varchar(100) NOT NULL,
  `latitude` varchar(250) DEFAULT NULL,
  `longitude` varchar(250) DEFAULT NULL,
  `prime` double DEFAULT NULL,
  `periodepaie` int(1) DEFAULT NULL
) ENGINE=InnoDB DEFAULT CHARSET=latin1;

--
-- Contenu de la table `postegarde`
--

INSERT INTO `postegarde` (`id`, `zone`, `actif`, `libelle`, `code`, `ville`, `province`, `pays`, `adresse`, `telephone`, `type`, `latitude`, `longitude`, `prime`, `periodepaie`) VALUES
(113, 1, 1, 'Test', 'PDG001', 'BANGUI', 'Kadiogo', 'BURKINA FASO', '', '', '', '1', '1', 0, NULL),
(1503, 69, 1, 'MINUSCA MAMICA', 'SIT00004', 'BANGUI', '', 'CENTRAFRIQUE', '', '', 'MINUSCA MAMICA', '1', '1', 0, 3),
(1505, 68, 1, 'Piquet', 'SIT00001', 'BANGUI', '', 'CENTRAFRIQUE', '', '', '', '4.385263', '-18.560507', 0, 3),
(1506, 69, 1, 'IMC1', 'SIT00002', 'BANGUI', '', 'CENTRAFRIQUE', '', '', '', '4.385321', '-18.560236', 0, 3),
(1507, 69, 1, 'MINUSCA IWH', 'SIT00003', 'BANGUI', '', 'CENTRAFRIQUE', '', '', '', '4.385321', '-18.560236', 0, 3),
(1509, 69, 1, 'MINUSCA HQ', 'SIT00005', 'BANGUI', '', 'CENTRAFRIQUE', '', '', '', '1', '1', 0, 3),
(1510, 69, 1, 'MINUSCA MORAVA', 'SIT00006', 'BANGUI', '', 'CENTRAFRIQUE', '', '', '', '1', '1', 0, 3),
(1511, 70, 1, 'ESPACE CULTUREL LINGATERE', 'SIT00007', 'BANGUI', '', 'RCA', '', '', '', '1', '1', 0, 3),
(1512, 70, 1, 'MINUSCA MPOKO', 'SIT00008', 'BANGUI', '', 'CENTRAFRIQUE', '', '', '', '1', '1', 0, 3),
(1513, 70, 1, 'ASECNA BATIM ADMINISTRATIF', 'SIT00009', 'BANGUI', '', 'CENTRAFRIQUE', '', '', '', '1', '1', 0, 3),
(1514, 70, 1, 'ASCENA GARAGE', 'SIT00010', 'BANGUI', '', 'RCA', '', NULL, '', NULL, NULL, NULL, 3),
(1515, 70, 1, 'ASECNA MAGASIN', 'SIT00011', 'BANGUI', '', 'RCA', '', NULL, '', NULL, NULL, NULL, 3),
(1516, 70, 1, 'ASECNA CENTRAL ELECTRIQUE', 'SIT00012', 'BANGUI', '', 'CENTRAFRIQUE', '', '', '', '1', '1', 0, 3),
(1517, 70, 1, 'ASECNA METEO', 'SIT00013', 'BANGUI', '', 'RCA', '', NULL, '', NULL, NULL, NULL, 3),
(1518, 70, 1, 'ASSECNA NORD GLED', 'SIT00014', 'BANGUI', '', 'CENTRAFRIQUE', '', '', '', '1', '1', 0, 3),
(1519, 70, 1, 'ASECNA EMETTEUR', 'SIT00015', 'BANGUI', '', 'RCA', '', NULL, '', NULL, NULL, NULL, 3),
(1520, 70, 1, 'ASECNA PISTE SUD', 'SIT00016', 'BANGUI', '', 'CENTRAFRIQUE', '', '', '', '1', '1', 0, 3),
(1521, 70, 1, 'ASECNA PAPY 34', 'SIT00017', 'BANGUI', '', 'RCA', '', NULL, '', NULL, NULL, NULL, 3),
(1522, 70, 1, 'ASECNA BALISE NORD PK18', 'SIT00018', 'BANGUI', '', 'RCA', '', NULL, '', NULL, NULL, NULL, 3),
(1523, 70, 1, 'DOMICILE REPRESENTANT', 'SIT00019', 'BANGUI', '', 'RCA', '', NULL, '', NULL, NULL, NULL, 3),
(1524, 71, 1, '3CG GARAGE', 'SIT00020', 'BANGUI', '', 'RCA', '', NULL, '', NULL, NULL, NULL, 3),
(1525, 71, 1, 'MINUSCA - HANDY SIMON', 'SIT00021', 'BANGUI', '', 'RCA', '', NULL, '', NULL, NULL, NULL, 3),
(1526, 71, 1, 'ENTREPOT DG PERRIERE', 'SIT00022', 'BANGUI', '', 'RCA', '', NULL, '', NULL, NULL, NULL, 3),
(1527, 71, 1, 'MINUSCA KEMOKAI', 'SIT00023', 'BANGUI', '', 'RCA', '', NULL, '', NULL, NULL, NULL, 3),
(1528, 71, 1, 'MINUSCA NANCASSA', 'SIT00024', 'BANGUI', '', 'RCA', '', NULL, '', NULL, NULL, NULL, 3),
(1529, 71, 1, 'PNUD - SIDI DIAWARA ', 'SIT00025', 'BANGUI', '', 'RCA', '', NULL, '', NULL, NULL, NULL, 3),
(1530, 71, 1, '3 CG - DG', 'SIT00026', 'BANGUI', '', 'RCA', '', '', '', '1', '1', 0, 3),
(1531, 71, 1, 'BAHINGA VICTOIRE ', 'SIT00027', 'BANGUI', '', 'RCA', '', NULL, '', NULL, NULL, NULL, 3),
(1532, 71, 1, 'JUSSO', 'SIT00028', 'BANGUI', '', 'RCA', '', NULL, '', NULL, NULL, NULL, 3),
(1533, 71, 1, 'MINUSCA - TIYA JOSIANE', 'SIT00029', 'BANGUI', '', 'RCA', '', NULL, '', NULL, NULL, NULL, 3),
(1534, 71, 1, 'SKAIKY', 'SIT00030', 'BANGUI', '', 'CENTRAFRIQUE', '', '', '', '', '', 0, 3),
(1535, 71, 1, 'SOCIETE ART 1', 'SIT00031', 'BANGUI', '', 'RCA', '', NULL, '', NULL, NULL, NULL, 3),
(1536, 71, 1, 'SUPERMARCHE PRIMA', 'SIT00032', 'BANGUI', '', 'RCA', '', NULL, '', NULL, NULL, NULL, 3),
(1537, 71, 1, 'CAE - CENTRAFRIQUE EQUIPEMENT - BUREAU', 'SIT00033', 'BANGUI', '', 'RCA', '', NULL, '', NULL, NULL, NULL, 3),
(1538, 71, 1, 'FNUAP', 'SIT00034', 'BANGUI', '', 'RCA', '', NULL, '', NULL, NULL, NULL, 3),
(1539, 71, 1, 'DG CANAL+', 'SIT00035', 'BANGUI', '', 'RCA', '', NULL, '', NULL, NULL, NULL, 3),
(1540, 71, 1, 'DAUPHIN ROYAL ENTREPOT', 'SIT00036', 'BANGUI', '', 'RCA', '', NULL, '', NULL, NULL, NULL, 3),
(1541, 72, 1, '3 CG TRIBUNE', 'SIT00037', 'BANGUI', '', 'RCA', '', NULL, '', NULL, NULL, NULL, 3),
(1542, 72, 1, 'RESIDENCE MATHIEU ZACHE', 'SIT00038', 'BANGUI', '', 'RCA', '', NULL, '', NULL, NULL, NULL, 3),
(1543, 72, 1, 'MINUSCA  RESIDENCE PAKABOMBA SYLVESTRE', 'SIT00039', 'BANGUI', '', 'RCA', '', NULL, '', NULL, NULL, NULL, 3),
(1544, 72, 1, 'MINUSCA - BAYOU - RESIDENCE ZA?DA INNOCENT', 'SIT00040', 'BANGUI', '', 'RCA', '', NULL, '', NULL, NULL, NULL, 3),
(1545, 72, 1, 'MINUSCA - PINTADE 2 - KABERA ABEL', 'SIT00041', 'BANGUI', '', 'RCA', '', NULL, '', NULL, NULL, NULL, 3),
(1546, 72, 1, 'MINUSCA - SIERRA 3 - RESIDENCE SIA SAFOURA', 'SIT00042', 'BANGUI', '', 'RCA', '', NULL, '', NULL, NULL, NULL, 3),
(1547, 72, 1, 'SOCIETE ART 2', 'SIT00043', 'BANGUI', '', 'RCA', '', NULL, '', NULL, NULL, NULL, 3),
(1548, 72, 1, 'SOCIETE SIETRA', 'SIT00044', 'BANGUI', '', 'RCA', '', NULL, '', NULL, NULL, NULL, 3),
(1549, 72, 1, 'FAO-KATEPA KALALA PERPETUA', 'SIT00045', 'BANGUI', '', 'RCA', '', NULL, '', NULL, NULL, NULL, 3),
(1550, 72, 1, 'IMC 3 - ALASKA', 'SIT00046', 'BANGUI', '', 'RCA', '', NULL, '', NULL, NULL, NULL, 3),
(1551, 72, 1, 'MINUSCA - BASSANBAZA-PARISI', 'SIT00047', 'BANGUI', '', 'RCA', '', NULL, '', NULL, NULL, NULL, 3),
(1552, 72, 1, 'MINUSCA - DAKINI PALINFO', 'SIT00048', 'BANGUI', '', 'RCA', '', '', '', '1', '1', 0, 3),
(1553, 72, 1, 'MINUSCA - NOUKPO SENA', 'SIT00049', 'BANGUI', '', 'RCA', '', NULL, '', NULL, NULL, NULL, 3),
(1554, 72, 1, 'CAE - CENTRAFRIQUE EQUIPEMENT - RESIDENCE NOTOFE MAURICE', 'SIT00050', 'BANGUI', '', 'RCA', '', NULL, '', NULL, NULL, NULL, 3),
(1555, 72, 1, 'MINUSCA ATA', 'SIT00051', 'BANGUI', '', 'RCA', '', NULL, '', NULL, NULL, NULL, 3),
(1556, 73, 1, 'MINUSCA ADIZA', 'SIT00052', 'BANGUI', '', 'RCA', '', NULL, '', NULL, NULL, NULL, 3),
(1557, 73, 1, 'MINUSCA AKOUAVI', 'SIT00053', 'BANGUI', '', 'RCA', '', NULL, '', NULL, NULL, NULL, 3),
(1558, 73, 1, 'MINUSCA TETTEH EMMANUEL', 'SIT00054', 'BANGUI', '', 'RCA', '', NULL, '', NULL, NULL, NULL, 3),
(1559, 73, 1, 'MINUSCA CHEICK DIAYE', 'SIT00055', 'BANGUI', '', 'RCA', '', NULL, '', NULL, NULL, NULL, 3),
(1560, 73, 1, 'MINUSCA CISSE', 'SIT00056', 'BANGUI', '', 'RCA', '', NULL, '', NULL, NULL, NULL, 3),
(1561, 73, 1, 'MINUSCA DAMIEN SAFARI', 'SIT00057', 'BANGUI', '', 'RCA', '', NULL, '', NULL, NULL, NULL, 3),
(1562, 73, 1, 'MINUSCA DIA RAMATOULAYE', 'SIT00058', 'BANGUI', '', 'RCA', '', NULL, '', NULL, NULL, NULL, 3),
(1563, 73, 1, 'MINUSCA FATI-BOUREIMA', 'SIT00059', 'BANGUI', '', 'RCA', '', NULL, '', NULL, NULL, NULL, 3),
(1564, 73, 1, 'MINUSCA GUEDE', 'SIT00060', 'BANGUI', '', 'RCA', '', NULL, '', NULL, NULL, NULL, 3),
(1565, 73, 1, 'MINUSCA GUIDMA', 'SIT00061', 'BANGUI', '', 'RCA', '', NULL, '', NULL, NULL, NULL, 3),
(1566, 73, 1, 'MINUSCA IKEY', 'SIT00062', 'BANGUI', '', 'RCA', '', NULL, '', NULL, NULL, NULL, 3),
(1567, 73, 1, 'MINUSCA JACQUELINE', 'SIT00063', 'BANGUI', '', 'RCA', '', NULL, '', NULL, NULL, NULL, 3),
(1568, 73, 1, 'MINUSCA KANA MARCELIN', 'SIT00064', 'BANGUI', '', 'RCA', '', NULL, '', NULL, NULL, NULL, 3),
(1569, 73, 1, 'MINUSCA KONAN-CORIS 1', 'SIT00065', 'BANGUI', '', 'RCA', '', NULL, '', NULL, NULL, NULL, 3),
(1570, 73, 1, 'MINUSCA MANA VICTORINE', 'SIT00066', 'BANGUI', '', 'RCA', '', NULL, '', NULL, NULL, NULL, 3),
(1571, 73, 1, 'MINUSCA MOHAMED HASSANE', 'SIT00067', 'BANGUI', '', 'RCA', '', NULL, '', NULL, NULL, NULL, 3),
(1572, 73, 1, 'MINUSCA NOUHOU AMADOU', 'SIT00068', 'BANGUI', '', 'RCA', '', NULL, '', NULL, NULL, NULL, 3),
(1573, 73, 1, 'MINUSCA RASOA MARY', 'SIT00069', 'BANGUI', '', 'RCA', '', NULL, '', NULL, NULL, NULL, 3),
(1574, 73, 1, 'MINUSCA WANGA DEDE', 'SIT00070', 'BANGUI', '', 'RCA', '', NULL, '', NULL, NULL, NULL, 3),
(1575, 73, 1, 'MINUSCA MORSIS HAFEZ', 'SIT00071', 'BANGUI', '', 'RCA', '', NULL, '', NULL, NULL, NULL, 3),
(1576, 73, 1, 'MINUSCA PASQUEREAU', 'SIT00072', 'BANGUI', '', 'RCA', '', NULL, '', NULL, NULL, NULL, 3),
(1577, 73, 1, 'MINUSCA ZALLA LANDIO', 'SIT00073', 'BANGUI', '', 'RCA', '', NULL, '', NULL, NULL, NULL, 3),
(1578, 73, 1, 'PGRN', 'SIT00074', 'BANGUI', '', 'RCA', '', NULL, '', NULL, NULL, NULL, 3),
(1579, 73, 1, 'CITE ASECNA', 'SIT00075', 'BANGUI', '', 'RCA', '', NULL, '', NULL, NULL, NULL, 3),
(1580, 73, 1, 'IMC 2 - ALASKA', 'SIT00076', 'BANGUI', '', 'RCA', '', NULL, '', NULL, NULL, NULL, 3),
(1581, 73, 1, 'BERYL', 'SIT00077', 'BANGUI', '', 'RCA', '', NULL, '', NULL, NULL, NULL, 3),
(1583, 73, 1, 'MINUSCA SAMBOU TRAORE', 'SIT00079', 'BANGUI', '', 'RCA', '', NULL, '', NULL, NULL, NULL, 3),
(1584, 73, 1, 'RESIDENCE DAUPHIN ROYAL', 'SIT00080', 'BANGUI', '', 'RCA', '', NULL, '', NULL, NULL, NULL, 3),
(1585, 73, 1, 'RESIDENCE ENABEL', 'SIT00081', 'BANGUI', '', 'RCA', '', NULL, '', NULL, NULL, NULL, 3),
(1611, 0, 1, 'LIBELLE', 'CODE', 'VILLE', '', 'PAYS', '', NULL, '', NULL, NULL, NULL, 0),
(1614, 69, 1, 'MINUSCA IWH', 'SIT00003', 'BANGUI', '', 'RCA', '', NULL, '', NULL, NULL, NULL, 3),
(1615, 69, 1, 'MINUSCA MAMICA', 'SIT00004', 'BANGUI', '', 'RCA', '', NULL, '', NULL, NULL, NULL, 3),
(1616, 69, 1, 'MINUSCA HQ', 'SIT00005', 'BANGUI', '', 'RCA', '', NULL, '', NULL, NULL, NULL, 3),
(1621, 70, 1, 'ASCENA GARAGE', 'SIT00010', 'BANGUI', '', 'RCA', '', NULL, '', NULL, NULL, NULL, 3),
(1625, 70, 1, 'ASSECNA NORD GLED', 'SIT00014', 'BANGUI', '', 'RCA', '', NULL, '', NULL, NULL, NULL, 3),
(1629, 70, 1, 'ASECNA BALISE NORD PK18', 'SIT00018', 'BANGUI', '', 'RCA', '', NULL, '', NULL, NULL, NULL, 3),
(1650, 72, 1, 'MINUSCA  RESIDENCE PAKABOMBA SYLVESTRE', 'SIT00039', 'BANGUI', '', 'RCA', '', NULL, '', NULL, NULL, NULL, 3),
(1670, 73, 1, 'MINUSCA FATI-BOUREIMA', 'SIT00059', 'BANGUI', '', 'RCA', '', NULL, '', NULL, NULL, NULL, 3),
(1674, 73, 1, 'MINUSCA JACQUELINE', 'SIT00063', 'BANGUI', '', 'RCA', '', NULL, '', NULL, NULL, NULL, 3),
(1690, 73, 1, 'MINUSCA SAMBOU TRAORE', 'SIT00079', 'BANGUI', '', 'RCA', '', NULL, '', NULL, NULL, NULL, 3),
(1693, 74, 1, 'ANE 1', 'SIT00082', 'BANGUI', '', 'RCA', '', NULL, '', NULL, NULL, NULL, 3),
(1694, 74, 1, 'ANE 2', 'SIT00083', 'BANGUI', '', 'RCA', '', NULL, '', NULL, NULL, NULL, 3),
(1695, 74, 1, '3CG DIRECTION GENERAL', 'SIT00084', 'BANGUI', '', 'RCA', '', NULL, '', NULL, NULL, NULL, 3),
(1696, 74, 1, '3CG ENTREPOT 1', 'SIT00085', 'BANGUI', '', 'RCA', '', NULL, '', NULL, NULL, NULL, 3),
(1697, 74, 1, '3CG ENTREPOT 2 SOCATRAF', 'SIT00086', 'BANGUI', '', 'RCA', '', NULL, '', NULL, NULL, NULL, 3),
(1698, 74, 1, '3CG ENTREPOT 3 SOCATRAF', 'SIT00087', 'BANGUI', '', 'RCA', '', NULL, '', NULL, NULL, NULL, 3),
(1699, 74, 1, '3CG ETAGE', 'SIT00088', 'BANGUI', '', 'RCA', '', NULL, '', NULL, NULL, NULL, 3),
(1700, 74, 1, '3CG MAGASIN', 'SIT00089', 'BANGUI', '', 'RCA', '', NULL, '', NULL, NULL, NULL, 3),
(1701, 74, 1, '3CG SUPERMARCHE', 'SIT00090', 'BANGUI', '', 'RCA', '', NULL, '', NULL, NULL, NULL, 3),
(1702, 74, 1, 'MINUSCA - ABDOURAMANE DIARRA', 'SIT00091', 'BANGUI', '', 'RCA', '', NULL, '', NULL, NULL, NULL, 3),
(1703, 74, 1, 'RESTAU CHINOIS - DEXI ZENG', 'SIT00092', 'BANGUI', '', 'RCA', '', NULL, '', NULL, NULL, NULL, 3),
(1704, 74, 1, 'ASECNA BALISE POKO BAC', 'SIT00093', 'BANGUI', '', 'RCA', '', NULL, '', NULL, NULL, NULL, 3),
(1705, 74, 1, 'MINUSCA - RAYMOND JOHNSON', 'SIT00094', 'BANGUI', '', 'RCA', '', NULL, '', NULL, NULL, NULL, 3),
(1706, 74, 1, 'ONYE BUCHE', 'SIT00095', 'BANGUI', '', 'RCA', '', NULL, '', NULL, NULL, NULL, 3),
(1707, 74, 1, 'ZTE', 'SIT00096', 'BANGUI', '', 'RCA', '', NULL, '', NULL, NULL, NULL, 3),
(1708, 74, 1, 'BRASSERIE KISS', 'SIT00097', 'BANGUI', '', 'RCA', '', NULL, '', NULL, NULL, NULL, 3),
(1709, 74, 1, 'SOCIETE IPL', 'SIT00098', 'BANGUI', '', 'RCA', '', NULL, '', NULL, NULL, NULL, 3),
(1710, 74, 1, 'MINUSCA - MACUMI EPHRAIM', 'SIT00099', 'BANGUI', '', 'RCA', '', NULL, '', NULL, NULL, NULL, 3),
(1711, 74, 1, 'MINUSCA - SOMDA FLEUR', 'SIT00100', 'BANGUI', '', 'RCA', '', NULL, '', NULL, NULL, NULL, 3),
(1712, 74, 1, 'NKOUE MARIE MADELEINE', 'SIT00101', 'BANGUI', '', 'RCA', '', NULL, '', NULL, NULL, NULL, 3),
(1713, 74, 1, 'OMS BUREAU', 'SIT00102', 'BANGUI', '', 'RCA', '', NULL, '', NULL, NULL, NULL, 3),
(1714, 74, 1, 'OMS PARKING', 'SIT00103', 'BANGUI', '', 'RCA', '', NULL, '', NULL, NULL, NULL, 3),
(1715, 74, 1, 'OMS ENTREPOT', 'SIT00104', 'BANGUI', '', 'RCA', '', NULL, '', NULL, NULL, NULL, 3),
(1716, 74, 1, 'RES USAKA MAIDOU HERVE', 'SIT00105', 'BANGUI', '', 'RCA', '', NULL, '', NULL, NULL, NULL, 3),
(1717, 74, 1, 'RES MANDABA', 'SIT00106', 'BANGUI', '', 'RCA', '', NULL, '', NULL, NULL, NULL, 3);

-- --------------------------------------------------------

--
-- Structure de la table `prestation`
--

CREATE TABLE `prestation` (
  `id` bigint(20) NOT NULL,
  `code` varchar(100) DEFAULT NULL,
  `libelle` varchar(255) DEFAULT NULL,
  `prix` double DEFAULT NULL,
  `quantite` int(11) NOT NULL DEFAULT '1'
) ENGINE=InnoDB DEFAULT CHARSET=latin1;

--
-- Contenu de la table `prestation`
--

INSERT INTO `prestation` (`id`, `code`, `libelle`, `prix`, `quantite`) VALUES
(1, 'BBS00001', 'Gardienage vigile armé de jour', 110000, 1),
(2, 'BBS00002', 'Gardienage vigile armé de nuit', 120000, 1),
(3, 'BBS00003', 'Gardienage vigile non armé de jour', 85000, 1),
(4, 'BBS00004', 'Gardienage vigile non armé de nuit', 90000, 1),
(5, 'BBS00005', 'Intervention vigile armé de jour', 3667, 1),
(6, 'BBS00006', 'Intervention vigile non armé de nuit', 4000, 1);

-- --------------------------------------------------------

--
-- Structure de la table `province`
--

CREATE TABLE `province` (
  `id` bigint(11) NOT NULL,
  `libelle` varchar(255) NOT NULL
) ENGINE=InnoDB DEFAULT CHARSET=latin1;

--
-- Contenu de la table `province`
--

INSERT INTO `province` (`id`, `libelle`) VALUES
(1, 'BOUAR'),
(2, 'BIRAO'),
(3, 'BERBERATI'),
(5, 'BOSSANGOA'),
(6, 'BANGASSOU'),
(7, 'BANGASSOU'),
(8, 'OBO'),
(9, 'NDELE'),
(10, 'NDELE'),
(11, 'NDELE'),
(12, 'NDELE'),
(13, 'NDELE'),
(14, 'NDELE'),
(15, 'NDELE'),
(16, 'NDELE'),
(17, 'NDELE'),
(18, 'NDELE'),
(19, 'NDELE'),
(20, 'NDELE'),
(21, 'NDELE'),
(22, 'NDELE'),
(23, 'NDELE'),
(24, 'NDELE'),
(25, 'NDELE'),
(26, 'NDELE'),
(27, 'NDELE'),
(28, 'NDELE'),
(29, 'NDELE'),
(30, 'NDELE'),
(31, 'NDELE'),
(32, 'NDELE'),
(33, 'NDELE'),
(34, 'NDELE'),
(35, 'NDELE'),
(36, 'NDELE'),
(37, 'NDELE'),
(38, 'NDELE'),
(39, 'NDELE'),
(40, 'NDELE'),
(41, 'NDELE'),
(42, 'NDELE'),
(43, 'NDELE'),
(44, 'NDELE'),
(45, 'NDELE'),
(46, 'BIRAO'),
(47, 'BERBERATI'),
(48, 'PAOUA'),
(49, 'BANGASSOU'),
(50, 'KAGA-BANDORO'),
(51, 'BRIA'),
(52, 'BAMBARI');

-- --------------------------------------------------------

--
-- Structure de la table `typebordereau`
--

CREATE TABLE `typebordereau` (
  `id` bigint(20) NOT NULL,
  `code` varchar(100) NOT NULL,
  `libelle` varchar(255) NOT NULL
) ENGINE=InnoDB DEFAULT CHARSET=latin1;

-- --------------------------------------------------------

--
-- Structure de la table `typeequipement`
--

CREATE TABLE `typeequipement` (
  `id` bigint(20) NOT NULL,
  `code` varchar(100) NOT NULL,
  `libelle` varchar(255) NOT NULL
) ENGINE=InnoDB DEFAULT CHARSET=latin1;

--
-- Contenu de la table `typeequipement`
--

INSERT INTO `typeequipement` (`id`, `code`, `libelle`) VALUES
(1, 'PT001', 'PANTALON'),
(2, 'PL001', 'POLO'),
(3, 'CH001', 'CHEMISE'),
(4, 'ARP001', 'ARME / PA'),
(5, 'CN001', 'CHIEN DE GARDE'),
(6, 'SF001', 'SIFFLET'),
(7, 'MT001', 'MATRAQUE'),
(8, 'ML001', 'MELOTTE'),
(9, 'CR001', 'CORDELETTE'),
(10, 'GL001', 'GILET'),
(11, 'TC001', 'TORCHE'),
(12, 'LP001', 'LANCE PIERRE'),
(13, 'CT001', 'CEINTURE'),
(14, 'VL001', 'VEHICULE'),
(15, 'MT001', 'MOTO'),
(16, 'CH001', 'CHAUSSURE DE SECURITE'),
(17, 'AR00001', 'FUSIL DE CHASSE'),
(18, 'DT00001', 'DETECTEUR DE METAUX'),
(19, 'TN001', 'TENUE');

-- --------------------------------------------------------

--
-- Structure de la table `user_zone`
--

CREATE TABLE `user_zone` (
  `id` bigint(20) NOT NULL,
  `user` bigint(20) NOT NULL,
  `zone` bigint(20) NOT NULL
) ENGINE=InnoDB DEFAULT CHARSET=latin1;

-- --------------------------------------------------------

--
-- Structure de la table `ville`
--

CREATE TABLE `ville` (
  `id` bigint(11) NOT NULL,
  `libelle` varchar(255) NOT NULL
) ENGINE=InnoDB DEFAULT CHARSET=latin1;

--
-- Contenu de la table `ville`
--

INSERT INTO `ville` (`id`, `libelle`) VALUES
(5, 'AUTRES'),
(9, 'BANGUI'),
(10, 'BOUAR');

-- --------------------------------------------------------

--
-- Structure de la table `zone`
--

CREATE TABLE `zone` (
  `id` bigint(20) NOT NULL,
  `libelle` varchar(255) NOT NULL,
  `code` varchar(100) NOT NULL
) ENGINE=InnoDB DEFAULT CHARSET=latin1;

--
-- Contenu de la table `zone`
--

INSERT INTO `zone` (`id`, `libelle`, `code`) VALUES
(1, 'ZONE 3', 'Z003'),
(68, 'ZONE 0', 'Z000'),
(69, 'ZONE 1', 'Z001'),
(70, 'ZONE 2', 'Z002'),
(71, 'ZONE 4', 'Z004'),
(72, 'ZONE 5', 'Z005'),
(73, 'ZONE 6', 'Z006');

--
-- Index pour les tables exportées
--

--
-- Index pour la table `affectation`
--
ALTER TABLE `affectation`
  ADD PRIMARY KEY (`id`);

--
-- Index pour la table `affectation_agent`
--
ALTER TABLE `affectation_agent`
  ADD PRIMARY KEY (`id`),
  ADD KEY `affectation_affectation_fk` (`affectation`),
  ADD KEY `affectation_agent_fk` (`agent`);

--
-- Index pour la table `affectation_responsable`
--
ALTER TABLE `affectation_responsable`
  ADD PRIMARY KEY (`id`),
  ADD KEY `affectation_responsable_affectation_fk` (`affectation`),
  ADD KEY `affectation_responsable_agent_fk` (`agent`);

--
-- Index pour la table `affectation_site`
--
ALTER TABLE `affectation_site`
  ADD PRIMARY KEY (`id`),
  ADD KEY `affectation_affectationsite_fk` (`affectation`),
  ADD KEY `affectation_site_fk` (`site`);

--
-- Index pour la table `agent`
--
ALTER TABLE `agent`
  ADD PRIMARY KEY (`id`),
  ADD KEY `postegarde_agent_fk` (`postegarde`),
  ADD KEY `grade_agent_fk` (`grade`);

--
-- Index pour la table `approvisionnement`
--
ALTER TABLE `approvisionnement`
  ADD PRIMARY KEY (`id`);

--
-- Index pour la table `banque`
--
ALTER TABLE `banque`
  ADD PRIMARY KEY (`id`);

--
-- Index pour la table `client`
--
ALTER TABLE `client`
  ADD PRIMARY KEY (`id`);

--
-- Index pour la table `client_postegarde`
--
ALTER TABLE `client_postegarde`
  ADD PRIMARY KEY (`id`),
  ADD KEY `client_postegarde_client_fk` (`client`),
  ADD KEY `client_postegarde_postegarde_fk` (`postegarde`);

--
-- Index pour la table `client_prestation`
--
ALTER TABLE `client_prestation`
  ADD PRIMARY KEY (`id`),
  ADD KEY `client_prestation_client_fk` (`client`),
  ADD KEY `client_prestation_prestation_fk` (`prestation`);

--
-- Index pour la table `conge`
--
ALTER TABLE `conge`
  ADD PRIMARY KEY (`id`),
  ADD KEY `conge_agent_fk` (`agent`);

--
-- Index pour la table `demission`
--
ALTER TABLE `demission`
  ADD PRIMARY KEY (`id`),
  ADD KEY `demission_agent_fk` (`agent`);

--
-- Index pour la table `depot`
--
ALTER TABLE `depot`
  ADD PRIMARY KEY (`id`);

--
-- Index pour la table `depotequipement`
--
ALTER TABLE `depotequipement`
  ADD PRIMARY KEY (`id`),
  ADD KEY `depotequipement_depot_fk` (`depot`),
  ADD KEY `depotequipement_equipement_fk` (`equipement`);

--
-- Index pour la table `dotation`
--
ALTER TABLE `dotation`
  ADD PRIMARY KEY (`id`),
  ADD KEY `agent_dotation_fk` (`agent`);

--
-- Index pour la table `dotationequipement`
--
ALTER TABLE `dotationequipement`
  ADD PRIMARY KEY (`id`);

--
-- Index pour la table `dotationgroupee`
--
ALTER TABLE `dotationgroupee`
  ADD PRIMARY KEY (`id`),
  ADD KEY `site_dotationgroupee_fk` (`site`),
  ADD KEY `dotationgroupee_depot_fk` (`depot`);

--
-- Index pour la table `droit`
--
ALTER TABLE `droit`
  ADD PRIMARY KEY (`id`);

--
-- Index pour la table `droit_groupe`
--
ALTER TABLE `droit_groupe`
  ADD PRIMARY KEY (`id`),
  ADD KEY `droit_groupe_droit_fk` (`droit`),
  ADD KEY `droit_groupe_groupe_fk` (`groupe`);

--
-- Index pour la table `droit_user`
--
ALTER TABLE `droit_user`
  ADD PRIMARY KEY (`id`),
  ADD KEY `droit_user_droit_fk` (`droit`),
  ADD KEY `droit_user_user_fk` (`user`);

--
-- Index pour la table `equipement`
--
ALTER TABLE `equipement`
  ADD PRIMARY KEY (`id`),
  ADD KEY `typeequipement_equipement_fk` (`typeequipement`);

--
-- Index pour la table `facture`
--
ALTER TABLE `facture`
  ADD PRIMARY KEY (`id`),
  ADD UNIQUE KEY `numerofacture` (`numerofacture`);

--
-- Index pour la table `fournisseur`
--
ALTER TABLE `fournisseur`
  ADD PRIMARY KEY (`id`);

--
-- Index pour la table `grade`
--
ALTER TABLE `grade`
  ADD PRIMARY KEY (`id`);

--
-- Index pour la table `groupe`
--
ALTER TABLE `groupe`
  ADD PRIMARY KEY (`id`);

--
-- Index pour la table `inventaire`
--
ALTER TABLE `inventaire`
  ADD PRIMARY KEY (`id`);

--
-- Index pour la table `licenciement`
--
ALTER TABLE `licenciement`
  ADD PRIMARY KEY (`id`),
  ADD KEY `licenciement_agent_fk` (`agent`);

--
-- Index pour la table `ligneapprovisionnement`
--
ALTER TABLE `ligneapprovisionnement`
  ADD PRIMARY KEY (`id`),
  ADD KEY `ligneapprovisionnement_equipement_fk` (`idarticle`),
  ADD KEY `ligneapprovisionnement_approvisionnement_fk` (`approvisionnement`);

--
-- Index pour la table `lignedotationgroupee`
--
ALTER TABLE `lignedotationgroupee`
  ADD PRIMARY KEY (`id`),
  ADD KEY `lignedotationgroupee_dotation_fk` (`dotation`),
  ADD KEY `lignedotationgroupee_equipement_fk` (`idarticle`);

--
-- Index pour la table `ligneinventaire`
--
ALTER TABLE `ligneinventaire`
  ADD PRIMARY KEY (`id`);

--
-- Index pour la table `lignemouvementinterdepot`
--
ALTER TABLE `lignemouvementinterdepot`
  ADD PRIMARY KEY (`id`),
  ADD KEY `lignemouvementinterdepot_equipement_fk` (`idarticle`),
  ADD KEY `lignemouvementinterdepot_mouvementinterdepot_fk` (`mouvementinterdepot`);

--
-- Index pour la table `mouvementinterdepot`
--
ALTER TABLE `mouvementinterdepot`
  ADD PRIMARY KEY (`id`);

--
-- Index pour la table `numeroautogenere`
--
ALTER TABLE `numeroautogenere`
  ADD PRIMARY KEY (`id`) USING BTREE;

--
-- Index pour la table `numerofacture`
--
ALTER TABLE `numerofacture`
  ADD PRIMARY KEY (`id`);

--
-- Index pour la table `paiement`
--
ALTER TABLE `paiement`
  ADD PRIMARY KEY (`id`);

--
-- Index pour la table `pointage`
--
ALTER TABLE `pointage`
  ADD PRIMARY KEY (`id`),
  ADD KEY `pointage_agent_fk` (`agent`);

--
-- Index pour la table `postegarde`
--
ALTER TABLE `postegarde`
  ADD PRIMARY KEY (`id`),
  ADD KEY `zone_postegarde_fk` (`zone`);

--
-- Index pour la table `prestation`
--
ALTER TABLE `prestation`
  ADD PRIMARY KEY (`id`);

--
-- Index pour la table `province`
--
ALTER TABLE `province`
  ADD PRIMARY KEY (`id`);

--
-- Index pour la table `typebordereau`
--
ALTER TABLE `typebordereau`
  ADD PRIMARY KEY (`id`);

--
-- Index pour la table `typeequipement`
--
ALTER TABLE `typeequipement`
  ADD PRIMARY KEY (`id`);

--
-- Index pour la table `user_zone`
--
ALTER TABLE `user_zone`
  ADD PRIMARY KEY (`id`),
  ADD KEY `user_zone_user_fk` (`user`),
  ADD KEY `user_zone_zone_fk` (`zone`);

--
-- Index pour la table `ville`
--
ALTER TABLE `ville`
  ADD PRIMARY KEY (`id`);

--
-- Index pour la table `zone`
--
ALTER TABLE `zone`
  ADD PRIMARY KEY (`id`);

--
-- AUTO_INCREMENT pour les tables exportées
--

--
-- AUTO_INCREMENT pour la table `affectation`
--
ALTER TABLE `affectation`
  MODIFY `id` bigint(20) NOT NULL AUTO_INCREMENT;
--
-- AUTO_INCREMENT pour la table `affectation_agent`
--
ALTER TABLE `affectation_agent`
  MODIFY `id` bigint(20) NOT NULL AUTO_INCREMENT;
--
-- AUTO_INCREMENT pour la table `affectation_responsable`
--
ALTER TABLE `affectation_responsable`
  MODIFY `id` bigint(20) NOT NULL AUTO_INCREMENT;
--
-- AUTO_INCREMENT pour la table `affectation_site`
--
ALTER TABLE `affectation_site`
  MODIFY `id` bigint(20) NOT NULL AUTO_INCREMENT;
--
-- AUTO_INCREMENT pour la table `agent`
--
ALTER TABLE `agent`
  MODIFY `id` bigint(20) NOT NULL AUTO_INCREMENT, AUTO_INCREMENT=3917;
--
-- AUTO_INCREMENT pour la table `approvisionnement`
--
ALTER TABLE `approvisionnement`
  MODIFY `id` bigint(11) NOT NULL AUTO_INCREMENT, AUTO_INCREMENT=22;
--
-- AUTO_INCREMENT pour la table `banque`
--
ALTER TABLE `banque`
  MODIFY `id` bigint(11) NOT NULL AUTO_INCREMENT, AUTO_INCREMENT=18;
--
-- AUTO_INCREMENT pour la table `client`
--
ALTER TABLE `client`
  MODIFY `id` bigint(20) NOT NULL AUTO_INCREMENT, AUTO_INCREMENT=19;
--
-- AUTO_INCREMENT pour la table `client_postegarde`
--
ALTER TABLE `client_postegarde`
  MODIFY `id` bigint(20) NOT NULL AUTO_INCREMENT, AUTO_INCREMENT=3;
--
-- AUTO_INCREMENT pour la table `client_prestation`
--
ALTER TABLE `client_prestation`
  MODIFY `id` bigint(20) NOT NULL AUTO_INCREMENT, AUTO_INCREMENT=23;
--
-- AUTO_INCREMENT pour la table `conge`
--
ALTER TABLE `conge`
  MODIFY `id` bigint(20) NOT NULL AUTO_INCREMENT;
--
-- AUTO_INCREMENT pour la table `demission`
--
ALTER TABLE `demission`
  MODIFY `id` bigint(20) NOT NULL AUTO_INCREMENT;
--
-- AUTO_INCREMENT pour la table `depot`
--
ALTER TABLE `depot`
  MODIFY `id` bigint(11) NOT NULL AUTO_INCREMENT, AUTO_INCREMENT=2;
--
-- AUTO_INCREMENT pour la table `depotequipement`
--
ALTER TABLE `depotequipement`
  MODIFY `id` bigint(20) NOT NULL AUTO_INCREMENT, AUTO_INCREMENT=17;
--
-- AUTO_INCREMENT pour la table `dotation`
--
ALTER TABLE `dotation`
  MODIFY `id` bigint(20) NOT NULL AUTO_INCREMENT, AUTO_INCREMENT=2;
--
-- AUTO_INCREMENT pour la table `dotationequipement`
--
ALTER TABLE `dotationequipement`
  MODIFY `id` bigint(20) NOT NULL AUTO_INCREMENT, AUTO_INCREMENT=5;
--
-- AUTO_INCREMENT pour la table `dotationgroupee`
--
ALTER TABLE `dotationgroupee`
  MODIFY `id` bigint(20) NOT NULL AUTO_INCREMENT;
--
-- AUTO_INCREMENT pour la table `droit`
--
ALTER TABLE `droit`
  MODIFY `id` bigint(20) NOT NULL AUTO_INCREMENT, AUTO_INCREMENT=13;
--
-- AUTO_INCREMENT pour la table `droit_groupe`
--
ALTER TABLE `droit_groupe`
  MODIFY `id` bigint(20) NOT NULL AUTO_INCREMENT, AUTO_INCREMENT=4;
--
-- AUTO_INCREMENT pour la table `droit_user`
--
ALTER TABLE `droit_user`
  MODIFY `id` bigint(20) NOT NULL AUTO_INCREMENT, AUTO_INCREMENT=13;
--
-- AUTO_INCREMENT pour la table `equipement`
--
ALTER TABLE `equipement`
  MODIFY `id` bigint(20) NOT NULL AUTO_INCREMENT, AUTO_INCREMENT=47;
--
-- AUTO_INCREMENT pour la table `facture`
--
ALTER TABLE `facture`
  MODIFY `id` bigint(20) NOT NULL AUTO_INCREMENT, AUTO_INCREMENT=2;
--
-- AUTO_INCREMENT pour la table `fournisseur`
--
ALTER TABLE `fournisseur`
  MODIFY `id` bigint(11) NOT NULL AUTO_INCREMENT, AUTO_INCREMENT=2;
--
-- AUTO_INCREMENT pour la table `grade`
--
ALTER TABLE `grade`
  MODIFY `id` bigint(20) NOT NULL AUTO_INCREMENT, AUTO_INCREMENT=4;
--
-- AUTO_INCREMENT pour la table `groupe`
--
ALTER TABLE `groupe`
  MODIFY `id` bigint(20) NOT NULL AUTO_INCREMENT, AUTO_INCREMENT=3;
--
-- AUTO_INCREMENT pour la table `inventaire`
--
ALTER TABLE `inventaire`
  MODIFY `id` bigint(20) NOT NULL AUTO_INCREMENT;
--
-- AUTO_INCREMENT pour la table `licenciement`
--
ALTER TABLE `licenciement`
  MODIFY `id` bigint(20) NOT NULL AUTO_INCREMENT;
--
-- AUTO_INCREMENT pour la table `ligneapprovisionnement`
--
ALTER TABLE `ligneapprovisionnement`
  MODIFY `id` bigint(11) NOT NULL AUTO_INCREMENT, AUTO_INCREMENT=17;
--
-- AUTO_INCREMENT pour la table `lignedotationgroupee`
--
ALTER TABLE `lignedotationgroupee`
  MODIFY `id` bigint(11) NOT NULL AUTO_INCREMENT;
--
-- AUTO_INCREMENT pour la table `ligneinventaire`
--
ALTER TABLE `ligneinventaire`
  MODIFY `id` bigint(20) NOT NULL AUTO_INCREMENT;
--
-- AUTO_INCREMENT pour la table `lignemouvementinterdepot`
--
ALTER TABLE `lignemouvementinterdepot`
  MODIFY `id` bigint(11) NOT NULL AUTO_INCREMENT;
--
-- AUTO_INCREMENT pour la table `mouvementinterdepot`
--
ALTER TABLE `mouvementinterdepot`
  MODIFY `id` bigint(20) NOT NULL AUTO_INCREMENT;
--
-- AUTO_INCREMENT pour la table `numerofacture`
--
ALTER TABLE `numerofacture`
  MODIFY `id` bigint(20) NOT NULL AUTO_INCREMENT;
--
-- AUTO_INCREMENT pour la table `paiement`
--
ALTER TABLE `paiement`
  MODIFY `id` bigint(20) NOT NULL AUTO_INCREMENT;
--
-- AUTO_INCREMENT pour la table `pointage`
--
ALTER TABLE `pointage`
  MODIFY `id` bigint(20) NOT NULL AUTO_INCREMENT, AUTO_INCREMENT=57;
--
-- AUTO_INCREMENT pour la table `postegarde`
--
ALTER TABLE `postegarde`
  MODIFY `id` bigint(20) NOT NULL AUTO_INCREMENT, AUTO_INCREMENT=1718;
--
-- AUTO_INCREMENT pour la table `prestation`
--
ALTER TABLE `prestation`
  MODIFY `id` bigint(20) NOT NULL AUTO_INCREMENT, AUTO_INCREMENT=7;
--
-- AUTO_INCREMENT pour la table `province`
--
ALTER TABLE `province`
  MODIFY `id` bigint(11) NOT NULL AUTO_INCREMENT, AUTO_INCREMENT=53;
--
-- AUTO_INCREMENT pour la table `typebordereau`
--
ALTER TABLE `typebordereau`
  MODIFY `id` bigint(20) NOT NULL AUTO_INCREMENT;
--
-- AUTO_INCREMENT pour la table `typeequipement`
--
ALTER TABLE `typeequipement`
  MODIFY `id` bigint(20) NOT NULL AUTO_INCREMENT, AUTO_INCREMENT=20;
--
-- AUTO_INCREMENT pour la table `user_zone`
--
ALTER TABLE `user_zone`
  MODIFY `id` bigint(20) NOT NULL AUTO_INCREMENT;
--
-- AUTO_INCREMENT pour la table `ville`
--
ALTER TABLE `ville`
  MODIFY `id` bigint(11) NOT NULL AUTO_INCREMENT, AUTO_INCREMENT=11;
--
-- AUTO_INCREMENT pour la table `zone`
--
ALTER TABLE `zone`
  MODIFY `id` bigint(20) NOT NULL AUTO_INCREMENT, AUTO_INCREMENT=74;
--
-- Contraintes pour les tables exportées
--

--
-- Contraintes pour la table `affectation_agent`
--
ALTER TABLE `affectation_agent`
  ADD CONSTRAINT `affectation_affectation_fk` FOREIGN KEY (`affectation`) REFERENCES `affectation` (`id`) ON DELETE NO ACTION ON UPDATE NO ACTION,
  ADD CONSTRAINT `affectation_agent_fk` FOREIGN KEY (`agent`) REFERENCES `agent` (`id`) ON DELETE NO ACTION ON UPDATE NO ACTION;

--
-- Contraintes pour la table `affectation_responsable`
--
ALTER TABLE `affectation_responsable`
  ADD CONSTRAINT `affectation_responsable_affectation_fk` FOREIGN KEY (`affectation`) REFERENCES `affectation` (`id`) ON DELETE NO ACTION ON UPDATE NO ACTION,
  ADD CONSTRAINT `affectation_responsable_agent_fk` FOREIGN KEY (`agent`) REFERENCES `agent` (`id`) ON DELETE NO ACTION ON UPDATE NO ACTION;

--
-- Contraintes pour la table `affectation_site`
--
ALTER TABLE `affectation_site`
  ADD CONSTRAINT `affectation_affectationsite_fk` FOREIGN KEY (`affectation`) REFERENCES `affectation` (`id`) ON DELETE NO ACTION ON UPDATE NO ACTION,
  ADD CONSTRAINT `affectation_site_fk` FOREIGN KEY (`site`) REFERENCES `postegarde` (`id`) ON DELETE NO ACTION ON UPDATE NO ACTION;

--
-- Contraintes pour la table `agent`
--
ALTER TABLE `agent`
  ADD CONSTRAINT `grade_agent_fk` FOREIGN KEY (`grade`) REFERENCES `grade` (`id`) ON DELETE NO ACTION ON UPDATE NO ACTION,
  ADD CONSTRAINT `postegarde_agent_fk` FOREIGN KEY (`postegarde`) REFERENCES `postegarde` (`id`) ON DELETE NO ACTION ON UPDATE NO ACTION;

--
-- Contraintes pour la table `client_postegarde`
--
ALTER TABLE `client_postegarde`
  ADD CONSTRAINT `client_postegarde_client_fk` FOREIGN KEY (`client`) REFERENCES `client` (`id`) ON DELETE NO ACTION ON UPDATE NO ACTION,
  ADD CONSTRAINT `client_postegarde_postegarde_fk` FOREIGN KEY (`postegarde`) REFERENCES `postegarde` (`id`) ON DELETE NO ACTION ON UPDATE NO ACTION;

--
-- Contraintes pour la table `client_prestation`
--
ALTER TABLE `client_prestation`
  ADD CONSTRAINT `client_prestation_client_fk` FOREIGN KEY (`client`) REFERENCES `client` (`id`) ON DELETE NO ACTION ON UPDATE NO ACTION,
  ADD CONSTRAINT `client_prestation_prestation_fk` FOREIGN KEY (`prestation`) REFERENCES `prestation` (`id`) ON DELETE NO ACTION ON UPDATE NO ACTION;

--
-- Contraintes pour la table `conge`
--
ALTER TABLE `conge`
  ADD CONSTRAINT `conge_agent_fk` FOREIGN KEY (`agent`) REFERENCES `agent` (`id`) ON DELETE NO ACTION ON UPDATE NO ACTION;

--
-- Contraintes pour la table `demission`
--
ALTER TABLE `demission`
  ADD CONSTRAINT `demission_agent_fk` FOREIGN KEY (`agent`) REFERENCES `agent` (`id`) ON DELETE NO ACTION ON UPDATE NO ACTION;

--
-- Contraintes pour la table `depotequipement`
--
ALTER TABLE `depotequipement`
  ADD CONSTRAINT `depotequipement_depot_fk` FOREIGN KEY (`depot`) REFERENCES `depot` (`id`) ON DELETE NO ACTION ON UPDATE NO ACTION,
  ADD CONSTRAINT `depotequipement_equipement_fk` FOREIGN KEY (`equipement`) REFERENCES `equipement` (`id`) ON DELETE NO ACTION ON UPDATE NO ACTION;

--
-- Contraintes pour la table `dotation`
--
ALTER TABLE `dotation`
  ADD CONSTRAINT `agent_dotation_fk` FOREIGN KEY (`agent`) REFERENCES `agent` (`id`) ON DELETE NO ACTION ON UPDATE NO ACTION;

--
-- Contraintes pour la table `dotationgroupee`
--
ALTER TABLE `dotationgroupee`
  ADD CONSTRAINT `dotationgroupee_depot_fk` FOREIGN KEY (`depot`) REFERENCES `depot` (`id`) ON DELETE NO ACTION ON UPDATE NO ACTION,
  ADD CONSTRAINT `site_dotationgroupee_fk` FOREIGN KEY (`site`) REFERENCES `postegarde` (`id`) ON DELETE NO ACTION ON UPDATE NO ACTION;

--
-- Contraintes pour la table `droit_groupe`
--
ALTER TABLE `droit_groupe`
  ADD CONSTRAINT `droit_groupe_droit_fk` FOREIGN KEY (`droit`) REFERENCES `droit` (`id`) ON DELETE NO ACTION ON UPDATE NO ACTION,
  ADD CONSTRAINT `droit_groupe_groupe_fk` FOREIGN KEY (`groupe`) REFERENCES `groupe` (`id`) ON DELETE NO ACTION ON UPDATE NO ACTION;

--
-- Contraintes pour la table `droit_user`
--
ALTER TABLE `droit_user`
  ADD CONSTRAINT `droit_user_droit_fk` FOREIGN KEY (`droit`) REFERENCES `droit` (`id`) ON DELETE NO ACTION ON UPDATE NO ACTION,
  ADD CONSTRAINT `droit_user_user_fk` FOREIGN KEY (`user`) REFERENCES `user` (`id`) ON DELETE NO ACTION ON UPDATE NO ACTION;

--
-- Contraintes pour la table `equipement`
--
ALTER TABLE `equipement`
  ADD CONSTRAINT `typeequipement_equipement_fk` FOREIGN KEY (`typeequipement`) REFERENCES `typeequipement` (`id`) ON DELETE NO ACTION ON UPDATE NO ACTION;

--
-- Contraintes pour la table `licenciement`
--
ALTER TABLE `licenciement`
  ADD CONSTRAINT `licenciement_agent_fk` FOREIGN KEY (`agent`) REFERENCES `agent` (`id`) ON DELETE NO ACTION ON UPDATE NO ACTION;

--
-- Contraintes pour la table `ligneapprovisionnement`
--
ALTER TABLE `ligneapprovisionnement`
  ADD CONSTRAINT `ligneapprovisionnement_approvisionnement_fk` FOREIGN KEY (`approvisionnement`) REFERENCES `approvisionnement` (`id`) ON DELETE NO ACTION ON UPDATE NO ACTION,
  ADD CONSTRAINT `ligneapprovisionnement_equipement_fk` FOREIGN KEY (`idarticle`) REFERENCES `equipement` (`id`) ON DELETE NO ACTION ON UPDATE NO ACTION;

--
-- Contraintes pour la table `lignedotationgroupee`
--
ALTER TABLE `lignedotationgroupee`
  ADD CONSTRAINT `lignedotationgroupee_dotation_fk` FOREIGN KEY (`dotation`) REFERENCES `dotationgroupee` (`id`) ON DELETE NO ACTION ON UPDATE NO ACTION,
  ADD CONSTRAINT `lignedotationgroupee_equipement_fk` FOREIGN KEY (`idarticle`) REFERENCES `equipement` (`id`) ON DELETE NO ACTION ON UPDATE NO ACTION;

--
-- Contraintes pour la table `pointage`
--
ALTER TABLE `pointage`
  ADD CONSTRAINT `pointage_agent_fk` FOREIGN KEY (`agent`) REFERENCES `agent` (`id`) ON DELETE NO ACTION ON UPDATE NO ACTION;

--
-- Contraintes pour la table `postegarde`
--
ALTER TABLE `postegarde`
  ADD CONSTRAINT `zone_postegarde_fk` FOREIGN KEY (`zone`) REFERENCES `zone` (`id`) ON DELETE NO ACTION ON UPDATE NO ACTION;

--
-- Contraintes pour la table `user_zone`
--
ALTER TABLE `user_zone`
  ADD CONSTRAINT `user_zone_user_fk` FOREIGN KEY (`user`) REFERENCES `user` (`id`) ON DELETE NO ACTION ON UPDATE NO ACTION,
  ADD CONSTRAINT `user_zone_zone_fk` FOREIGN KEY (`zone`) REFERENCES `zone` (`id`) ON DELETE NO ACTION ON UPDATE NO ACTION;

